-- https://www.phpmyadmin.net/
--

START TRANSACTION;



--
-- Database: `newinsta_instadeal`
--

-- --------------------------------------------------------

--
-- Table structure for table `arrivals`
--

CREATE TABLE `arrivals` (
  `id` int(10) UNSIGNED NOT NULL,
  `from` date DEFAULT NULL,
  `avalibale` tinyint(1) NOT NULL DEFAULT '1',
  `user_id` int(10) UNSIGNED NOT NULL,
  `shippingCompanyId` int(10) UNSIGNED DEFAULT NULL,
  `country_id` int(10) UNSIGNED DEFAULT NULL,
  `government_id` int(10) UNSIGNED DEFAULT NULL,
  `region_id` int(10) UNSIGNED DEFAULT NULL,
  `created_at` timestamp NULL DEFAULT NULL,
  `updated_at` timestamp NULL DEFAULT NULL,
  `price` double(8,2) DEFAULT NULL,
  `cash_delivery_commission` double(8,2) DEFAULT '0.00',
  `company_id` int(10) UNSIGNED DEFAULT NULL,
  `shipping_type_id` int(10) UNSIGNED DEFAULT NULL
) ENGINE=InnoDB DEFAULT CHARSET=utf8mb4 COLLATE=utf8mb4_unicode_ci;

--
-- Dumping data for table `arrivals`
--

INSERT INTO `arrivals` (`id`, `from`, `avalibale`, `user_id`, `shippingCompanyId`, `country_id`, `government_id`, `region_id`, `created_at`, `updated_at`, `price`, `cash_delivery_commission`, `company_id`, `shipping_type_id`) VALUES
(25, '2020-11-25', 1, 1, NULL, NULL, NULL, NULL, '2020-08-29 16:08:51', '2020-11-15 14:35:32', NULL, NULL, NULL, 3),
(26, '2020-11-25', 1, 1, NULL, NULL, NULL, NULL, '2020-08-29 16:09:27', '2020-11-15 14:35:18', NULL, NULL, NULL, 4),
(27, '2020-11-24', 1, 1, NULL, NULL, NULL, NULL, '2020-08-29 16:09:44', '2020-11-15 14:34:44', NULL, NULL, NULL, 3),
(29, '2020-11-23', 1, 1, NULL, NULL, NULL, NULL, '2020-08-29 16:10:43', '2020-11-15 14:34:06', NULL, NULL, NULL, 4),
(30, '2020-11-24', 1, 1, NULL, NULL, NULL, NULL, '2020-08-29 16:10:57', '2020-11-15 14:35:47', NULL, NULL, NULL, 4),
(31, '2020-11-21', 1, 1, NULL, NULL, NULL, NULL, '2020-08-29 16:11:26', '2020-11-15 14:32:47', NULL, NULL, NULL, 4),
(32, '2020-11-21', 1, 1, NULL, NULL, NULL, NULL, '2020-08-29 16:11:36', '2020-11-15 14:24:29', NULL, NULL, NULL, 3),
(33, '2020-11-20', 1, 1, NULL, NULL, NULL, NULL, '2020-08-29 16:11:53', '2020-11-15 14:24:19', NULL, NULL, NULL, 3),
(34, '2020-11-19', 1, 1, NULL, NULL, NULL, NULL, '2020-08-29 16:12:07', '2020-11-15 14:23:41', NULL, NULL, NULL, 3),
(35, '2020-11-16', 1, 1, NULL, NULL, NULL, NULL, '2020-08-29 16:12:21', '2020-11-15 10:05:20', NULL, NULL, NULL, 3),
(36, '2020-10-17', 1, 23, NULL, NULL, NULL, NULL, '2020-08-29 16:12:35', '2020-10-04 18:12:35', NULL, NULL, NULL, 3),
(37, '2020-10-15', 1, 23, NULL, NULL, NULL, NULL, '2020-08-29 16:13:38', '2020-10-04 18:10:09', NULL, NULL, NULL, 3),
(38, '2020-11-17', 1, 1, NULL, NULL, NULL, NULL, '2020-08-29 16:16:02', '2020-11-15 14:22:17', NULL, NULL, NULL, 3),
(39, '2020-11-20', 1, 1, NULL, NULL, NULL, NULL, '2020-08-29 17:32:46', '2020-11-15 14:24:09', NULL, NULL, NULL, 4),
(40, '2020-11-15', 1, 1, NULL, NULL, NULL, NULL, '2020-09-03 08:51:24', '2020-11-08 13:25:15', NULL, NULL, NULL, 3),
(41, '2020-11-15', 1, 1, NULL, NULL, NULL, NULL, '2020-09-03 08:51:54', '2020-11-08 13:25:00', NULL, NULL, NULL, 4),
(42, '2020-11-23', 1, 1, NULL, NULL, NULL, NULL, '2020-09-03 09:16:06', '2020-11-15 14:34:18', NULL, NULL, NULL, 3),
(44, '2020-10-26', 1, 23, NULL, NULL, NULL, NULL, '2020-09-03 09:16:19', '2020-10-04 18:26:30', NULL, NULL, NULL, 4),
(46, '2020-10-16', 1, 23, NULL, NULL, NULL, NULL, '2020-09-03 09:16:35', '2020-10-04 18:11:22', NULL, NULL, NULL, 4),
(47, '2020-11-22', 1, 1, NULL, NULL, NULL, NULL, '2020-09-03 09:16:42', '2020-11-15 14:33:44', NULL, NULL, NULL, 3),
(48, '2020-11-22', 1, 1, NULL, NULL, NULL, NULL, '2020-09-03 09:16:49', '2020-11-15 14:32:58', NULL, NULL, NULL, 4),
(49, '2020-10-26', 1, 23, NULL, NULL, NULL, NULL, '2020-09-03 09:16:56', '2020-10-04 18:27:05', NULL, NULL, NULL, 3),
(50, '2020-11-19', 1, 1, NULL, NULL, NULL, NULL, '2020-09-03 09:17:05', '2020-11-15 14:23:28', NULL, NULL, NULL, 4),
(51, '2020-10-25', 1, 23, NULL, NULL, NULL, NULL, '2020-09-03 09:17:11', '2020-10-04 18:27:01', NULL, NULL, NULL, 3),
(52, '2020-11-16', 1, 1, NULL, NULL, NULL, NULL, '2020-09-03 09:17:19', '2020-11-15 10:04:58', NULL, NULL, NULL, 4),
(53, '2020-10-15', 1, 23, NULL, NULL, NULL, NULL, '2020-09-03 09:17:29', '2020-10-04 18:10:04', NULL, NULL, NULL, 4),
(54, '2020-11-17', 1, 1, NULL, NULL, NULL, NULL, '2020-09-03 09:17:39', '2020-11-15 14:21:50', NULL, NULL, NULL, 4),
(55, '2020-10-17', 1, 23, NULL, NULL, NULL, NULL, '2020-09-03 09:17:47', '2020-10-04 18:17:02', NULL, NULL, NULL, 3),
(56, '2020-11-18', 1, 1, NULL, NULL, NULL, NULL, '2020-09-03 09:17:57', '2020-11-15 14:22:41', NULL, NULL, NULL, 4),
(57, '2020-11-18', 1, 1, NULL, NULL, NULL, NULL, '2020-09-03 09:18:16', '2020-11-15 14:22:29', NULL, NULL, NULL, 3),
(58, '2020-10-20', 1, 23, NULL, NULL, NULL, NULL, '2020-09-03 09:18:30', '2020-10-04 18:21:24', NULL, NULL, NULL, 3),
(59, '2020-10-20', 1, 23, NULL, NULL, NULL, NULL, '2020-09-03 09:18:41', '2020-10-04 18:14:25', NULL, NULL, NULL, 4),
(60, '2020-10-21', 1, 23, NULL, NULL, NULL, NULL, '2020-09-03 09:19:05', '2020-10-04 18:21:28', NULL, NULL, NULL, 3),
(61, '2020-10-21', 1, 23, NULL, NULL, NULL, NULL, '2020-09-03 09:19:12', '2020-10-04 18:14:53', NULL, NULL, NULL, 4),
(62, '2020-10-22', 1, 23, NULL, NULL, NULL, NULL, '2020-09-03 09:19:19', '2020-10-04 18:21:32', NULL, NULL, NULL, 3),
(63, '2020-10-22', 1, 23, NULL, NULL, NULL, NULL, '2020-09-03 09:19:27', '2020-10-04 18:15:21', NULL, NULL, NULL, 4),
(64, '2020-10-23', 1, 23, NULL, NULL, NULL, NULL, '2020-09-03 09:19:37', '2020-10-04 18:21:35', NULL, NULL, NULL, 3),
(65, '2020-10-23', 1, 23, NULL, NULL, NULL, NULL, '2020-09-03 09:20:00', '2020-10-04 18:15:58', NULL, NULL, NULL, 4),
(66, '2020-10-24', 1, 23, NULL, NULL, NULL, NULL, '2020-09-03 09:20:24', '2020-10-04 18:21:39', NULL, NULL, NULL, 3),
(67, '2020-10-24', 1, 23, NULL, NULL, NULL, NULL, '2020-09-03 09:20:30', '2020-10-04 18:16:30', NULL, NULL, NULL, 4),
(68, '2020-10-25', 1, 23, NULL, NULL, NULL, NULL, '2020-09-03 09:20:36', '2020-10-04 18:26:03', NULL, NULL, NULL, 4),
(69, '2020-10-27', 1, 23, NULL, NULL, NULL, NULL, '2020-10-04 18:27:56', '2020-10-04 18:27:56', NULL, NULL, NULL, 3),
(70, '2020-10-27', 1, 23, NULL, NULL, NULL, NULL, '2020-10-04 18:28:07', '2020-10-04 18:28:07', NULL, NULL, NULL, 4),
(71, '2020-10-28', 1, 23, NULL, NULL, NULL, NULL, '2020-10-04 18:28:55', '2020-10-04 18:28:55', NULL, NULL, NULL, 3),
(72, '2020-10-28', 1, 23, NULL, NULL, NULL, NULL, '2020-10-04 18:29:05', '2020-10-04 18:29:05', NULL, NULL, NULL, 4),
(73, '2020-10-29', 1, 23, NULL, NULL, NULL, NULL, '2020-10-04 18:29:15', '2020-10-04 18:29:15', NULL, NULL, NULL, 3),
(74, '2020-10-29', 1, 23, NULL, NULL, NULL, NULL, '2020-10-04 18:29:25', '2020-10-04 18:29:25', NULL, NULL, NULL, 4),
(75, '2020-11-30', 1, 1, NULL, NULL, NULL, NULL, '2020-10-04 18:29:32', '2020-11-15 15:03:05', NULL, NULL, NULL, 3),
(76, '2020-11-30', 1, 1, NULL, NULL, NULL, NULL, '2020-10-04 18:29:41', '2020-11-15 15:03:17', NULL, NULL, NULL, 4),
(77, '2020-11-29', 1, 1, NULL, NULL, NULL, NULL, '2020-10-04 18:29:50', '2020-11-15 15:02:47', NULL, NULL, NULL, 3),
(78, '2020-11-29', 1, 1, NULL, NULL, NULL, NULL, '2020-10-04 18:30:00', '2020-11-15 15:02:37', NULL, NULL, NULL, 4),
(79, '2020-11-28', 1, 1, NULL, NULL, NULL, NULL, '2020-11-03 09:13:09', '2020-11-15 14:52:47', NULL, NULL, NULL, 3),
(80, '2020-11-28', 1, 1, NULL, NULL, NULL, NULL, '2020-11-03 09:13:19', '2020-11-15 14:52:58', NULL, NULL, NULL, 4),
(81, '2020-11-27', 1, 1, NULL, NULL, NULL, NULL, '2020-11-03 09:13:26', '2020-11-15 14:36:49', NULL, NULL, NULL, 3),
(82, '2020-11-26', 1, 1, NULL, NULL, NULL, NULL, '2020-11-03 09:13:34', '2020-11-15 14:37:06', NULL, NULL, NULL, 4),
(83, '2020-11-26', 1, 1, NULL, NULL, NULL, NULL, '2020-11-03 09:22:57', '2020-11-15 14:36:26', NULL, NULL, NULL, 3),
(84, '2020-11-27', 1, 1, NULL, NULL, NULL, NULL, '2020-11-03 09:23:11', '2020-11-15 14:37:24', NULL, NULL, NULL, 4);

-- --------------------------------------------------------

--
-- Table structure for table `arrival_prices`
--

CREATE TABLE `arrival_prices` (
  `id` bigint(20) UNSIGNED NOT NULL,
  `region_id` int(11) DEFAULT NULL,
  `price` double DEFAULT NULL,
  `created_at` timestamp NULL DEFAULT NULL,
  `updated_at` timestamp NULL DEFAULT NULL
) ENGINE=InnoDB DEFAULT CHARSET=utf8mb4 COLLATE=utf8mb4_unicode_ci;

--
-- Dumping data for table `arrival_prices`
--

INSERT INTO `arrival_prices` (`id`, `region_id`, `price`, `created_at`, `updated_at`) VALUES
(1, 1, 1.25, '2020-08-31 14:01:01', '2020-09-27 13:18:47'),
(2, 2, 1.25, '2020-08-31 14:01:01', '2020-09-27 13:18:47'),
(3, 3, 1.25, '2020-08-31 14:01:01', '2020-09-27 13:18:47'),
(4, 4, 1.25, '2020-08-31 14:01:01', '2020-09-27 13:18:47'),
(5, 5, 1.25, '2020-08-31 14:01:01', '2020-09-27 13:18:47'),
(6, 6, 1.25, '2020-08-31 14:01:01', '2020-09-27 13:18:47'),
(7, 7, 1.25, '2020-08-31 14:01:01', '2020-09-27 13:18:47'),
(8, 8, 1.25, '2020-08-31 14:01:01', '2020-09-27 13:18:47'),
(9, 9, 1.25, '2020-08-31 14:01:01', '2020-09-27 13:18:47'),
(10, 10, 1.25, '2020-08-31 14:01:01', '2020-09-27 13:18:47'),
(11, 11, 1.25, '2020-08-31 14:01:01', '2020-09-27 13:18:47'),
(12, 12, 1.25, '2020-08-31 14:01:01', '2020-09-27 13:18:47'),
(13, 13, 1.25, '2020-08-31 14:01:01', '2020-09-27 13:18:47'),
(14, 14, 1.25, '2020-08-31 14:01:01', '2020-09-27 13:18:47'),
(15, 15, 1.25, '2020-08-31 14:01:01', '2020-09-27 13:18:47'),
(16, 16, 1.25, '2020-08-31 14:01:01', '2020-09-27 13:18:47'),
(17, 17, 1.25, '2020-08-31 14:01:01', '2020-09-27 13:18:47'),
(18, 18, 1.25, '2020-08-31 14:01:01', '2020-09-27 13:18:47'),
(19, 19, 1.25, '2020-08-31 14:01:01', '2020-09-27 13:18:47'),
(20, 20, 1.25, '2020-08-31 14:01:01', '2020-09-27 13:18:47'),
(21, 21, 1.25, '2020-08-31 14:01:01', '2020-09-27 13:18:47'),
(22, 22, 1.25, '2020-08-31 14:01:01', '2020-09-27 13:18:47'),
(23, 23, 1.25, '2020-08-31 14:01:01', '2020-09-27 13:18:47'),
(24, 24, 1.25, '2020-08-31 14:01:01', '2020-09-27 13:18:47'),
(25, 25, 1.25, '2020-08-31 14:01:01', '2020-09-27 13:18:47'),
(26, 26, 1.25, '2020-08-31 14:01:01', '2020-09-27 13:18:47'),
(27, 27, 1.25, '2020-08-31 14:01:01', '2020-09-27 13:18:47'),
(28, 28, 1.25, '2020-08-31 14:01:01', '2020-09-27 13:18:47'),
(29, 29, 1.25, '2020-08-31 14:01:01', '2020-09-27 13:18:47'),
(30, 30, 1.25, '2020-08-31 14:01:01', '2020-09-27 13:18:47'),
(31, 31, 1.25, '2020-08-31 14:01:01', '2020-09-27 13:18:47'),
(32, 32, 1.25, '2020-08-31 14:01:01', '2020-09-27 13:18:47'),
(33, 33, 1.25, '2020-08-31 14:01:01', '2020-09-27 13:18:47'),
(34, 34, 1.25, '2020-08-31 14:01:01', '2020-09-27 13:18:47'),
(35, 35, 1.25, '2020-08-31 14:01:01', '2020-09-27 13:18:47'),
(36, 36, 1.25, '2020-08-31 14:01:01', '2020-09-27 13:18:47'),
(37, 43, 1.25, '2020-08-31 14:01:01', '2020-09-27 13:18:47'),
(38, 105, 1.25, '2020-08-31 14:01:01', '2020-09-27 13:18:47'),
(39, 37, 1.25, '2020-08-31 14:01:01', '2020-09-27 13:18:47'),
(40, 38, 1.25, '2020-08-31 14:01:01', '2020-09-27 13:18:47'),
(41, 39, 1.25, '2020-08-31 14:01:01', '2020-09-27 13:18:47'),
(42, 40, 1.25, '2020-08-31 14:01:01', '2020-09-27 13:18:47'),
(43, 41, 1.25, '2020-08-31 14:01:01', '2020-09-27 13:18:47'),
(44, 42, 1.25, '2020-08-31 14:01:01', '2020-09-27 13:18:47'),
(45, 44, 1.25, '2020-08-31 14:01:01', '2020-09-27 13:18:47'),
(46, 45, 1.25, '2020-08-31 14:01:01', '2020-09-27 13:18:47'),
(47, 46, 1.25, '2020-08-31 14:01:01', '2020-09-27 13:18:47'),
(48, 47, 1.25, '2020-08-31 14:01:01', '2020-09-27 13:18:47'),
(49, 48, 1.25, '2020-08-31 14:01:01', '2020-09-27 13:18:47'),
(50, 49, 1.25, '2020-08-31 14:01:01', '2020-09-27 13:18:47'),
(51, 50, 1.25, '2020-08-31 14:01:01', '2020-09-27 13:18:47'),
(52, 51, 1.25, '2020-08-31 14:01:01', '2020-09-27 13:18:47'),
(53, 52, 1.25, '2020-08-31 14:01:01', '2020-09-27 13:18:47'),
(54, 53, 1.25, '2020-08-31 14:01:01', '2020-09-27 13:18:47'),
(55, 90, 1.25, '2020-08-31 14:01:01', '2020-09-27 13:18:47'),
(56, 91, 1.25, '2020-08-31 14:01:01', '2020-09-27 13:18:47'),
(57, 92, 1.25, '2020-08-31 14:01:01', '2020-09-27 13:18:47'),
(58, 93, 1.25, '2020-08-31 14:01:01', '2020-09-27 13:18:47'),
(59, 94, 1.25, '2020-08-31 14:01:01', '2020-09-27 13:18:47'),
(60, 95, 1.25, '2020-08-31 14:01:01', '2020-09-27 13:18:47'),
(61, 96, 1.25, '2020-08-31 14:01:01', '2020-09-27 13:18:47'),
(62, 97, 1.25, '2020-08-31 14:01:01', '2020-09-27 13:18:47'),
(63, 98, 1.25, '2020-08-31 14:01:01', '2020-09-27 13:18:47'),
(64, 99, 1.25, '2020-08-31 14:01:01', '2020-09-27 13:18:47'),
(65, 100, 1.25, '2020-08-31 14:01:01', '2020-09-27 13:18:47'),
(66, 101, 1.25, '2020-08-31 14:01:01', '2020-09-27 13:18:47'),
(67, 102, 1.25, '2020-08-31 14:01:01', '2020-09-27 13:18:47'),
(68, 54, 1.25, '2020-08-31 14:01:01', '2020-09-27 13:18:47'),
(69, 55, 1.25, '2020-08-31 14:01:01', '2020-09-27 13:18:47'),
(70, 56, 1.25, '2020-08-31 14:01:01', '2020-09-27 13:18:47'),
(71, 57, 1.25, '2020-08-31 14:01:01', '2020-09-27 13:18:47'),
(72, 58, 1.25, '2020-08-31 14:01:01', '2020-09-27 13:18:47'),
(73, 59, 1.25, '2020-08-31 14:01:01', '2020-09-27 13:18:47'),
(74, 60, 1.25, '2020-08-31 14:01:01', '2020-09-27 13:18:47'),
(75, 61, 1.25, '2020-08-31 14:01:01', '2020-09-27 13:18:47'),
(76, 62, 1.25, '2020-08-31 14:01:01', '2020-09-27 13:18:47'),
(77, 63, 1.25, '2020-08-31 14:01:01', '2020-09-27 13:18:47'),
(78, 64, 1.25, '2020-08-31 14:01:01', '2020-09-27 13:18:47'),
(79, 65, 1.25, '2020-08-31 14:01:01', '2020-09-27 13:18:47'),
(80, 66, 1.25, '2020-08-31 14:01:01', '2020-09-27 13:18:47'),
(81, 67, 1.25, '2020-08-31 14:01:01', '2020-09-27 13:18:47'),
(82, 68, 1.25, '2020-08-31 14:01:01', '2020-09-27 13:18:47'),
(83, 69, 1.25, '2020-08-31 14:01:01', '2020-09-27 13:18:47'),
(84, 70, 1.25, '2020-08-31 14:01:01', '2020-09-27 13:18:47'),
(85, 71, 1.25, '2020-08-31 14:01:01', '2020-09-27 13:18:47'),
(86, 72, 1.25, '2020-08-31 14:01:01', '2020-09-27 13:18:47'),
(87, 103, 1.25, '2020-08-31 14:01:01', '2020-09-27 13:18:47'),
(88, 104, 1.25, '2020-08-31 14:01:01', '2020-09-27 13:18:47'),
(89, 106, 1.25, '2020-08-31 14:01:01', '2020-09-27 13:18:47'),
(90, 107, 1.25, '2020-08-31 14:01:01', '2020-09-27 13:18:47'),
(91, 108, 1.25, '2020-08-31 14:01:01', '2020-09-27 13:18:47'),
(92, 109, 1.25, '2020-08-31 14:01:01', '2020-09-27 13:18:47'),
(93, 110, 1.25, '2020-08-31 14:01:01', '2020-09-27 13:18:47'),
(94, 111, 1.25, '2020-08-31 14:01:01', '2020-09-27 13:18:47'),
(95, 112, 1.25, '2020-08-31 14:01:01', '2020-09-27 13:18:47'),
(96, 113, 1.25, '2020-08-31 14:01:01', '2020-09-27 13:18:47'),
(97, 73, 1.25, '2020-08-31 14:01:01', '2020-09-27 13:18:47'),
(98, 74, 1.25, '2020-08-31 14:01:01', '2020-09-27 13:18:47'),
(99, 75, 1.25, '2020-08-31 14:01:01', '2020-09-27 13:18:47'),
(100, 76, 1.25, '2020-08-31 14:01:01', '2020-09-27 13:18:47'),
(101, 77, 1.25, '2020-08-31 14:01:01', '2020-09-27 13:18:47'),
(102, 78, 1.25, '2020-08-31 14:01:01', '2020-09-27 13:18:47'),
(103, 79, 1.25, '2020-08-31 14:01:01', '2020-09-27 13:18:47'),
(104, 80, 1.25, '2020-08-31 14:01:01', '2020-09-27 13:18:47'),
(105, 81, 1.25, '2020-08-31 14:01:01', '2020-09-27 13:18:47'),
(106, 82, 1.25, '2020-08-31 14:01:01', '2020-09-27 13:18:47'),
(107, 83, 1.25, '2020-08-31 14:01:01', '2020-09-27 13:18:47'),
(108, 84, 1.25, '2020-08-31 14:01:01', '2020-09-27 13:18:47'),
(109, 85, 1.25, '2020-08-31 14:01:01', '2020-09-27 13:18:47'),
(110, 86, 1.25, '2020-08-31 14:01:01', '2020-09-27 13:18:47'),
(111, 87, 1.25, '2020-08-31 14:01:01', '2020-09-27 13:18:47'),
(112, 88, 1.75, '2020-08-31 14:01:01', '2020-09-27 13:18:47'),
(113, 89, 1.25, '2020-08-31 14:01:01', '2020-09-27 13:18:47');

-- --------------------------------------------------------

--
-- Table structure for table `arrival_times`
--

CREATE TABLE `arrival_times` (
  `id` int(10) UNSIGNED NOT NULL,
  `arrival_id` int(10) UNSIGNED DEFAULT NULL,
  `from` varchar(191) COLLATE utf8mb4_unicode_ci NOT NULL,
  `to` varchar(191) COLLATE utf8mb4_unicode_ci NOT NULL,
  `created_at` timestamp NULL DEFAULT NULL,
  `updated_at` timestamp NULL DEFAULT NULL
) ENGINE=InnoDB DEFAULT CHARSET=utf8mb4 COLLATE=utf8mb4_unicode_ci;

--
-- Dumping data for table `arrival_times`
--

INSERT INTO `arrival_times` (`id`, `arrival_id`, `from`, `to`, `created_at`, `updated_at`) VALUES
(29, 25, '9Am', '3Pm', '2020-08-29 17:24:12', '2020-08-29 17:24:12'),
(30, 25, '12Pm', '9Pm', '2020-08-29 17:24:57', '2020-08-29 17:24:57'),
(31, 39, '9Am', '12Pm', '2020-08-29 17:33:08', '2020-08-29 17:33:08'),
(32, 39, '12Pm', '9Pm', '2020-09-03 09:13:30', '2020-09-03 09:13:30'),
(33, 40, '9Am', '12PM', '2020-09-03 09:13:58', '2020-09-03 09:13:58'),
(34, 40, '12Pm', '9Pm', '2020-09-03 09:14:17', '2020-09-03 09:14:17'),
(35, 41, '9Am', '12Pm', '2020-09-03 09:15:22', '2020-09-03 09:22:37'),
(36, 41, '12pm', '9pm', '2020-09-03 09:15:31', '2020-09-03 09:22:36'),
(37, 42, '9Am', '12Pm', '2020-09-03 09:21:54', '2020-09-03 09:21:54'),
(38, 42, '12Pm', '9Pm', '2020-09-03 09:22:02', '2020-09-03 09:22:02'),
(41, 44, '9AM', '12PM', '2020-09-03 09:23:47', '2020-09-03 09:23:47'),
(42, 44, '12PM', '9PM', '2020-09-03 09:23:56', '2020-09-03 09:23:56'),
(45, 46, '9AM', '12PM', '2020-09-03 09:24:36', '2020-09-03 09:24:36'),
(46, 46, '12PM', '9PM', '2020-09-03 09:25:03', '2020-09-03 09:25:03'),
(47, 47, '9AM', '12PM', '2020-09-03 09:25:12', '2020-09-03 09:25:12'),
(48, 47, '12PM', '9PM', '2020-09-03 09:25:18', '2020-09-03 09:25:18'),
(49, 48, '9AM', '12PM', '2020-09-03 09:25:28', '2020-09-03 09:25:28'),
(50, 48, '12PM', '9PM', '2020-09-03 09:25:37', '2020-09-03 09:25:37'),
(51, 49, '9AM', '12PM', '2020-09-03 09:25:54', '2020-09-03 09:25:54'),
(52, 49, '12PM', '9PM', '2020-09-03 09:26:02', '2020-09-03 09:26:12'),
(53, 50, '9AM', '12PM', '2020-09-03 09:26:28', '2020-09-03 09:26:28'),
(54, 50, '12PM', '9PM', '2020-09-03 09:26:35', '2020-09-03 09:26:41'),
(55, 51, '9AM', '12PM', '2020-09-03 09:27:00', '2020-09-03 09:27:00'),
(56, 51, '12PM', '9PM', '2020-09-03 09:27:07', '2020-09-03 09:27:07'),
(57, 52, '9AM', '12PM', '2020-09-03 09:27:16', '2020-09-03 09:27:16'),
(58, 52, '12PM', '9PM', '2020-09-03 09:27:24', '2020-09-03 09:27:24'),
(59, 53, '9AM', '12PM', '2020-09-03 09:28:39', '2020-09-03 09:28:39'),
(60, 53, '12PM', '9PM', '2020-09-03 09:28:46', '2020-09-03 09:28:46'),
(61, 54, '9AM', '12PM', '2020-09-03 09:28:57', '2020-09-03 09:28:57'),
(62, 54, '12PM', '9PM', '2020-09-03 09:29:05', '2020-09-03 09:29:05'),
(63, 55, '9AM', '12PM', '2020-09-03 09:29:20', '2020-09-03 09:29:20'),
(64, 55, '12PM', '9PM', '2020-09-03 09:29:28', '2020-09-03 09:29:36'),
(65, 56, '9AM', '12PM', '2020-09-03 09:29:44', '2020-09-03 09:29:44'),
(66, 56, '12PM', '9PM', '2020-09-03 09:29:57', '2020-09-03 09:29:57'),
(67, 57, '9AM', '12PM', '2020-09-03 09:30:10', '2020-09-03 09:30:10'),
(68, 57, '12PM', '9PM', '2020-09-03 09:30:17', '2020-09-03 09:30:17'),
(69, 58, '9AM', '12PM', '2020-09-03 09:30:29', '2020-09-03 09:30:29'),
(70, 58, '12PM', '9PM', '2020-09-03 09:30:38', '2020-09-03 09:30:38'),
(71, 59, '9AM', '12PM', '2020-09-03 09:30:51', '2020-09-03 09:30:51'),
(72, 59, '12PM', '9PM', '2020-09-03 09:30:57', '2020-09-03 09:30:57'),
(73, 60, '9AM', '12PM', '2020-09-03 09:31:09', '2020-09-03 09:31:09'),
(74, 60, '12PM', '9PM', '2020-09-03 09:31:16', '2020-09-03 09:31:16'),
(75, 61, '9AM', '12PM', '2020-09-03 09:31:29', '2020-09-03 09:31:29'),
(76, 61, '12PM', '9PM', '2020-09-03 09:31:38', '2020-09-03 09:31:38'),
(77, 62, '9AM', '12PM', '2020-09-03 09:31:47', '2020-09-03 09:31:47'),
(78, 62, '12PM', '9PM', '2020-09-03 09:31:54', '2020-09-03 09:31:54'),
(79, 63, '9AM', '12PM', '2020-09-03 09:32:08', '2020-09-03 09:32:08'),
(80, 63, '12PM', '9PM', '2020-09-03 09:32:14', '2020-09-03 09:32:14'),
(81, 64, '9AM', '12PM', '2020-09-03 09:32:23', '2020-09-03 09:32:23'),
(82, 64, '12PM', '9PM', '2020-09-03 09:32:30', '2020-09-03 09:32:30'),
(83, 65, '9AM', '12PM', '2020-09-03 09:32:42', '2020-09-03 09:32:42'),
(84, 65, '12PM', '9PM', '2020-09-03 09:32:51', '2020-09-03 09:32:51'),
(85, 66, '9AM', '12PM', '2020-09-03 09:32:59', '2020-09-03 09:32:59'),
(86, 66, '12PM', '9PM', '2020-09-03 09:33:04', '2020-09-03 09:33:04'),
(87, 67, '9AM', '12PM', '2020-09-03 09:33:13', '2020-09-03 09:33:13'),
(88, 67, '12PM', '9PM', '2020-09-03 09:33:18', '2020-09-03 09:33:18'),
(89, 68, '9AM', '12PM', '2020-09-03 09:33:30', '2020-09-03 09:33:30'),
(90, 68, '12PM', '9PM', '2020-09-03 09:33:36', '2020-09-03 09:33:36'),
(91, 26, '9AM', '12PM', '2020-09-03 09:54:48', '2020-09-03 09:54:48'),
(92, 26, '12PM', '9PM', '2020-09-03 09:54:54', '2020-09-03 09:54:54'),
(93, 27, '9AM', '12PM', '2020-09-03 09:56:47', '2020-09-03 09:56:47'),
(94, 27, '12PM', '9PM', '2020-09-03 09:56:54', '2020-09-03 09:56:54'),
(97, 29, '9AM', '12PM', '2020-09-03 09:57:27', '2020-09-03 09:57:27'),
(98, 29, '12PM', '9PM', '2020-09-03 09:57:33', '2020-09-03 09:57:33'),
(99, 30, '9AM', '12PM', '2020-09-03 09:57:42', '2020-09-03 09:57:42'),
(100, 30, '12PM', '9PM', '2020-09-03 09:57:51', '2020-09-03 09:57:51'),
(101, 31, '9AM', '12PM', '2020-09-03 09:57:59', '2020-09-03 09:57:59'),
(102, 31, '12PM', '9PM', '2020-09-03 09:58:07', '2020-09-03 09:58:07'),
(103, 32, '9AM', '12PM', '2020-09-03 09:58:57', '2020-09-03 09:58:57'),
(104, 32, '12PM', '9Pm', '2020-09-03 09:59:03', '2020-09-03 09:59:03'),
(105, 33, '9AM', '12PM', '2020-09-03 09:59:17', '2020-09-03 09:59:17'),
(106, 33, '12PM', '9PM', '2020-09-03 09:59:24', '2020-09-03 09:59:24'),
(107, 34, '9AM', '12PM', '2020-09-03 09:59:32', '2020-09-03 09:59:32'),
(108, 34, '12PM', '9PM', '2020-09-03 09:59:38', '2020-09-03 09:59:38'),
(109, 35, '9AM', '12PM', '2020-09-03 09:59:47', '2020-09-03 09:59:47'),
(110, 35, '12PM', '9PM', '2020-09-03 09:59:53', '2020-09-03 09:59:53'),
(111, 36, '9AM', '12PM', '2020-09-03 10:01:04', '2020-09-03 10:01:04'),
(112, 36, '12PM', '9Pm', '2020-09-03 10:01:09', '2020-09-03 10:01:09'),
(113, 36, '12PM', '9Pm', '2020-09-03 10:01:09', '2020-09-03 10:01:09'),
(114, 37, '9Am', '12Pm', '2020-09-03 10:03:36', '2020-09-03 10:03:36'),
(115, 37, '12PM', '9PM', '2020-09-03 10:03:45', '2020-09-03 10:03:45'),
(116, 38, '9AM', '12PM', '2020-09-03 10:03:56', '2020-09-03 10:03:56'),
(117, 38, '12PM', '9PM', '2020-09-03 10:04:03', '2020-09-03 10:04:03'),
(118, 71, '9AM', '12PM', '2020-10-27 15:49:16', '2020-10-27 15:49:16'),
(119, 71, '12PM', '5PM', '2020-10-27 15:49:35', '2020-10-27 15:49:35'),
(120, 72, '9AM', '12PM', '2020-10-27 15:49:47', '2020-10-27 15:49:47'),
(121, 72, '12PM', '5PM', '2020-10-27 15:49:57', '2020-10-27 15:49:57'),
(122, 73, '9AM', '12PM', '2020-10-27 15:50:36', '2020-10-27 15:50:36'),
(123, 73, '12PM', '5PM', '2020-10-27 15:50:44', '2020-10-27 15:50:44'),
(124, 74, '9AM', '12PM', '2020-10-27 15:50:59', '2020-10-27 15:50:59'),
(125, 74, '12PM', '5PM', '2020-10-27 15:51:07', '2020-10-27 15:51:07'),
(126, 75, '9AM', '12PM', '2020-10-27 15:51:24', '2020-10-27 15:51:24'),
(127, 75, '12PM', '5PM', '2020-10-27 15:51:34', '2020-10-27 15:51:34'),
(128, 76, '9AM', '12PM', '2020-10-27 15:51:44', '2020-10-27 15:51:44'),
(129, 76, '12PM', '5PM', '2020-10-27 15:51:54', '2020-10-27 15:51:54'),
(130, 77, '9AM', '12PM', '2020-10-27 15:52:15', '2020-10-27 15:52:15'),
(131, 77, '12PM', '5PM', '2020-10-27 15:52:24', '2020-10-27 15:52:24'),
(132, 78, '9AM', '12PM', '2020-10-27 15:52:34', '2020-10-27 15:52:34'),
(133, 78, '12PM', '5PM', '2020-10-27 15:52:43', '2020-10-27 15:52:43'),
(134, 79, '9AM', '12PM', '2020-11-03 09:13:59', '2020-11-03 09:13:59'),
(135, 79, '12PM', '9PM', '2020-11-03 09:14:16', '2020-11-03 09:34:54'),
(136, 80, '9AM', '12PM', '2020-11-03 09:14:26', '2020-11-03 09:14:26'),
(137, 80, '12PM', '9PM', '2020-11-03 09:14:33', '2020-11-03 09:35:00'),
(138, 81, '9AM', '12PM', '2020-11-03 09:14:57', '2020-11-03 09:14:57'),
(139, 81, '12PM', '9PM', '2020-11-03 09:15:07', '2020-11-03 09:37:00'),
(140, 82, '9AM', '12PM', '2020-11-03 09:15:16', '2020-11-03 09:15:16'),
(141, 82, '12PM', '9PM', '2020-11-03 09:15:34', '2020-11-03 09:26:56'),
(142, 84, '9AM', '12PM', '2020-11-03 09:27:12', '2020-11-03 09:27:12'),
(143, 84, '12PM', '9PM', '2020-11-03 09:27:13', '2020-11-03 09:27:13'),
(144, 83, '9AM', '12PM', '2020-11-03 09:27:24', '2020-11-03 09:27:24'),
(145, 83, '12PM', '9PM', '2020-11-03 09:27:25', '2020-11-03 09:27:25');

-- --------------------------------------------------------

--
-- Table structure for table `brands`
--

CREATE TABLE `brands` (
  `id` int(10) UNSIGNED NOT NULL,
  `image` varchar(191) COLLATE utf8mb4_unicode_ci NOT NULL,
  `user_id` int(10) UNSIGNED DEFAULT NULL,
  `created_at` timestamp NULL DEFAULT NULL,
  `updated_at` timestamp NULL DEFAULT NULL,
  `const` tinyint(1) NOT NULL DEFAULT '0',
  `company_id` int(10) UNSIGNED DEFAULT NULL,
  `categoryShow` int(10) UNSIGNED DEFAULT NULL,
  `place` enum('up','down') COLLATE utf8mb4_unicode_ci NOT NULL DEFAULT 'up',
  `order` int(11) DEFAULT NULL,
  `inside` tinyint(1) DEFAULT '0',
  `searchable` int(11) NOT NULL DEFAULT '0'
) ENGINE=InnoDB DEFAULT CHARSET=utf8mb4 COLLATE=utf8mb4_unicode_ci;

--
-- Dumping data for table `brands`
--

INSERT INTO `brands` (`id`, `image`, `user_id`, `created_at`, `updated_at`, `const`, `company_id`, `categoryShow`, `place`, `order`, `inside`, `searchable`) VALUES
(1, '6IP336j049OuLw7Mu19LjeX6a3mTXvQzDshagXfI.jpeg', NULL, '2020-07-30 22:24:37', '2020-09-03 11:45:14', 1, NULL, NULL, 'up', 1, 0, 0),
(2, 'CgfDBn56uB6tVtdVcGfidKEAXKnP6QgaOpE8PIj0.jpeg', NULL, '2020-07-30 23:26:01', '2020-11-11 17:42:30', 0, NULL, NULL, 'down', 0, 0, 19),
(3, 'aL0QiEEBTZW9DUDyY7LuGDatz5KjoJpTEnKwt2kY.jpeg', NULL, '2020-07-31 23:09:51', '2020-11-15 23:00:40', 0, NULL, NULL, 'down', 7, 0, 58),
(4, 'oU1UDY8gmaURc4cDhRDcHAW0kn7UZyleV0eDhphO.jpeg', NULL, '2020-08-03 21:47:48', '2020-11-16 08:28:23', 0, NULL, NULL, 'up', 3, 1, 965),
(5, 'LseVOypJCDarMdaCCNBI6JrzXaRTowPKc454lymu.jpeg', NULL, '2020-08-03 21:49:47', '2020-11-16 08:28:34', 0, NULL, NULL, 'up', 2, 1, 143),
(6, 'APn2XtXsEQV7OksH7RCel4x8SmwMidwQIviL7Pwb.jpeg', NULL, '2020-08-03 21:50:30', '2020-11-16 09:42:10', 0, NULL, NULL, 'up', 1, 0, 130),
(7, 'hzb8ftHOiKRjFW9Usa70BOUMpR9Nk2WWVZcWJyq9.png', 14, '2020-08-03 21:51:07', '2020-11-16 08:28:42', 0, NULL, NULL, 'down', NULL, 1, 128),
(8, 'TeJRzLdcSPS1CClw408C9zHWsMlrckPHz7CqCWkG.jpeg', NULL, '2020-08-03 21:51:40', '2020-11-16 08:28:51', 0, NULL, NULL, 'up', 4, 1, 166),
(9, '7JK1uj6EkWlLI8ImCwCAc1SWhaXYgHD7EIYO416r.png', 14, '2020-08-03 21:52:07', '2020-08-18 17:41:02', 1, NULL, NULL, 'down', NULL, 0, 0),
(10, 'GzLmRYmcsT2TWS98dX2FFaZPmrxGZp56DttCFZEz.jpeg', NULL, '2020-08-03 21:53:52', '2020-11-13 10:34:55', 0, NULL, NULL, 'up', 8, 0, 287),
(11, '845CHhDlfwVRXkKtnt0JBZQOvpRm5766HWYq9PTC.jpeg', NULL, '2020-08-03 21:54:29', '2020-11-14 23:32:40', 0, NULL, NULL, 'up', 7, 0, 54),
(12, 'eCOnLG7801AWSAZoohtQ53aaZOXgqHBUrESX5c4n.jpeg', NULL, '2020-08-03 21:57:43', '2020-11-14 23:21:15', 0, NULL, NULL, 'up', 6, 0, 35),
(13, '7eW73ZMGUEtbWPItWoi9EUSIV6i6rJOfSy4CpOqC.jpeg', NULL, '2020-08-03 21:58:47', '2020-11-16 00:51:26', 0, NULL, NULL, 'up', 6, 0, 46),
(14, 'hTTQezTEK6tp6qzXr8nlRF6m8ShA2Ve2qn9fTV8j.png', NULL, '2020-08-03 21:59:33', '2020-08-18 17:50:21', 0, NULL, NULL, 'down', NULL, 0, 0),
(15, 'AhvQNnDWaXqftGoXWlhHgFkT7eSGatDeFiJJHuIk.png', 14, '2020-08-03 22:00:09', '2020-08-04 14:10:42', 0, NULL, NULL, 'up', NULL, 0, 0),
(16, '69tQZ5aJzjSnnZFIfjLem1eYU5uTvkZyizj7yIGn.png', 14, '2020-08-03 22:00:52', '2020-08-04 14:10:59', 0, NULL, NULL, 'up', NULL, 0, 0),
(17, 'bwOI3uK6B13Argez8YALle0TL1K5AvUkByYuLGxm.png', 14, '2020-08-03 22:04:24', '2020-08-04 14:11:08', 0, NULL, NULL, 'up', NULL, 0, 0),
(18, 'DI3ane52YNhDqK4rSBln5Vyo2NV3DjZTrW7PutVk.png', 14, '2020-08-03 22:06:25', '2020-08-04 14:11:16', 0, NULL, NULL, 'up', NULL, 0, 0),
(19, 'sO6qGDlSALXWAdE3L0TfzhhC7hTYvLvqye6wVsd4.png', NULL, '2020-08-03 22:07:30', '2020-08-17 17:45:36', 0, NULL, NULL, 'up', NULL, 0, 0),
(20, 'mpfgcEBWegXJbplhYsNQoTWAACpdZgAXoH9OsPdd.jpeg', NULL, '2020-08-06 12:33:01', '2020-11-16 02:12:10', 0, NULL, NULL, 'down', 1, 1, 311),
(21, 'tEHJTSbv4aNikKizOXBKorHAmdwOhCwTF8OMDEeN.jpeg', NULL, '2020-08-06 16:10:55', '2020-08-31 18:41:50', 1, NULL, NULL, 'down', 5, 0, 0),
(22, 'Zn4nK7NfJuEyTx5PjcTVDGDgWCuh3jMwzq1vYSkG.jpeg', NULL, '2020-08-11 12:01:52', '2020-11-16 09:43:37', 0, NULL, NULL, 'down', 0, 1, 1002),
(23, 'qwsKjz6d3yatOx9Y4euG6z9o3G3rIa1dObadxvKu.png', 15, '2020-08-11 13:31:03', '2020-08-11 13:31:03', 0, NULL, NULL, 'up', NULL, 0, 0),
(24, 'U0gcWLrx9NzStMcYVgSwWrdsvoCKQYtQmJyWOWez.png', 15, '2020-08-11 13:34:49', '2020-08-11 13:34:49', 0, NULL, NULL, 'up', NULL, 0, 0),
(25, 'FPU5BkFZki9ie09nchwRQU9hX9srpzDOUrmIgmCu.jpeg', NULL, '2020-08-11 13:36:25', '2020-11-16 09:42:19', 0, NULL, NULL, 'down', 0, 1, 168),
(26, 'C3KOMRdSuKXGpV048PeEhdjKzKXJTnCfqPBj9Kjd.jpeg', NULL, '2020-08-11 13:37:20', '2020-11-16 08:29:39', 0, NULL, NULL, 'down', 0, 1, 430),
(27, '0sVc2yfMGCQ0JKLIVthUB8ok8cBDr6HmTXQsxGY5.jpeg', NULL, '2020-08-13 13:22:19', '2020-08-18 17:50:08', 1, NULL, NULL, 'down', NULL, 0, 0),
(28, 'mgwM4ApZTfyDu28BHVByiEOOXeiQEKMnh9E1Qc8i.jpeg', NULL, '2020-08-13 13:26:26', '2020-08-31 18:46:37', 1, NULL, NULL, 'down', 5, 0, 0),
(29, 'eQLzOEQP5vzAYu46KlxCeIv3DgJA9uLQTR2svXCo.jpeg', NULL, '2020-08-13 13:27:13', '2020-08-31 18:14:28', 1, NULL, NULL, 'down', 3, 0, 0),
(30, 'AnBYrsbTDwCOqzyvGv4lDG2MXjXiqQKwvsX7vlVQ.jpeg', NULL, '2020-08-13 13:35:01', '2020-08-31 18:46:47', 1, NULL, NULL, 'down', 2, 0, 0),
(31, 'x8DTgAI9u2NeTd7Rm7L9OhLHRItfjtgsfjgeldmv.jpeg', NULL, '2020-08-17 17:30:32', '2020-08-20 16:30:54', 1, NULL, NULL, 'up', NULL, 0, 0),
(32, 'qLjx3R19vFMHccRSo4bBg14IeON9UdssOJuEZXaU.jpeg', NULL, '2020-08-17 17:34:09', '2020-08-20 16:30:55', 1, NULL, NULL, 'up', NULL, 0, 0),
(33, 'NK6kaxsFxtB5kyS1gaSVcOABcK6p5JwO1QTYDvpT.jpeg', NULL, '2020-08-17 17:35:37', '2020-08-20 16:30:55', 1, NULL, NULL, 'up', NULL, 0, 0),
(34, '6qQXRRF4uwH9PzC0k1ZSp399QiIyghQhQQgHh03s.jpeg', NULL, '2020-08-17 17:42:20', '2020-08-20 16:30:56', 1, NULL, NULL, 'up', NULL, 0, 0),
(35, 'gYS22Y4GONO58GS94eWFWArOTKXDcco9UkZMryvG.jpeg', NULL, '2020-08-17 17:44:00', '2020-08-17 17:44:00', 0, NULL, NULL, 'up', NULL, 0, 0),
(36, 'nSP3MutzQXKJkKWfbWoLokhPLsHZ59jucVJbr6Oz.jpeg', NULL, '2020-08-18 10:00:15', '2020-08-20 16:31:00', 1, NULL, NULL, 'up', NULL, 0, 0),
(37, 'ZNxyqy78bD0fpWnnWJH3WS4yH03UDCTU1Va70rNX.jpeg', NULL, '2020-08-18 10:03:53', '2020-08-18 10:03:53', 0, NULL, NULL, 'up', NULL, 0, 0),
(38, 'zUSXp8Qhfmc2UAXgJJuhHuGdOeyjcWp11U0IiOhZ.jpeg', NULL, '2020-08-18 10:24:19', '2020-08-20 16:31:02', 1, NULL, NULL, 'up', NULL, 0, 0),
(39, 'GZAhlM6C8fl0nwZ4kr4rWYKLgpLlNGreiKzAt5O8.jpeg', NULL, '2020-08-18 10:43:05', '2020-08-20 22:19:31', 0, NULL, 73, 'up', 0, 0, 0),
(40, 'WXPHCIegcVKNtzrIbaUpPyd0Ua9n2qrpwErMMTFZ.jpeg', NULL, '2020-08-18 17:30:39', '2020-08-18 17:49:22', 0, NULL, NULL, 'down', NULL, 0, 0),
(41, 'R1F1Z3rEBmsxhr8etxpjm7CXI1KqiDzyvWIQoqrR.jpeg', NULL, '2020-08-18 17:31:12', '2020-09-01 09:54:59', 1, NULL, NULL, 'down', 7, 0, 0),
(42, 'NwNKM5UR395SsXRa9x5q1QjdsjPpM7RxKH4Zc8xK.jpeg', NULL, '2020-08-18 17:32:10', '2020-08-31 18:43:55', 1, NULL, NULL, 'down', 6, 0, 0),
(43, 'k0xyhdPEwC5YAl6nrFqJ306oi4PE6RLPo9Zfahaa.jpeg', NULL, '2020-08-19 15:05:08', '2020-08-20 16:31:13', 1, NULL, NULL, 'up', 1, 0, 0),
(44, 'l0UZvCyI31B9xfWD4WigYjLKQYfloqXtP5ZSHYhg.jpeg', NULL, '2020-08-19 16:38:07', '2020-08-20 16:31:14', 1, NULL, NULL, 'up', 1, 0, 0),
(45, 'i6zgISio4fG0cKbMrI6Tpmwli1yJa96Q4CtEeZoH.jpeg', NULL, '2020-08-19 16:40:56', '2020-08-20 16:31:14', 1, NULL, NULL, 'up', 1, 0, 0),
(46, 'qu0UEWiTGWMWCCmekMyZgRJDaOo0L2TouUvarqWh.jpeg', NULL, '2020-08-31 18:40:02', '2020-11-16 08:28:00', 0, NULL, NULL, 'down', 1, 0, 75),
(47, 'jasLzHmQLDACCe2pAmd35LH09C25zW08NkpRcXfS.jpeg', NULL, '2020-08-31 18:40:37', '2020-11-16 07:02:45', 0, NULL, NULL, 'down', 1, 0, 33),
(48, 'CCvXp4NF0WEFoxkF4cFzi1IryZwrV3Mxcw5v6nih.jpeg', NULL, '2020-09-01 13:48:31', '2020-09-01 13:48:31', 0, NULL, NULL, 'up', NULL, 0, 0),
(49, 'Z8T14jH4Z2AvEVtg76KQwBuxhPGMDe6jDX3skBb6.jpeg', NULL, '2020-09-05 15:02:25', '2020-09-05 15:02:25', 0, NULL, NULL, 'down', NULL, 0, 0),
(50, 'pIVrTMu1UrD0dPvVyeAQpPjk2jpT1uVqnb5XBBHh.jpeg', NULL, '2020-09-05 17:24:14', '2020-09-05 17:24:14', 0, NULL, NULL, 'down', NULL, 0, 0),
(51, 'gHUDCu4mNhq0Wg4ouWX1Ym1pMcAjpB4afmgf7TT4.png', NULL, '2020-09-09 10:54:01', '2020-09-09 10:54:01', 0, NULL, NULL, 'up', NULL, 0, 0),
(52, 'pnQyD40x2a7sh88AsdYgX4MrlNEylDvlatDmburu.png', NULL, '2020-09-09 10:59:48', '2020-09-09 10:59:48', 0, NULL, NULL, 'up', NULL, 0, 0),
(53, '4G81f6TbLIVoifETMXXLvXXkm1jFewzaObLsGsgd.png', NULL, '2020-09-09 11:02:59', '2020-09-09 11:02:59', 0, NULL, NULL, 'up', NULL, 0, 0),
(54, 'DfkfoQ8urIvaRvaAbCLoNU06vxV54TLauNzfl32e.png', NULL, '2020-10-11 16:49:29', '2020-10-12 15:34:08', 0, NULL, NULL, 'down', 7, 0, 0),
(55, 'r9i60QMomDWNctUKHiYsdKtw8bWLlR2Sk1cIpue8.jpeg', NULL, '2020-10-11 17:12:02', '2020-10-12 15:34:02', 0, NULL, NULL, 'down', 7, 0, 0),
(56, 'bKwdgjWNbptnr1vm4B9F63Ti47bYJrChnuVOlWOW.png', NULL, '2020-10-12 13:51:27', '2020-10-12 13:51:27', 0, NULL, NULL, 'down', 7, 0, 0),
(57, 'w7ieyOCo6Z8XspgqohKHxX8zXxNXggkErzAbzkg4.jpeg', NULL, '2020-10-12 15:33:14', '2020-10-12 15:33:14', 0, NULL, NULL, 'down', 7, 0, 0),
(58, 'rKCIzfjEmZJaoksBRtvLLJGxFBQhiEKnK6hRB45b.png', NULL, '2020-10-14 13:13:00', '2020-10-14 13:13:00', 0, NULL, 12, 'down', 7, 0, 0),
(59, 'K1PdlA5jJXAiU5CudIWRuiDu6tmPaWqCNEdXKggr.jpeg', NULL, '2020-10-26 13:18:04', '2020-10-27 13:09:39', 0, NULL, 11, 'down', 5, 0, 0),
(60, '6oHhJoKYzf84lr9jVdwLmIhrTmrQ1Ekh2otOXGVS.jpeg', NULL, '2020-10-27 13:01:27', '2020-10-27 13:06:01', 0, NULL, 11, 'down', 0, 0, 0);

-- --------------------------------------------------------

--
-- Table structure for table `brand_translations`
--

CREATE TABLE `brand_translations` (
  `id` int(10) UNSIGNED NOT NULL,
  `brand_id` int(10) UNSIGNED NOT NULL,
  `name` varchar(191) COLLATE utf8mb4_unicode_ci NOT NULL,
  `meta_keywords` varchar(191) COLLATE utf8mb4_unicode_ci DEFAULT NULL,
  `meta_description` text COLLATE utf8mb4_unicode_ci,
  `locale` varchar(191) COLLATE utf8mb4_unicode_ci NOT NULL,
  `created_at` timestamp NULL DEFAULT NULL,
  `updated_at` timestamp NULL DEFAULT NULL
) ENGINE=InnoDB DEFAULT CHARSET=utf8mb4 COLLATE=utf8mb4_unicode_ci;

--
-- Dumping data for table `brand_translations`
--

INSERT INTO `brand_translations` (`id`, `brand_id`, `name`, `meta_keywords`, `meta_description`, `locale`, `created_at`, `updated_at`) VALUES
(1, 1, 'براند', 'براند', 'براند', 'ar', NULL, NULL),
(2, 1, 'براند', 'براند', 'براند', 'en', NULL, NULL),
(3, 2, 'فلكس ايز', NULL, NULL, 'ar', NULL, NULL),
(4, 2, 'Flex Eyes', NULL, NULL, 'en', NULL, NULL),
(5, 3, 'ذهب', NULL, NULL, 'ar', NULL, NULL),
(6, 3, 'Dahab', NULL, NULL, 'en', NULL, NULL),
(7, 4, 'ديور', NULL, NULL, 'ar', NULL, NULL),
(8, 4, 'Dior', NULL, NULL, 'en', NULL, NULL),
(9, 5, 'شانيل', NULL, NULL, 'ar', NULL, NULL),
(10, 5, 'Chanel', NULL, NULL, 'en', NULL, NULL),
(11, 6, 'دولتشي اند غابانا', NULL, NULL, 'ar', NULL, NULL),
(12, 6, 'Dolce&Gabanna', NULL, NULL, 'en', NULL, NULL),
(13, 7, 'كارتير', NULL, NULL, 'ar', NULL, NULL),
(14, 7, 'Cartier', NULL, NULL, 'en', NULL, NULL),
(15, 8, 'ارماني', NULL, NULL, 'ar', NULL, NULL),
(16, 8, 'Armani', NULL, NULL, 'en', NULL, NULL),
(17, 9, 'بوس', NULL, NULL, 'ar', NULL, NULL),
(18, 9, 'Boss', NULL, NULL, 'en', NULL, NULL),
(19, 10, 'غوتشي', NULL, NULL, 'ar', NULL, NULL),
(20, 10, 'Gucci', NULL, NULL, 'en', NULL, NULL),
(21, 11, 'لانكوم', NULL, NULL, 'ar', NULL, NULL),
(22, 11, 'Lancome', NULL, NULL, 'en', NULL, NULL),
(23, 12, 'مانسيرا', NULL, NULL, 'ar', NULL, NULL),
(24, 12, 'MANCERA', NULL, NULL, 'en', NULL, NULL),
(25, 13, 'روبرتو كفالي', NULL, NULL, 'ar', NULL, NULL),
(26, 13, 'Roberto Cavalli', NULL, NULL, 'en', NULL, NULL),
(27, 14, 'باكو رابان', NULL, NULL, 'ar', NULL, NULL),
(28, 14, 'Paca Robanne', NULL, NULL, 'en', NULL, NULL),
(29, 15, 'فرزاتشي', NULL, NULL, 'ar', NULL, NULL),
(30, 15, 'VERSACE', NULL, NULL, 'en', NULL, NULL),
(31, 16, 'هرمز', NULL, NULL, 'ar', NULL, NULL),
(32, 16, 'HERMES', NULL, NULL, 'en', NULL, NULL),
(33, 17, 'جيرلان', NULL, NULL, 'ar', NULL, NULL),
(34, 17, 'GUERLAIN', NULL, NULL, 'en', NULL, NULL),
(35, 18, 'غوتييه', NULL, NULL, 'ar', NULL, NULL),
(36, 18, 'Gaultier', NULL, NULL, 'en', NULL, NULL),
(37, 19, 'جيفنشي', NULL, NULL, 'ar', NULL, NULL),
(38, 19, 'Givenshy', NULL, NULL, 'en', NULL, NULL),
(39, 20, 'ذا فيس شوب', NULL, NULL, 'ar', NULL, NULL),
(40, 20, 'The Face Shop', NULL, NULL, 'en', NULL, NULL),
(41, 21, 'أنكر', 'أنكر', NULL, 'ar', NULL, NULL),
(42, 21, 'Anker', NULL, NULL, 'en', NULL, NULL),
(43, 22, 'برجوا', NULL, NULL, 'ar', NULL, NULL),
(44, 22, 'Bourjois', NULL, NULL, 'en', NULL, NULL),
(45, 23, 'جلامز', NULL, NULL, 'ar', NULL, NULL),
(46, 23, 'Glam\'s', NULL, NULL, 'en', NULL, NULL),
(47, 24, 'ايزادورا', NULL, NULL, 'ar', NULL, NULL),
(48, 24, 'IsaDora', NULL, NULL, 'en', NULL, NULL),
(49, 25, 'بوبا', NULL, NULL, 'ar', NULL, NULL),
(50, 25, 'Pupa', NULL, NULL, 'en', NULL, NULL),
(51, 26, 'ريميل لندن', NULL, NULL, 'ar', NULL, NULL),
(52, 26, 'Rimmel London', NULL, NULL, 'en', NULL, NULL),
(53, 27, 'راي بان', NULL, NULL, 'ar', NULL, NULL),
(54, 27, 'Ray-Ban', NULL, NULL, 'en', NULL, NULL),
(55, 28, 'شوبارد', NULL, NULL, 'ar', NULL, NULL),
(56, 28, 'Chopard', NULL, NULL, 'en', NULL, NULL),
(57, 29, 'فيندي', NULL, NULL, 'ar', NULL, NULL),
(58, 29, 'Fendi', NULL, NULL, 'en', NULL, NULL),
(59, 30, 'دي اند جي', NULL, NULL, 'ar', NULL, NULL),
(60, 30, 'Dolce & Gabbana', NULL, NULL, 'en', NULL, NULL),
(61, 31, 'اسكبال', NULL, NULL, 'ar', NULL, NULL),
(62, 31, 'Scabal', NULL, NULL, 'en', NULL, NULL),
(63, 32, 'بنتلي', NULL, NULL, 'ar', NULL, NULL),
(64, 32, 'Bentley', NULL, NULL, 'en', NULL, NULL),
(65, 33, 'جروفنر', NULL, NULL, 'ar', NULL, NULL),
(66, 33, 'Grovesnor', NULL, NULL, 'en', NULL, NULL),
(67, 34, 'زينيا', NULL, NULL, 'ar', NULL, NULL),
(68, 34, 'Zegna', NULL, NULL, 'en', NULL, NULL),
(69, 35, 'دنهل', NULL, NULL, 'ar', NULL, NULL),
(70, 35, 'Dunhill', NULL, NULL, 'en', NULL, NULL),
(71, 36, 'دروش', NULL, NULL, 'ar', NULL, NULL),
(72, 36, 'Drosh', NULL, NULL, 'en', NULL, NULL),
(73, 37, 'بايونير', NULL, NULL, 'ar', NULL, NULL),
(74, 37, 'Pioneer', NULL, NULL, 'en', NULL, NULL),
(75, 38, 'السامي', NULL, NULL, 'ar', NULL, NULL),
(76, 38, 'Alsamy', NULL, NULL, 'en', NULL, NULL),
(77, 39, 'مورسكي', NULL, NULL, 'ar', NULL, NULL),
(78, 39, 'Moresky', NULL, NULL, 'en', NULL, NULL),
(79, 40, 'قوي', NULL, NULL, 'ar', NULL, NULL),
(80, 40, 'Goui', NULL, NULL, 'en', NULL, NULL),
(81, 41, 'سول', NULL, NULL, 'ar', NULL, NULL),
(82, 41, 'Soul', NULL, NULL, 'en', NULL, NULL),
(83, 42, 'زندور', NULL, NULL, 'ar', NULL, NULL),
(84, 42, 'ZENDOURE', NULL, NULL, 'en', NULL, NULL),
(85, 43, 'فينيتسي', NULL, NULL, 'ar', NULL, NULL),
(86, 43, 'Fenitssi', NULL, NULL, 'en', NULL, NULL),
(87, 44, 'تراي', NULL, NULL, 'ar', NULL, NULL),
(88, 44, 'try', NULL, NULL, 'en', NULL, NULL),
(89, 45, 'الصفاة', NULL, NULL, 'ar', NULL, NULL),
(90, 45, 'Alsafat', NULL, NULL, 'en', NULL, NULL),
(91, 46, 'انستازيا', NULL, NULL, 'ar', NULL, NULL),
(92, 46, 'menstesia', NULL, NULL, 'en', NULL, NULL),
(93, 47, 'بيلا', NULL, NULL, 'ar', NULL, NULL),
(94, 47, 'Bella', NULL, NULL, 'en', NULL, NULL),
(95, 48, 'كالورينا هريرا', NULL, NULL, 'ar', NULL, NULL),
(96, 48, 'Calorina helera', NULL, NULL, 'en', NULL, NULL),
(97, 49, 'كالفن كلاين', NULL, NULL, 'ar', NULL, NULL),
(98, 49, 'Calvin Klein', NULL, NULL, 'en', NULL, NULL),
(99, 50, 'جيرلان', NULL, NULL, 'ar', NULL, NULL),
(100, 50, 'Gerlan', NULL, NULL, 'en', NULL, NULL),
(101, 51, 'مونت بلانك', NULL, NULL, 'ar', NULL, NULL),
(102, 51, 'MONTBLANC', NULL, NULL, 'en', NULL, NULL),
(103, 52, 'شاريول', NULL, NULL, 'ar', NULL, NULL),
(104, 52, 'Charriol', NULL, NULL, 'en', NULL, NULL),
(105, 53, 'جاكور', NULL, NULL, 'ar', NULL, NULL),
(106, 53, 'Jaguar', NULL, NULL, 'en', NULL, NULL),
(107, 54, 'لوريال', NULL, NULL, 'ar', NULL, NULL),
(108, 54, 'LOROYALLENSES', NULL, NULL, 'en', NULL, NULL),
(109, 55, 'أمارا', NULL, NULL, 'ar', NULL, NULL),
(110, 55, 'Amara Lenses', NULL, NULL, 'en', NULL, NULL),
(111, 56, 'لامور', NULL, NULL, 'ar', NULL, NULL),
(112, 56, 'Lamour', NULL, NULL, 'en', NULL, NULL),
(113, 57, 'عدسات ادور', NULL, NULL, 'ar', NULL, NULL),
(114, 57, 'Adore Lenses', NULL, NULL, 'en', NULL, NULL),
(115, 58, 'Desio', NULL, NULL, 'ar', NULL, NULL),
(116, 58, 'Desio', NULL, NULL, 'en', NULL, NULL),
(117, 59, 'Diego Dalla Palma', NULL, NULL, 'ar', NULL, NULL),
(118, 59, 'Diego Dalla Palma', NULL, NULL, 'en', NULL, NULL),
(119, 60, 'diegodallapalma', 'diegodallapalma', NULL, 'ar', NULL, NULL),
(120, 60, 'diegodallapalma', 'diegodallapalma', NULL, 'en', NULL, NULL);

-- --------------------------------------------------------

--
-- Table structure for table `categories`
--

CREATE TABLE `categories` (
  `id` int(10) UNSIGNED NOT NULL,
  `image` varchar(191) COLLATE utf8mb4_unicode_ci NOT NULL,
  `type` tinyint(1) NOT NULL DEFAULT '0',
  `parent_id` int(11) NOT NULL,
  `orderBy` int(11) DEFAULT NULL,
  `created_at` timestamp NULL DEFAULT NULL,
  `updated_at` timestamp NULL DEFAULT NULL,
  `deleted_at` timestamp NULL DEFAULT NULL,
  `imagecat` varchar(191) COLLATE utf8mb4_unicode_ci DEFAULT NULL,
  `options` enum('normal','brand') COLLATE utf8mb4_unicode_ci NOT NULL DEFAULT 'normal',
  `const` tinyint(1) DEFAULT '0',
  `constType` enum('main','cat') COLLATE utf8mb4_unicode_ci DEFAULT 'main',
  `image_en` varchar(191) COLLATE utf8mb4_unicode_ci DEFAULT NULL,
  `imagecat_en` varchar(191) COLLATE utf8mb4_unicode_ci DEFAULT NULL,
  `searchable` int(11) NOT NULL DEFAULT '0'
) ENGINE=InnoDB DEFAULT CHARSET=utf8mb4 COLLATE=utf8mb4_unicode_ci;

--
-- Dumping data for table `categories`
--

INSERT INTO `categories` (`id`, `image`, `type`, `parent_id`, `orderBy`, `created_at`, `updated_at`, `deleted_at`, `imagecat`, `options`, `const`, `constType`, `image_en`, `imagecat_en`, `searchable`) VALUES
(8, 'FTCrSyOfrbRijo8ky4Ig3opx6ZDa7mJRASxtYns2.jpeg', 1, 0, 8, '2020-07-29 20:27:22', '2020-10-15 11:13:25', NULL, 'PBHN4ht7XbXruPQDZuUclw0B9UlZehV49qz6iGBl.jpeg', 'normal', 0, 'main', 'cL89WhtE28gDF098aQBloa3ZsFYW6KzTVWZXtyX6.jpeg', 'qsm1qM7SfOJG8ck8sx0t9WE9ot85ow7fL8f6yXoW.jpeg', 0),
(9, 'QwYmGqUN3ifBHZFTfnp6wLdnPTKFNz6QdWZQVAFG.jpeg', 1, 0, 1, '2020-07-29 20:29:47', '2020-11-16 10:29:28', NULL, 'iwr8sVA3hAqYAYRJtOP6LWY9p5gF9hu0wdxqsqZG.jpeg', 'normal', 1, 'main', 'XQZmEkYugOIVfKqatKAeZIVKMhQ0hthTQDzSCyZd.jpeg', 'm5L2tf13T06ZnuOTbfkFqVJJoB3CxgGMHSe5qSyS.jpeg', 1553),
(10, 'jgYOJbqmtIF1x8efbcKZ3t2O9kp59PhZM9BVKBeX.jpeg', 1, 0, 4, '2020-07-29 20:32:16', '2020-11-16 10:32:07', NULL, 'VhG22zFmgf2V1eMIhQqv6wzlgXbtNFq2J41ozIaB.jpeg', 'normal', 1, 'main', 'jy7wDYPLjP3xgNWYOxaAeY7yvwux6ERjG9uGrasY.jpeg', '8TX40FyjTEnfnat9Zah0TWaiWEknjplsixxylasN.jpeg', 1044),
(11, 'cqdt954t9OP6YinyO84NlOiJeCMfHor3HcT2iikZ.jpeg', 1, 0, 2, '2020-07-29 20:33:55', '2020-11-16 12:45:59', NULL, 'HNkC95iMwmSPjWuJFnDrNxZrvMXqCVUPGZDEWYwA.jpeg', 'normal', 1, 'main', 'gLRz1TwELW7OBHbrPXKXAdfU8bk52P9OkD8cXXUy.jpeg', 'gOgVRfRg1fQOYITHRXGLSx9EBDXQmdXLDhVDstOL.jpeg', 1866),
(12, 'LFOI2WIXPKuoqZYfOo2wmAnNpyzvY6BMoeCTEAnj.jpeg', 1, 0, 5, '2020-07-29 20:35:43', '2020-11-16 07:38:43', NULL, 'WPSuWSxiTk1DCI4yGGqyOwx2cTQIyMpv9oGqshiw.jpeg', 'normal', 1, 'main', 'uxBvGaLqYvhjuDm1R9rDB1v3EfgrsckieX6KCCRs.jpeg', 'GDz4xavDH9yLzudrbl6zDwnsjHypjX9SWIFXbd8a.jpeg', 785),
(13, 'w2aInCCepu1MookXvQ7RId6qusnjjuzYLmqMHJSd.jpeg', 1, 0, 7, '2020-07-29 20:38:48', '2020-08-18 15:53:40', NULL, 'ubJoWtDCEBbxGd7FAHJuLYCHepiYC9Az3YDFZRC4.jpeg', 'normal', 0, 'main', 'SJTAvxNUUAJy85uJBZXRPvYrvEpS3iPM1JSvsY4U.jpeg', 'gnOkVrrAB7SBfJWwr2FZFO27sGo96dbe3gdgQ8rK.jpeg', 0),
(14, '91Sw1mH6CsuIYbPPt00sxAflo2I3ZoZfQf18gmOe.png', 0, 12, 1, '2020-07-29 20:42:49', '2020-08-16 13:11:25', '2020-08-16 13:11:25', 'PZifbDjFpwWus4pJBtp88QB001pcTC23yxfcogFK.jpeg', 'brand', 0, 'cat', 'wVMCvypD0pHpBgWtQjV3IwGp4dvsYQa8WYZrnGec.png', NULL, 0),
(15, 'lsOUblHDm4EsC97BQS26gE5ntESHm1rHNl6C1Hbq.png', 0, 12, 1, '2020-07-29 20:47:53', '2020-08-16 13:11:20', '2020-08-16 13:11:20', 'KGCEiriyHlz29ODPDlUNcDXYnAl5uLNh7M6ikFQ3.png', 'brand', 0, 'cat', NULL, NULL, 0),
(16, 'jRFv6qPcvKgduoo1kgGgxZM5xYCZl8maO7WJMfz3.png', 0, 12, 1, '2020-07-29 20:48:38', '2020-08-16 13:11:16', '2020-08-16 13:11:16', 'bK2oCmZeGpETpGSLod8g4lOzoc9BR4jPqhmlTNIP.jpeg', 'brand', 0, 'cat', 'IL9XEBWn9mvxayQ4gRHN4AiBRxPnMz5qB0i0LWK4.png', NULL, 0),
(17, 'ZuZ7Y3Gmxzgpi2sRZB8lcUXcylY1Wfp8s6iW9pUe.png', 1, 12, 1, '2020-07-29 20:52:55', '2020-08-16 13:10:59', '2020-08-16 13:10:59', 'kz2HDJFEpUiyzgEDivLnrozKH1Yu7LUmf9JOaUjN.png', 'brand', 0, 'cat', NULL, NULL, 0),
(18, 'ISWZXAisv3ZkOHxuWgLfsNabhfb85NQMkzFAYdEf.jpeg', 0, 12, 5, '2020-07-29 20:56:41', '2020-11-15 01:06:55', NULL, '1pbbPkG76SdUhAhFt6qx8IkMQiSpJcCL00aEUcrF.jpeg', 'normal', 1, 'cat', 'xvcZfCGCQupdD95wpk54vlaOkS7NNrpf9OhCSsPt.jpeg', 'Q5nVPzVeGW18VAHiv0XdFKr8q7lUrNBMJUupFPkX.jpeg', 58),
(19, 'B6rtAQRsT74kFQXlDK3A8AVPH8gHabX0k3yH3BRe.jpeg', 0, 12, 5, '2020-07-29 20:58:44', '2020-11-16 02:49:31', NULL, 'of3QO2RcyvZLdx8h7z2I2XtovZu1ku3rh0U0GjRV.jpeg', 'normal', 1, 'cat', 'telWWNBHPDe6UQ073KtuuQpJr4YK8DiVtCRBjur8.jpeg', 'Mk1drAkLaj38d5kaStVtRJYGmNtV8rkGB7zkPQgy.jpeg', 144),
(20, 'vE0JcHIiZGSYLQYWld51LuezaQttomeRWWEiX1AI.jpeg', 0, 12, 5, '2020-07-29 21:02:04', '2020-11-16 02:14:49', NULL, 'bFbReeacwl0urwxAjL2zZCIoykhg5EflLDGiyrRs.jpeg', 'normal', 1, 'cat', 'ifQK5Qpk8uCPtrs7Tli5JvO5cIJadIiirwICp1Pf.jpeg', 'fL6OuSDlyZNy5OuV2kWn4T1vSZ5ahhv4WeUc9eKP.jpeg', 196),
(21, 'tZTlAiOB8jLGVkiZu17F0nCnVg4N6Dc69srrjX1Q.jpeg', 0, 11, 2, '2020-07-29 21:11:06', '2020-11-16 12:41:06', NULL, 'DnOquRHvXgNntTvyPIEkuawuH2RjzO5w9TTx3oRC.jpeg', 'normal', 1, 'cat', 'XVLr9zsmHwqbBOIUQnfRD7jrEBCZRDf01ciSaCOe.jpeg', 'BlIiHLbVxdKrrOgvKQjnVAsRSKyfv6a0NBSwcpvW.jpeg', 646),
(22, 'CHyQtD2dTTqmWGkyLZHdL9kwuNQ4rTMyWpv3jJbZ.jpeg', 1, 11, 2, '2020-07-29 21:12:27', '2020-11-16 12:10:16', NULL, 'XG2g7Mmn4mctTikYAFcfqRY7qHQBMMH2H7Zeoghd.jpeg', 'normal', 1, 'cat', '1M1HpBhnC6wsE3kpSqC7L4YPDxMicCGk6vGkUdV2.jpeg', 'KrJWSzCWN4st4I3KMK9p4kq6jOeMP88murkzt6mU.jpeg', 793),
(23, 'PVqbCpQykDqlNRiKpdXTtl4N7mtAOP00xQzueWIE.jpeg', 1, 11, 2, '2020-07-29 21:14:42', '2020-11-16 12:43:14', NULL, 'qgc4DsIdxA7udid4bvg01vMf9Xk44tiVhNpwaz3K.jpeg', 'normal', 1, 'cat', 'AHKTisGgJYokZ8yZbYXyIxaPO0D2rCNHH5IQ25TU.jpeg', 'YSjwjVk4nNyb3rT0gAKVV7XVz9EO3i6PfGqWK7VI.jpeg', 971),
(24, '3XLyxlDyAMiwJGAk8P3D6ca4t19tuq1OQzKKsMKq.jpeg', 1, 102, NULL, '2020-07-29 21:15:59', '2020-08-24 01:15:34', NULL, 'x0Wq0qAn1qtPx1fm2ehC760OrpstwoAk8I2H47hc.jpeg', 'normal', 0, 'cat', NULL, NULL, 0),
(25, 'FzurDoRzaSKuhUkVXKXAwWZG2uTDpDCN5QUZdH8M.jpeg', 1, 11, 2, '2020-07-29 21:17:22', '2020-11-15 00:51:17', NULL, 'aR1vweCccutjZ9MufogLEnOws6fCIzHzsd1jfeie.jpeg', 'brand', 1, 'cat', 'dbe56pz9jOtXp1Jg0gXGafJwT3s2t02Vh8PE2GKZ.jpeg', 'JX7wG7UH15LMCTh3knTThc9vHAjHrqzBYc3WUM8i.jpeg', 20),
(26, 'Q8mYoZ6nwpIegjXZ62PKOvRit7t7P0arXGPoYbEH.jpeg', 1, 11, 2, '2020-07-29 21:17:54', '2020-08-31 19:25:34', NULL, 'HE57sgVFLEQhtyw4AmPw6MeK9VCwThDz5m8D7qrz.jpeg', 'brand', 0, 'cat', NULL, NULL, 0),
(27, 'JC8fknvSr5EJTLYTLJz9JW28ecPvIMI2NzD8UtN5.jpeg', 1, 11, 2, '2020-07-29 21:18:26', '2020-11-15 00:52:10', NULL, 'mC4PypecFkZvN9yPfGFBTZU2vFNUO1fAWwj8c5Ks.jpeg', 'brand', 1, 'cat', 'DRpVnQ7ywSmoHAw2k2J7AWu6nqvPfmUjJ3XlwiGG.jpeg', 'FTrQG2uWbkMy235xEK2ydXEUPoI4F0VsxomNDE4B.jpeg', 19),
(28, 'bt1EjAPD0FMYT4FGklYhhDaoZtnYNeKyGcYQp3m5.jpeg', 1, 23, 4, '2020-08-01 10:24:18', '2020-11-10 17:51:24', NULL, 'k51ASLvIqoEgKBSLGpoDRjMWDCF1aN7AqRbaHH8L.jpeg', 'normal', 0, 'main', NULL, NULL, 2),
(29, '3pYpW7OGuB7E66LXBopRgkFikN24NhG66hQCXgwy.jpeg', 0, 9, 1, '2020-08-03 11:48:30', '2020-11-16 12:42:09', NULL, 'RpHo1JAl9CffajqdNzDvXVtKoxbm7hhjlFevbPQ4.jpeg', 'normal', 1, 'cat', 't8f9h0E3YcpEl16WfS0kQ5nFvJlecUGnE1btAuyj.jpeg', 'cOYMIvU0o5q1BSyMFemF56LTUeMz0pDOj25CvWih.jpeg', 866),
(30, 'PqiRzhRoLBt6JDboWAoMnCSzY6r8ezaGsFyXa3gJ.jpeg', 0, 9, 1, '2020-08-03 11:55:24', '2020-11-16 10:28:37', NULL, 'A790bQRzlCCrQ0v6FzwsL5GyiYcgRrSSoBNKIYTp.jpeg', 'normal', 1, 'cat', 'MsKj4tpkgI9cBeGgJl5P29cqhicqLgQvGFIlxJVz.jpeg', 'C9nTVQ0ILLamgyGXbjbhcgwHykmv7rTLX6rdnWHB.jpeg', 305),
(31, 'dLSRlLcwo5K12KsKxgzsEflWGX5pHNuocc2BVSvf.jpeg', 0, 9, 1, '2020-08-03 12:02:50', '2020-11-16 12:40:25', NULL, 'DbeeF5XHgyxMxaKy2UpvIWHRgHMCRcSho4z72B5a.jpeg', 'normal', 1, 'cat', 'FNaBlMSE6nOLYgm4GAmPNlEr1D6j4EaCaxJWTbpT.jpeg', 'cAcE9Mwiw7UZBiWFDu60TOh8QNWw597z0Kulnp7l.jpeg', 442),
(32, 'xFNOdAsLJEhU0NDXP6q3MWcWFUpcHsy3zta0I3MN.jpeg', 0, 31, 1, '2020-08-03 12:04:16', '2020-11-10 01:32:28', NULL, 'wQOOE5VXr3ZXbwnQ6fDVIi93ELRQ0LopSlIZurVT.jpeg', 'normal', 1, 'cat', 'uQsyoAHItt0B6a40a4NLfvKJCrOHWbHCBdQlbvgK.jpeg', 'FyM5jlmmTHHSXdP6Iy2vgXuu88qj8WOPDtwS2eLK.jpeg', 2),
(33, 'OZxICGfneTe7UcRqMDpejNaYQO1MFitkKobG2pLE.png', 0, 9, 4, '2020-08-03 18:59:10', '2020-11-12 11:38:32', NULL, 'jaVkybp79vVCIBFRFlpZTU4XyZKyPYoxEXVAy5ep.png', 'brand', 1, 'cat', 'yN69iy5LAsfD9EcDNkQZ1XYHR1KyvG9msKCRvsIg.png', 'dNkFYYPzY2zhLnlwHiqUBGfOiE3iS9j0phFMHc9l.png', 19),
(34, 'o1FglynqBFW7Qz9SWHZqvEm3L99xYnMTnNpfbLQR.png', 0, 9, 4, '2020-08-03 19:00:35', '2020-11-12 11:38:23', NULL, 'xZVtjnaVeSQJlJHPTGQqdyRj046mqgBqVdfUFhOG.png', 'brand', 1, 'cat', 'Jp2EH8mcnSYznPAEsvIKnERwFegXa4TtcwMq15Jm.png', 'OHusx707egRbGiiLFADeBFW0jFxtKWwWBS34jr1L.png', 23),
(35, 'BShnBUKBtDpQjiFjzXGYbu56ncBnbLP1ZCfZOktm.png', 0, 9, 4, '2020-08-03 19:03:18', '2020-11-12 20:28:46', NULL, 'kFwtI2A7gbRBV0fHiq1nTELCHuh5VmsLCuwLMytz.jpeg', 'brand', 1, 'cat', 'WmIMKI1wvghYauBp1FXiWKdNJsEdgmSk2vrOtoRA.png', 'cPfesNMUIuvIRrKO2YKeKg7HCoMaRBSGT5we8LvF.jpeg', 7),
(36, '8JvvZuzaqYFTIY4VenPwqUS6rJJTyqVS6NErSYxn.png', 0, 9, 4, '2020-08-03 19:04:42', '2020-11-11 07:40:59', NULL, 'RCCGNeNBH3CawYCM5wk6P5rzFedxuiLlmIuboAnF.png', 'brand', 1, 'cat', 'VzAliK7xVavtvli21nfIAyk6Ta75UzcpcXRQWjuB.png', 'KpZjlFKQwfe3ezfA5aQrZCja89ulEDwAYhvmNoIw.png', 7),
(37, 'v681xCqYYQi8RJxx4tQGZAAROLjCHdmrH0fgBHhQ.png', 0, 9, 4, '2020-08-03 19:06:42', '2020-11-12 20:28:15', NULL, 'XcmgFPXujU6PRnj7Fim9oykYILdrpGxA1gQtKOYc.jpeg', 'brand', 1, 'cat', '93xZnn36tY6gHlS5NfRJg1EnlO03A6IJatiSVhqA.png', 'XR0ymKV8d2FLK6TRiWHqNEFUSzK56ilYY5fAWz1G.jpeg', 9),
(38, 'n6ytqEOpjifYbcmrc07WOqV0XqgmFFwBHdUTMaG7.png', 0, 9, 4, '2020-08-03 19:12:40', '2020-11-09 19:24:20', NULL, 'E2Ze7W28CFehRaSRb1nrHUVICmcZb888zUgikNC9.jpeg', 'brand', 1, 'cat', 'mABDSw9zTIRhZkkhLC8H3MVKMe0DzOlnFKFKpMIa.png', 'WKDmfJ2eNmtoJhjXdtsLb0jlsG3ydqYeFYbdiDKD.jpeg', 5),
(39, 'CQ3opTDuXuuXdSdtlMTZ3i1cDCJugrkFPiwHr5xh.png', 0, 9, 4, '2020-08-03 19:14:38', '2020-11-11 12:37:47', NULL, 'QflVT7cOUKUN2VvRxB6IhMJRIKCkTuMZrPlMYMDL.png', 'brand', 1, 'cat', 'XyRiKl1epjbwUpu4Jcvvpuvc7Hl7EHitBkxjhJ87.png', 'TJ7OdMswf2GTAf3sUgUmTzEprERwhKSPyik2cmng.png', 10),
(40, 'xjDeFldzUxl7THbcYFfKiczgXKgi9xbXwAkBeoRa.png', 0, 9, 4, '2020-08-03 19:15:49', '2020-11-08 13:28:22', NULL, 'I12feB2NtuGj68iBFqEuCzVOifHlow5kPHcnZSf4.png', 'brand', 1, 'cat', 'QjnmY1D1JJvjST45WLB8OsLG4nvBCePwdbzNxijT.png', 'FDtEIth816d8yToRBtoGrnj0sfYQIJZt38ha6wHM.png', 3),
(41, 'vdx4F4tktGYvobqeUX5EIkx7WMt8XfOx63bi9ZcX.png', 0, 9, 4, '2020-08-03 19:17:27', '2020-11-10 06:39:35', NULL, 'coJl2CE7AD9LirqH4fJlkG8xWAL3QpnnL5aANRyl.jpeg', 'brand', 1, 'cat', 'OEsS4MNvgw1AWuqdQMCMHDHkfGZOECywbW4sJOnk.png', '0tMblqe4JsAF8axQcEHwCargRHDyzQdMmZXQ6vqV.jpeg', 12),
(42, 'fdjANVK4As9SFF1yxfXOq7Z1yhe3Q90vqtmOsDji.png', 0, 9, 4, '2020-08-03 19:18:44', '2020-11-16 00:01:34', NULL, 'lUJaQUVsC1PFckHK4LtE0Q7AbxBwbcLf0umCk4lg.png', 'brand', 1, 'cat', 'Ot4vgVMXIMy7iB7KQ5x6UnZ2Lpa7IHhBlEsdExWE.png', 'dlo28elc9tEpIgkVwuoyZnf0DhjTVCtirtUCDbIv.png', 9),
(43, 'a40weC9htYt3D0ysN0cVQ7gwx7vCNxMZXIBBz3X6.png', 0, 9, 4, '2020-08-03 19:20:36', '2020-11-10 19:23:16', NULL, 'm9q7o3mIwVLYS8T37Kw5zvttlOwGVbMoqbqhloDk.jpeg', 'brand', 1, 'cat', 'mHK5mUBKjKKYYlImJrBs7qy9cGQSrFWdomYACqpa.png', '6EE5bcFjjWIXX3Hg0UgSEM0kb2KB7yWmQUhh2UsZ.jpeg', 9),
(44, 'kWgTgrqoGMUW7qQAz5Y4KQ6YYXoVPltffBreNfdS.png', 0, 9, 4, '2020-08-03 19:22:30', '2020-11-11 12:37:06', NULL, 'KGm1EL4dqoTAJzqM58WMJQJtLzjy80ttxHD7qgeZ.png', 'brand', 1, 'cat', 'q20dqQpPhpj5SlUf9V4OK7heL7hjBhORUXiFNcwI.png', 'x7F5XDxrpr1d7WaFYZzY2mrJdLHhlJOGhBAJMvhc.png', 10),
(45, 'aFvhyNON1KADr5o9faLzdfQdf9aPe5gE4OGzvrRB.png', 0, 9, 4, '2020-08-03 21:23:02', '2020-11-12 20:29:25', NULL, 'cyiA6RuWlmgPeUdVRKMzcdwzUJD6AKYnBLg0HFdH.jpeg', 'brand', 1, 'cat', 'FCWuU7TBTnfDwCfj9bdBWxgfXxK4zB9YcSYd0I2D.png', 'sXjs7X5qWfW7gGr98FTwreSAQvbUd9JHZLbJ3lTc.jpeg', 12),
(46, 'lmhcvBDQm0WT5X09L5DFyzCHFQuKjhHZSdX2YF31.png', 0, 9, 4, '2020-08-03 21:24:43', '2020-11-11 17:57:34', NULL, 'xSD6Ucfshvr3XsxTkROzVCDnTdrnOkMYAZT7J57p.png', 'brand', 1, 'cat', 'zo1iQuZez3OvLS6iPddhr61RS7xg9lJz9m7tG9R9.png', 'SF832FhBtLr2xQixGu38KjuVkr1Z92QtS4Xl6hhF.png', 22),
(47, 'smMOGIKs1GXA6nsc2MPOOcmNQtDezEyytQJC69xi.png', 0, 9, 4, '2020-08-03 21:26:34', '2020-11-14 22:19:11', NULL, 'KkYTQqOLQz1ey10vf1TtJsqgcLgS31AsfIo8cGII.jpeg', 'brand', 1, 'cat', 'OsQxfWpqfD7xSn0PvPbGnwTz09b3uoXhpDeRsjoa.png', 'sh5x4lQiSdlYmFUdEZFE3PbAfiHnzxx1evuabfKP.jpeg', 18),
(48, 'M1NXc3rrDg02OvdoKjz1y7PqqEfcewmfDpjspJtu.png', 0, 9, 4, '2020-08-03 21:29:21', '2020-11-12 20:27:29', NULL, '839MZeqeJqT8OtrzmcadxS4r6BP3H2xw8a1MuOpr.png', 'brand', 1, 'cat', 'VsvNpkAyFwGAzyHCoPFWWgNmn9mYJYbghhv9Pvsr.png', 'ez6sZIy3EI3xfZuMpD9slGoGp5JRb2IiRjhqR28s.png', 9),
(49, 'K60IjWe3xi6mBCKImo7FeRXiVG1OuxdJ4b3HAX5C.png', 0, 9, 4, '2020-08-03 21:31:07', '2020-11-12 20:27:11', NULL, 'kHNlIvGkCGmIUpjlVpFFL7BWRoS68VBBJIhnMviV.png', 'brand', 1, 'cat', 'htxZHg13rb8aGjyZcOQGEjiqssn28GKCpawxFzYe.png', 'srsyuvuIGyhAjXqKuBY6cK5rtYpkIvrhhFlwEXJ3.png', 23),
(50, 'KcC9mgmgezlcRxSBOt2oOmWNKTMICgBJduANpv8e.png', 0, 9, 4, '2020-08-03 21:32:38', '2020-11-16 09:34:13', NULL, 'MphjCGhbWILyNJjkYpuBpKwxehKWklPFdFGOwlcf.png', 'brand', 1, 'cat', '9SGvUGddJzHNzLyOH49CpgQMiGVUEs1nWvUGFw3N.png', 'b6e2X4FvadBZoOI0q3JTtVoSD3LdjMW4iSTfVLF6.png', 30),
(51, 'NYVELCzcuqe18dV246Oj7Zo1KpzBCMOlhzf1dGoJ.jpeg', 0, 29, 8, '2020-08-03 23:57:14', '2020-08-03 23:57:14', NULL, 'nV3m1IpSa2lQbAYj8L8qOgRIbjpmcEUq0yaep3Bp.jpeg', 'normal', 0, 'main', 'LRxH1ZQZCaq5VzUwKR2r1XY8RX0o9oHcnJzlfklP.jpeg', '5AKd3yFAf4N5AjqK4obfusaHtTbDAjyUk1WjpOEB.jpeg', 0),
(52, 'kvQWsKeZvle9uH2G5LdWCW2hrbL5ZxgsU5dwHA1v.jpeg', 0, 29, 8, '2020-08-03 23:58:01', '2020-11-09 17:18:35', NULL, 'K0RsigewAsu5l9mM1fYo7TJsZvTl7YvIjESeDUg5.jpeg', 'normal', 0, 'main', 'Vmax74X8SVZwPJ6JnBBH3XMcFKJhR2gAStlu6T3N.jpeg', 'jDHbrMS8ows5UAkv7rraewS7Mp4YEv1HIkYpP5r5.jpeg', 3),
(53, '0IYXrUsZU1ckXf5TPVdUYm3TFq04cw1NzYKXwvSx.jpeg', 1, 10, 4, '2020-08-04 23:33:46', '2020-11-16 10:32:08', NULL, '3QXP1PzbkQlyAV2BeaTmkHfALDB8HSCKkTdMpUJv.jpeg', 'normal', 1, 'cat', 'ZNzh73urBQV0Ms3Dd5DWrqlb9Ouzl8eXEVaXAUcj.jpeg', 'e0ILzdWkMVyejxW3CQFj0NrgeYMaUVPflYFxF53W.jpeg', 364),
(54, 'vashzJa8JHgnbuOQ5yp7IhDPoanho984xHn2icNM.jpeg', 1, 10, 4, '2020-08-04 23:36:43', '2020-11-16 12:08:34', NULL, 'Rkko8Ff2zOcqua9PapIV6uuoPD1FuVwouVV8fiCx.jpeg', 'normal', 1, 'cat', 'oDxuocxuHcjhVN4Z0fQrDeIdnYWN1LcQIxztq6dk.jpeg', 'oBldsKsWtSQrFZ5n8RDwE1fOw90AbiJCXousXvrb.jpeg', 220),
(55, 'IbJ5Wbop1yq3oe4OCMSLuhQhIIiDaOyQt5LNxPtN.jpeg', 1, 10, 4, '2020-08-05 10:20:42', '2020-10-15 12:57:58', NULL, 'gdq5MyvolgaPcVAwBgL9PFetgxxJp8d1oiPLPDWP.jpeg', 'normal', 0, 'cat', '8vazFJl23Y6cklkjR3Jnu2N2sayho5Tccgf140Sb.jpeg', '8SxtLFQ1m6cBvAvxqIon1zXnIYqpxwLKUmzhLhU7.jpeg', 37),
(56, 'ZMH3KnKDbCokzVlyEe1vI3uhYF1vEFa8mFDRDKtW.jpeg', 1, 55, 3, '2020-08-05 10:24:54', '2020-09-13 10:44:48', '2020-09-13 10:44:48', 'Evs2f8poYddcCWzkxrJR6yGWFHLYkxJYyL6T5WOV.jpeg', 'normal', 0, 'main', 'fUNyYSy1ipVl69yWAKQTGfGOWeUU8NOTkEawtVmH.jpeg', '2WB92rzK0srWq36e49zy3yTt0v7efwgQcDa4XRVn.jpeg', 0),
(57, 'SWHb3ZA6otd4hzdjZtIHdaEqOXxVtjTpc6SjsM29.jpeg', 1, 55, 3, '2020-08-05 10:33:47', '2020-09-13 11:00:29', '2020-09-13 11:00:29', '3nLPWj9AOAl1B4taznkY0HSlSsdNNwHyaMEytbzD.jpeg', 'normal', 0, 'main', 'PEidOR2TrUrtLkVVm9xAcGpo93blE2sUt2RsmzP0.jpeg', 'vVIeAJghsKpiLtuTc5tYjugwTVBOgYKF8k8omiS8.jpeg', 0),
(58, 'pxFyX8388y2SWVoWyDIs4tsUdnKGasDiTwdfU41Y.jpeg', 1, 55, 3, '2020-08-05 10:39:01', '2020-09-13 11:00:32', '2020-09-13 11:00:32', 'Lsz7iI2MWEwMcm9lSd7HyfQ5c47h1pNwGv02Yzxe.jpeg', 'normal', 0, 'main', 'ZV4WwDQL7LS4L7rBzgu0yJxEEO05XQClOY19gvyV.jpeg', 'yxJxe97XQVYllOhAtK9DcWy2AjMT1IGJOgthRuaK.jpeg', 0),
(59, 'NuRO8LzQDIbpXkmKeVddbvCnLYfOSE28kO4nWQuZ.jpeg', 1, 55, 3, '2020-08-05 10:43:10', '2020-09-13 10:44:57', '2020-09-13 10:44:57', 'spFdEyxpAyVweh2ON8K0a6hkw1QsonE6n35B9YtZ.jpeg', 'normal', 0, 'main', 'BdcKRmDMPrhRomEwiHvEkJJMlBGMCgvUlFFxmX75.jpeg', 'Iis71L6GSHv8UewoVz6qeHxMgKuafbaQCRvGsAv5.jpeg', 0),
(60, 'fSfLuk19H6MAGkIKZd7SZwtCSqNHSxXD5yR0Sn03.jpeg', 1, 55, 3, '2020-08-05 10:46:14', '2020-09-13 10:45:08', '2020-09-13 10:45:08', 'p8Yor0kM7760Id5S4e99yTAYXz14AAvizLCOkKti.jpeg', 'normal', 0, 'main', 'vcocNSO3Afa4fUO9aKuYHlcCWiKpfGakrhe7Doxv.jpeg', 'Ud5hY95gFKCFFnGHAhgYpLOqgNowZmuJLu0XK30M.jpeg', 0),
(61, 'jI90N7CgOGrqPI9H5n9mKr5vM85f7SZ6hYhWFxLA.jpeg', 1, 10, 4, '2020-08-05 11:57:47', '2020-11-16 12:08:44', NULL, 'Bz57pSXBLWhYN1CAmCTvbuSK3leBwlAKEm3w7r44.jpeg', 'normal', 1, 'cat', 'WmpoOqJt95SgXH7Ah6FXoDK0Qw9vg7g9gSfcYUE9.jpeg', '8GnlMy4hU4tJwXLP2IXMsrS09KRJCN6D60MW7BQV.jpeg', 372),
(62, '96F9BVXqXxxNRM3JUUVMXarZtchZwJAMgAXZoeK9.jpeg', 1, 10, 4, '2020-08-05 12:00:17', '2020-10-15 12:57:22', NULL, '7NlZ82sAc6At1vBm0J3rUcIpYushaxRcxPEUkVpr.jpeg', 'normal', 0, 'cat', 'RiQ7mUdFWpnkJZiDW8QqS1ygxQrsMZ5ENGurHXmN.jpeg', 'z0RL3m7aidNP2OTJKaU4kR2VVD5CGUJmPSTRH2Fz.jpeg', 35),
(63, 'mkDhStS8OiOulurJZrS7UtXOwexqr46MaV9peVRQ.jpeg', 0, 23, 4, '2020-08-06 11:00:11', '2020-08-06 11:00:11', NULL, '2aDEAnSLb55S6DzEdlW4k7BoeN94XEXozM41FyHx.jpeg', 'normal', 0, 'main', 'Ylk9fk4oELBtStQj1fc1TmHXbbWb8BdsEU01xZaz.jpeg', 'xqwcVkq5e79VVRlUaq3zbAdMzL8kL2qcrtgthjid.jpeg', 0),
(64, 'u9VEzBBUIXwvl5DUxhpnIxtkFKvhIQDWmeHNC6EJ.jpeg', 0, 23, 4, '2020-08-06 11:01:36', '2020-08-06 11:01:36', NULL, 'EULFd7PmzKzcXdbfigwdAJqmEhvgnF1E7oD9BnL8.jpeg', 'normal', 0, 'main', '0DtRfKUmmEpxbNPZ7Eku9zTrRgfPyJahA4rOu5DO.jpeg', 'HkHKTJgkPgOzaB01KGV9EVjdbvb8O9NjHNpbnQia.jpeg', 0),
(65, 'kxv5jQZLkB6b0fXvi0DOIxVJxnRjNpcC1nVWS37v.jpeg', 0, 23, 4, '2020-08-06 11:02:34', '2020-08-06 11:02:34', NULL, 'lLIIeipMAfJ43CKULL3X4EAr4isfeVgkCEKbE4J4.jpeg', 'normal', 0, 'main', '4erEAbLa0dIAeI62z3CmZ8ze35ahskplt1UF5b2f.jpeg', 'BZL80bSjdge2O9dWCYQxuiZ5nryBLJPzVOJGfEEt.jpeg', 0),
(66, '', 1, 21, 4, '2020-08-06 14:14:21', '2020-11-09 11:46:57', NULL, NULL, 'normal', 1, 'cat', NULL, NULL, 1),
(67, '', 1, 22, 4, '2020-08-10 11:12:44', '2020-11-10 11:11:23', NULL, NULL, 'normal', 0, 'main', NULL, NULL, 35),
(68, 'IW6dEF8SC9EveN3qaYPXsqmEF68sZoLMipXZB2gb.jpeg', 1, 73, 3, '2020-08-10 12:10:57', '2020-11-16 12:11:42', NULL, '5TNhS0eyEcBqLLrSHB6XDJcrZ7KkYykwBurc3Zxh.jpeg', 'normal', 1, 'cat', '4hKKxNgkOgWhsF1LztROSwzTO5s2DXlMUct08RGX.jpeg', 'k0JmhHMmQkNHtlewJkhRYgsPMiEJqVGjbgcLgReI.jpeg', 140),
(69, 'GCGn6sIYX8qqg8ltpx0YGxpZMhmOg7U1RUWCQdhl.jpeg', 1, 8, 8, '2020-08-10 12:11:32', '2020-09-13 15:12:53', NULL, NULL, 'normal', 1, 'cat', 'xNy2UAevA6DSoITA9wedFn1tG9tVwA8SBEBzDT3a.jpeg', NULL, 3),
(70, 'a4fxPqPE1RInpXY7O0A6C7PuIQ827NS02PVm2aS6.jpeg', 1, 11, 2, '2020-08-11 13:03:21', '2020-11-15 00:50:29', NULL, '51tYvQOZ2qIux4otVA3Ah3jU1Ksf1QkEJ6jK6rJr.jpeg', 'brand', 1, 'cat', 'RVAn5EKrgbSKKxZMTAqyo2BKfNRhmzDgBdhRh7HG.jpeg', 'XRQRUojvIskiQf0tuJvitZQ6sEbt8YojtrJN8biy.jpeg', 26),
(71, 'IrDr71WCpTGp8GKqD6bi8CKdukzZlKVb2jTlkLG9.jpeg', 1, 11, 2, '2020-08-11 13:08:01', '2020-11-15 16:34:49', NULL, '1slrJu5jr7bYKaTaVsLEzo58HbEOlid2xWJSa4CC.jpeg', 'brand', 1, 'cat', 'fSdHUvxaMoUJtjqkkCFe1c2Kh7BrLGhVoLYshY4x.jpeg', 'h3zY1eC0xpO6zlRMsXz9lj7WJfcJVJpuVwjTZphd.jpeg', 46),
(72, 'vgxbaXJE1J7WT1GV2lB3jdcmgeYIcejZHfpaxw3v.jpeg', 1, 73, 3, '2020-08-11 13:53:55', '2020-11-16 07:38:57', NULL, 'qlcUWqe8FQGUHF8rkROiiFVSX9DYRf8PSOIzKNKx.jpeg', 'normal', 1, 'cat', 'XU6x8rNPuxJpG7FBrQ3BblW2eQwfCVo0980szgRM.jpeg', 'UJnY5EYcq2wd8wUnQVGJYeOE9W4OiGk08zuKoCCF.jpeg', 216),
(73, 'dOOEH4uex2OF5ZtP0FRdM0zerfxSqN80ejIGHBNv.jpeg', 1, 0, 3, '2020-08-11 13:56:12', '2020-11-16 11:41:58', NULL, '2020-09-22-EC5.gif', 'normal', 1, 'main', 'OVkbw92YDC77QEmkUE9IPd9W07WbK8ShKBNKZ5x7.jpeg', '2020-09-22-EC5.gif', 1012),
(74, 'ZFRAkhbr4TjynO40O91MYdeprWlp8zyN3D3Bzivg.jpeg', 1, 61, 4, '2020-08-13 16:53:44', '2020-09-13 11:52:57', '2020-09-13 11:52:57', 'ZtZOHAmr5q4P1YlqT4L1zGk0mRNGizMeHqtFyAeW.jpeg', 'normal', 0, 'main', 'rhFCRvMkOJtVSGgrXA2q5VlIVLScjnkOok7tXL8a.jpeg', 'qYByaXvpkpoZ6p8A7rgAmopSEvqWXTW5aobH2w1k.jpeg', 0),
(75, 'zzkadgzKsCbkvOAuxAzR2YP3v9rlmJXHuqouUDpK.jpeg', 1, 61, 4, '2020-08-13 17:03:11', '2020-09-13 17:52:07', NULL, 'RsCeujyjfljXpnTLOcQ7wjbVUYIN3Y6VhQYG0xNN.jpeg', 'normal', 0, 'main', 'N0qGSSwWyeGLX3H2EnkGQqDdGaZ0PRXLO2eb5roA.jpeg', 'GJOCHCLcdPvyQbryrZvtSDYRbPyxLsRxDYvH39QZ.jpeg', 0),
(76, 'zWRKW58PAwo3lv03g35qEkxtaLJU7HNtykEtyVV1.jpeg', 1, 61, 3, '2020-08-13 17:06:47', '2020-09-13 10:33:19', '2020-09-13 10:33:19', 'SsdiathApNddqX59s0T7vwgX4ovtQPJ0i73xBiIw.jpeg', 'normal', 0, 'main', '88jA9MQddxlJQBdqVBAXhz2fAqcPSXrSBo2yYAEq.jpeg', 'HTaBvwPLlG6rUIjlO7ZV9hYEa4RoFnDnZuELSdNq.jpeg', 0),
(77, 'rtrl4HoDtomYZife2iMayCKi7yQXGz5Tgw1h1BdM.jpeg', 1, 61, 3, '2020-08-13 17:09:25', '2020-09-13 10:33:24', '2020-09-13 10:33:24', 'UAwwtTllmZOHFSykQOuoXL673uBAWqg89i863GYn.jpeg', 'normal', 0, 'main', 'noPk7qB7pVWqDIWilkfUoO8MJ9ngoy4ulckJQFmA.jpeg', 'ELjZIUixLdMIMlL8Dejkts0wl47GoVjl7y171qQs.jpeg', 0),
(78, '6nanAm072liQyW8zsTVNpQr92UnKLzSbZNkRf9HA.jpeg', 1, 61, 4, '2020-08-13 17:15:19', '2020-09-13 10:33:30', '2020-09-13 10:33:30', 'mJXhsSqTgqrhvwrC4anrYOuS5FWYEeMlbIyIVvoH.jpeg', 'normal', 0, 'main', 'iDIqGlpmXOaLuoIUNtLfcVLIIiHPOvSz0nQvHkYe.jpeg', 'sPKceYXqG4ZJJFfPGAZdsGxjvc5LdilMLchZKoNZ.jpeg', 0),
(79, 'ceW8zSAIuqPdBPHt6Do6DmXefCWLDKdNTI2nMIxB.jpeg', 1, 61, 3, '2020-08-13 17:17:28', '2020-09-13 10:33:38', '2020-09-13 10:33:38', '3JaX9vzSRdaRkj5ZioGDzqwF1HYVhlEoyYMQC57L.jpeg', 'normal', 0, 'main', '1wGvWEc4I0ZhYwAZZK65rPdswN4JLeqUxykBKmhw.jpeg', 'sVVH51JQ3QjfqliK6T2L0dcvTo1fJwKgVxnO5lKa.jpeg', 0),
(80, 'V7ajflzUw5nP6549JCOP3TsFbumB2o6dOTbotqha.jpeg', 1, 54, 3, '2020-08-13 17:25:45', '2020-09-12 17:15:36', '2020-09-12 17:15:36', 'AKRqyGgn90FIjLvgCTrvGt9hGSuCAogOpAzD1neI.jpeg', 'normal', 0, 'main', 'p3epUOEci9RKpFDfUq0d1uWY0WkDCVFUcRLhLfbX.jpeg', 'DGdRNCBaYeFbAlbN0dQO7BfjBDzf8grzEvsk88e7.jpeg', 0),
(81, 'OpevfoW0m3wy1IthpxE1e7SyGTssaYmNezhkYH5F.jpeg', 1, 54, 3, '2020-08-13 17:27:56', '2020-09-12 17:15:43', '2020-09-12 17:15:43', 'KN8tdNamrlbeOhFdSVDDZQqubSeTEg4Pn5erjjrs.jpeg', 'normal', 0, 'main', 'pjG7KYJeFpYU0URgKuyQwWHxGuTxPPGGWqohHKWD.jpeg', 'BWtq2WfSf5N69nggp8n1GPXiHkBqlMKk9zZqpy5q.jpeg', 0),
(82, '9VKHeSX6BNMNyGo9RXdhIVsRMOXWf0k8Wxa3FPyB.jpeg', 1, 53, 3, '2020-08-13 17:51:11', '2020-09-12 17:04:25', '2020-09-12 17:04:25', 'vpP64kXVU7QXwxMBvzyEdGcEH76XmwiF7L6NRgiZ.jpeg', 'normal', 0, 'main', '974ZTD9ybXuwBwARMCAoswyzb6JNFlaiEXZlGGvq.jpeg', 'sQG7rZMxgZmOkBSHkz2KdVxtdzxZqZAqh6MRMYue.jpeg', 0),
(83, 'dov0zxj9x1lEE8Q8QoXYEBxZCnJwnTyPOh3EDGhz.jpeg', 1, 53, 3, '2020-08-13 17:51:15', '2020-09-12 17:13:57', '2020-09-12 17:13:57', 'KWzuk2c05oeNpgG2hBQ6QkTfGTurSimYSnzsqfpE.jpeg', 'normal', 0, 'main', 'xJWfrzji2a8C1zbcHrsaDrmoE7ioeBHv7LjyDtJc.jpeg', 'gSnO98O3VD9qgeR5uCzHdf75VWAmEcquURU9Fi2J.jpeg', 0),
(84, 'xDfB68jaJWlV9eLOi89j0MsDG3YtGaF95sy4G4Pb.jpeg', 1, 53, 3, '2020-08-13 17:51:17', '2020-09-12 17:14:00', '2020-09-12 17:14:00', 'gxe1mOgiH19cxwzFBt38aMjtWIp5MtWodaWpUKru.jpeg', 'normal', 0, 'main', '1k0DojVYaSg1pCChHTGcMugYKbRaRMI366fvTuEl.jpeg', 'B6FaDMnD6D46WsqQvh7ADHveladIdvx8JHPozsQy.jpeg', 0),
(85, 'OvcHBEVv8ARLn1UFmYFe30JRvpGtORGnhHk6yZai.jpeg', 1, 61, 4, '2020-08-13 17:51:19', '2020-09-13 17:49:25', NULL, 'zCQUxAfLQFvJXy4ftWVB3QaKgWcxQ9andUudUTMr.jpeg', 'normal', 0, 'main', 'J9ZVVViLvxCvblHoVys3uF8uDM7b7nT1WaMi6Xfd.jpeg', 'THoQmJBdo9WA2aIOw6wpKV9Dc5Y3h3BmFIlWXe2w.jpeg', 0),
(86, '3fo6HMysENcWj6Z48RRxYxm0zPpK0masQLQIg8Xu.jpeg', 1, 85, 3, '2020-08-13 17:58:00', '2020-09-13 11:14:49', '2020-09-13 11:14:49', '32U8d7LO0S3ee5gayYMXC3qJtuKWTcwEtNwx3arT.jpeg', 'normal', 0, 'main', 'RyJPtC1mAiHD7xw1G0hlnvOTWiLoAes8RbmmOQfY.jpeg', 'WRvnqlY9Mm9RiWZFiXjp89OSIjWIgXkDdBSLe4n9.jpeg', 0),
(87, 'A1RIPMCOy9dJSxUibEzbU7LqwtBLlMDz9P7qlcnS.jpeg', 1, 85, 3, '2020-08-13 17:58:01', '2020-09-13 11:14:52', '2020-09-13 11:14:52', 'zxoTreGK2dGddg6zZzilJjUW0eGIHBsm50zDjpqX.jpeg', 'normal', 0, 'main', 'D99MPrQ8OuAfMl82np0m157lOWuLNzLqCitdR59n.jpeg', '9jbMhfZJDH0ANYyYMabSUiDi2bekfS9E8qeUEmVM.jpeg', 0),
(88, 'MBcCVFjy2c42b3mJTjIfu9vAJnqsR18N9H5vNBp7.jpeg', 1, 85, 3, '2020-08-13 17:58:05', '2020-09-13 11:14:55', '2020-09-13 11:14:55', 'I3hMy03Xl0gDUyEuHlxoLVGP6XHHNYZs2Ak26Tmf.jpeg', 'normal', 0, 'main', '5KxtmghvgtmttRInVhny4lGz92arhV5o5SEQ0AcF.jpeg', 'hMcfFZx1cDnQiLEzZf5i1LtcFtUaNukLQg6J49LJ.jpeg', 0),
(89, '93QqNHxjA0tU4stLcjBcW1uYr1pm23sua9F9NANh.jpeg', 1, 85, 3, '2020-08-13 17:58:10', '2020-09-13 11:14:58', '2020-09-13 11:14:58', '0X1jGp0RJiHHl881NYLi5V7sbKpyBbxBVsfRsf0o.jpeg', 'normal', 0, 'main', 'YAR8sMBLQ6mMR1hzsF8CQVYo5X2uSUMNxxcx8KqD.jpeg', 'AUBMu5JUafSN31Mjsg794foXH1ZxSX5JTbwSnqck.jpeg', 0),
(90, 'yyokgkDNfisVqTZclqEeA54QFUtD8onZ6b6Joet7.jpeg', 0, 8, 8, '2020-08-16 13:13:59', '2020-09-01 17:09:17', NULL, NULL, 'normal', 1, 'cat', 'qsrg55yJQhsyr14isjbPSYYeltS4AfAgnBNN9jmh.jpeg', NULL, 0),
(91, 'Tmmf9uSWd72hzZ4RkFR9bwqs5Wp8NZlFEugkduYQ.jpeg', 0, 8, 8, '2020-08-16 13:15:19', '2020-11-16 12:13:20', NULL, NULL, 'normal', 1, 'cat', 's6r21qNHT9XLHNS0Daoxl3tbhClRwGt5EAyiJb18.jpeg', NULL, 330),
(92, '491zuQxU6du5jFKIiagQx1W3Ksh0uQT3ZuRDaCWj.jpeg', 1, 73, 3, '2020-08-16 15:40:33', '2020-11-16 09:39:37', NULL, 'ASVizJLamckCbTrMZ6fyqPYlL6T0EMkkCpjFiSZx.jpeg', 'normal', 1, 'cat', 'dtxyfXAi8XWVwDiEhB9i9KIa6pgCY77PuyF00maV.jpeg', 'GRJjxCKAQ8SePYoK3ulhIv9EAMH2EmovehKA88wi.jpeg', 484),
(93, '', 0, 92, 1, '2020-08-16 21:29:06', '2020-08-16 21:29:06', NULL, NULL, 'normal', 0, 'main', 'VsTEPmDFtjJDiIGTNtMvaFNBMS6gILb7gIKL484H.png', NULL, 0),
(94, '', 0, 92, 1, '2020-08-16 21:30:32', '2020-08-16 21:30:32', NULL, NULL, 'normal', 0, 'main', NULL, NULL, 0),
(95, '', 0, 92, 1, '2020-08-16 21:31:49', '2020-11-09 19:07:44', NULL, NULL, 'normal', 0, 'main', NULL, NULL, 3),
(96, '', 1, 8, 8, '2020-08-18 09:54:53', '2020-08-18 09:54:53', NULL, NULL, 'normal', 0, 'main', NULL, NULL, 0),
(97, '', 1, 92, 1, '2020-08-18 09:56:48', '2020-11-09 10:40:15', NULL, NULL, 'normal', 0, 'cat', NULL, NULL, 1),
(98, 'kKGaMnBpNtoSJtkDPwvpkyQqLamRIkxCbmujcFnT.jpeg', 1, 10, 4, '2020-08-18 16:21:11', '2020-11-10 13:24:18', NULL, NULL, 'brand', 1, 'cat', 'YvslqU5QpNMyB4eYvATVvHVddV9iKly1otCwnwOd.jpeg', NULL, 10),
(99, 'b7HjL26AEBfY2W1olvlAr7KvbJT9CCbjBLuJThRR.jpeg', 0, 10, 4, '2020-08-18 16:21:52', '2020-11-10 13:24:04', NULL, NULL, 'brand', 1, 'cat', 'Lk6dHJWXel4VCCH9PDCIg0q0i12G0fUwZ68NNwp0.jpeg', NULL, 9),
(100, '4q1iThPrhyQeNyIUbPK1yb1UwZB8p9f3NneuIzrw.jpeg', 0, 10, 4, '2020-08-18 16:22:56', '2020-11-10 13:23:56', NULL, NULL, 'brand', 1, 'cat', 'HgAIBC5UMshyUMD2ToKXSarNUP6yVlgpi3ZCa3Nm.jpeg', NULL, 9),
(101, '2Sr6zYOh4aC4erEwnBB11Nu9TcBnq4RhKgeMi3pC.jpeg', 0, 10, 4, '2020-08-18 16:24:00', '2020-11-11 19:45:53', NULL, NULL, 'brand', 1, 'cat', 'luXFx5MEO8c4VmZSw4425ceHEILyNgY0ocDZP5oB.jpeg', NULL, 11),
(102, '', 0, 0, NULL, '2020-08-19 11:04:50', '2020-08-19 11:04:50', NULL, NULL, 'normal', 0, 'main', NULL, NULL, 0),
(103, 'xWW7AWnY9EL9woBkdbASg9t9nzwOTg3qlKdyStDE.jpeg', 1, 12, 8, '2020-08-25 15:56:13', '2020-09-01 21:50:11', '2020-09-01 21:50:11', 'tnUZXCgXIpuA0MCQhuRGDa7aGSmPGrTHSwGNelcQ.jpeg', 'brand', 0, 'main', 'qMX9l1HX9EadzWdMaEzXR7gEc3BxQJAsOSL9NTDl.jpeg', 'aUF6Q58MrHYXa2nkVXtiI3FvqBkGahGJGJymXr3u.jpeg', 0),
(104, '', 0, 102, NULL, '2020-08-26 16:38:58', '2020-08-26 16:38:58', NULL, NULL, 'normal', 0, 'main', NULL, NULL, 0),
(105, 'YVYGVsMMJjeqprS118UMjtT6deMYsXSQ4dCP5Lci.jpeg', 0, 73, 3, '2020-09-01 13:09:14', '2020-11-16 07:40:03', NULL, 'xqfFWJNg8OGAvYozTt6ug9Zpo5yTzf2QzQOGfnRg.jpeg', 'normal', 1, 'cat', 'jTLxKa2ymoSiiPxXM31RgXwCGa9qGdGPkhxoPlcb.jpeg', 'j9NDzTYwc8o509DLDCwHoTTxjzA33RJwgkJxE3B9.jpeg', 204),
(106, 'aad7rwJOlKI97DI97bOgjYKI9BT5PuYxWvIwj13V.jpeg', 1, 12, 5, '2020-09-01 21:49:26', '2020-11-09 21:32:00', NULL, 'BgLUsLrxjeS7HnUsAGMjxPifUeFgGnfXwTpDjdgN.jpeg', 'brand', 1, 'cat', 'WzeuDFX4nmt81YTD4AsfqMRwIcMxEj1ILVMeKixg.jpeg', 'zY92JEQchDhW3P7oppD3h7o5f7mbvHeOIPHZSECT.jpeg', 14),
(107, 'P5T9IN4xoy5YgEXg2abS3RIcmtBKERoa6VzsBGPw.jpeg', 1, 12, 5, '2020-09-01 21:52:12', '2020-11-16 07:38:25', NULL, '5RSV35xy7UwuZkBQE1xQ2FejVdBVYgUNKuNFpfGR.jpeg', 'brand', 1, 'cat', 'o63Nzis0eek5zcgg5U5oD7Jr0SpkdgPahxOyMziB.jpeg', 'kP8NLFLrj1tKoVUMWz6TwurnW9KGcarm9iyDDD6E.jpeg', 44),
(108, 'eC8p1QFNg7Pugc61h9kPlwSVS4IsMq1PraHFY9Ea.jpeg', 1, 12, 5, '2020-09-01 21:52:57', '2020-11-15 16:55:22', NULL, 'VnvoDQshTTsQppQat50ue5Du74cWnkOyTpUttBT5.jpeg', 'brand', 1, 'cat', 'ukxTDiO9432ph5wYugOneMLXHnx2ZK5Js5jzOKvA.jpeg', 'SRmuzlFSh3PR71iH2RCQcXxpZ4DSkb7dIR75NQAb.jpeg', 29),
(109, 'Vp6qVmVH91ovwbuLBcmr1dOxKPcVmzbN5pRTUlMo.jpeg', 1, 61, 4, '2020-09-13 10:48:34', '2020-09-13 10:51:57', NULL, 'amXPwpNzLjlcWGcRGmA19awxYOwaIiotnMkulZMh.jpeg', 'normal', 0, 'main', 'oZjgKHQm8UPdxvVttlAdr40B79eCMzlfPoL5V22W.jpeg', 'wEiut0DAumTjIQ44lDCbyyrBfUC2xhYyTU95nrN7.jpeg', 0),
(110, '', 1, 0, NULL, '2020-09-13 10:49:19', '2020-09-13 10:51:04', '2020-09-13 10:51:04', NULL, 'normal', 0, 'main', NULL, NULL, 0),
(111, 'G4UoxQf2i9MM7EraXyEM41PjJvjSc9brVP4qt5Z2.jpeg', 1, 61, 4, '2020-09-15 14:18:47', '2020-11-11 00:12:01', NULL, 'a5DMpnbd4p7iVSxbojXfX4BXXC1Jg4xadsRAsMop.jpeg', 'normal', 0, 'main', 'ZOxSqTbqN6ij7LwX7CMw8tiNcqSZu6ZLOGqNqfrL.jpeg', '8unOsrrp82qFYCFxaxGPRgZEFKaseFzxPpVX7czG.jpeg', 1),
(112, '02BlDr1U7AsdLVPwVNThdqMurhuRBkoIAmKLIadQ.jpeg', 1, 61, 4, '2020-09-15 14:44:03', '2020-09-15 14:44:03', NULL, 'nAobxaPdyGb6QK5sxsC6bOVr2QM89OHj2wd5Gn42.jpeg', 'normal', 0, 'main', 't7QU0maYT44iQUg2gY6hiTqNtWLJDHSyTKn4sfdK.jpeg', 'YmHEoFSLPzCskxgG66hFpRi0PZGWUXmfKZB37SKa.jpeg', 0),
(113, 'x10VtEkyWXtEmb1MwRXZqhOlnDZg3gxONUfEJonA.jpeg', 1, 12, 5, '2020-10-11 16:52:27', '2020-11-08 17:24:27', NULL, '5tsfWvEApO2Cb8hfKniaYq0ruQhKfLMIqhl9FGxW.jpeg', 'normal', 0, 'cat', 'A78ZoRO6Ju2isidacmJsJS6euMvc3yzkIwZH1Its.jpeg', 'PWiDIaHivOYlSDMNg4Pw8J6I2monr6Qg6DUXCidR.jpeg', 0),
(114, 'HMRSNV3FmvBgeWmuPJDlvwKPKTa7HAgN5TkC6usb.jpeg', 1, 12, 5, '2020-10-11 17:11:18', '2020-11-08 17:24:08', NULL, 'bk3W1tgXBkJJbUslASZaaDbxtlqSfnlSMoADzXUf.jpeg', 'normal', 0, 'cat', 'BjDm8e7WeWfpmM26Eaj0cWgNbv9Xkt6I0SHXfyyz.jpeg', 'iSCBTqgb9i3YfHRTKebFFPKAgKkK4443THcZlJrb.jpeg', 0),
(115, 'RqY68c4H7ryon5Tj1FE17T21bZ4AnQRVi72vTg26.jpeg', 1, 12, 5, '2020-10-12 13:53:50', '2020-11-08 17:23:49', NULL, 'Dmx69kv3WijB7esSsoYgMrrnboIcKr1FA4JYHCIe.jpeg', 'brand', 0, 'cat', '910XCW0UDPh3IHbBR6GE3KdJp7rsThODfLMYLxWe.jpeg', 'VB5Uz1j56yhMO4qI8inlX3qEq2fZVftilnd0fnI0.jpeg', 0),
(116, 'fosG7mfVjZ9eG4ZXICkLxDAKtNhj02XUMOLZgLcf.jpeg', 1, 12, 5, '2020-10-12 15:35:23', '2020-11-08 17:23:24', NULL, 'wWXC3ein45iShWSVTcw042jV0TSluT3Yy2LrkOFT.jpeg', 'brand', 0, 'cat', 'HYDglv91DdEJOUmdPbjWHVW6MSw1MUiAXCye5Ne8.jpeg', 'iVvs0bfSw4vuX4uQlbTvnnee1D8gzJgQFVGF89S0.jpeg', 0),
(117, 'x8PxNbiFYe8irBe9g6KiuCFifZdVC6HZtjj6ZiCZ.jpeg', 1, 12, 5, '2020-10-14 13:11:41', '2020-11-08 17:23:07', NULL, 'e3JxurWUaQzq8cKUzpSaUH4OPd2AikMrfPkaKG5M.jpeg', 'brand', 0, 'main', 'MW3OvXmVp12QaCjVuuiA06N5apJpjkTVh6uFYvvo.jpeg', 'l48adhrdHUDL1yyUScmPGxIJujYtLMrY957rW0qY.jpeg', 0),
(118, 'LFHfv1xZ1ATX6rnCBf6EkVL5wXjquH9Z7SZorZPt.jpeg', 1, 11, 2, '2020-10-26 13:21:42', '2020-11-16 13:03:12', NULL, 'VJzoyAcnm2Xsj5V6S7vMANHiIIVIfUfqRSWQoGfT.jpeg', 'brand', 1, 'cat', 'k0kXtuiXWaZlJvwzwRFwamK3zXsPPUgsZuvwQFsy.jpeg', 'wdtcK17tEYYpuR2bcliWm4na3F6W3h6cA5YpWMY2.jpeg', 174);

-- --------------------------------------------------------

--
-- Table structure for table `category_translations`
--

CREATE TABLE `category_translations` (
  `id` int(10) UNSIGNED NOT NULL,
  `category_id` int(10) UNSIGNED NOT NULL,
  `name` varchar(191) COLLATE utf8mb4_unicode_ci NOT NULL,
  `meta_keywords` varchar(191) COLLATE utf8mb4_unicode_ci DEFAULT NULL,
  `meta_description` text COLLATE utf8mb4_unicode_ci,
  `locale` varchar(191) COLLATE utf8mb4_unicode_ci NOT NULL,
  `created_at` timestamp NULL DEFAULT NULL,
  `updated_at` timestamp NULL DEFAULT NULL
) ENGINE=InnoDB DEFAULT CHARSET=utf8mb4 COLLATE=utf8mb4_unicode_ci;

--
-- Dumping data for table `category_translations`
--

INSERT INTO `category_translations` (`id`, `category_id`, `name`, `meta_keywords`, `meta_description`, `locale`, `created_at`, `updated_at`) VALUES
(15, 8, 'للمرأة', 'Fashion', 'Fashion', 'ar', NULL, NULL),
(16, 8, 'For Women', 'Fashionq', 'Fashion', 'en', NULL, NULL),
(17, 9, 'عطور', NULL, NULL, 'ar', NULL, NULL),
(18, 9, 'Fragrances', NULL, NULL, 'en', NULL, NULL),
(19, 10, 'الكترونيات', NULL, NULL, 'ar', NULL, NULL),
(20, 10, 'Electronics', NULL, NULL, 'en', NULL, NULL),
(21, 11, 'مستحضرات تجميل', NULL, NULL, 'ar', NULL, NULL),
(22, 11, 'Cosmetics', NULL, NULL, 'en', NULL, NULL),
(23, 12, 'عدسات', NULL, NULL, 'ar', NULL, NULL),
(24, 12, 'Lenses', NULL, NULL, 'en', NULL, NULL),
(25, 13, 'العاب', NULL, NULL, 'ar', NULL, NULL),
(26, 13, 'Games', NULL, NULL, 'en', NULL, NULL),
(27, 14, 'ذهب', NULL, NULL, 'ar', NULL, NULL),
(28, 14, 'Dahab', NULL, NULL, 'en', NULL, NULL),
(29, 15, 'بيلا', NULL, NULL, 'ar', NULL, NULL),
(30, 15, 'Bella', NULL, NULL, 'en', NULL, NULL),
(31, 16, 'فلكس ايز', NULL, NULL, 'ar', NULL, NULL),
(32, 16, 'Flex eyes', NULL, NULL, 'en', NULL, NULL),
(33, 17, 'انستازيا', NULL, NULL, 'ar', NULL, NULL),
(34, 17, 'Mestizya', NULL, NULL, 'en', NULL, NULL),
(35, 18, 'رموش', NULL, NULL, 'ar', NULL, NULL),
(36, 18, 'Lashes', NULL, NULL, 'en', NULL, NULL),
(37, 19, 'عدسات يومية', NULL, NULL, 'ar', NULL, NULL),
(38, 19, 'Daily Lenses', NULL, NULL, 'en', NULL, NULL),
(39, 20, 'عدسات شـهرية', NULL, NULL, 'ar', NULL, NULL),
(40, 20, '.Lenses', NULL, NULL, 'en', NULL, NULL),
(41, 21, 'العناية الشخصية', NULL, NULL, 'ar', NULL, NULL),
(42, 21, 'Bath And Body', NULL, NULL, 'en', NULL, NULL),
(43, 22, 'العناية بالبشرة', NULL, NULL, 'ar', NULL, NULL),
(44, 22, 'SkinCare', NULL, NULL, 'en', NULL, NULL),
(45, 23, 'مكياج', NULL, NULL, 'ar', NULL, NULL),
(46, 23, '.Makeup', NULL, NULL, 'en', NULL, NULL),
(47, 24, 'مسلتزمات المكياج', NULL, NULL, 'ar', NULL, NULL),
(48, 24, 'مسلتزمات المكياج', NULL, NULL, 'en', NULL, NULL),
(49, 25, 'برجوا', NULL, NULL, 'ar', NULL, NULL),
(50, 25, 'Bourjois', NULL, NULL, 'en', NULL, NULL),
(51, 26, 'إيزادورا', NULL, NULL, 'ar', NULL, NULL),
(52, 26, 'ISEDORA', NULL, NULL, 'en', NULL, NULL),
(53, 27, 'بوبا', NULL, NULL, 'ar', NULL, NULL),
(54, 27, 'Pupa', NULL, NULL, 'en', NULL, NULL),
(55, 28, 'الوجة', NULL, NULL, 'ar', NULL, NULL),
(56, 28, 'MakeUp', NULL, NULL, 'en', NULL, NULL),
(57, 29, 'عطورات فرنسية', NULL, NULL, 'ar', NULL, NULL),
(58, 29, 'French Perfumes', NULL, NULL, 'en', NULL, NULL),
(59, 30, 'عطورات شرقية', NULL, NULL, 'ar', NULL, NULL),
(60, 30, 'Arabic Perfumes', NULL, NULL, 'en', NULL, NULL),
(61, 31, 'عود وبخور', NULL, NULL, 'ar', NULL, NULL),
(62, 31, 'Bukhour', NULL, NULL, 'en', NULL, NULL),
(63, 32, 'مرشات', NULL, NULL, 'ar', NULL, NULL),
(64, 32, 'Marshaat', NULL, NULL, 'en', NULL, NULL),
(65, 33, 'ديور', NULL, NULL, 'ar', NULL, NULL),
(66, 33, 'Dior', NULL, NULL, 'en', NULL, NULL),
(67, 34, 'شانيل', NULL, NULL, 'ar', NULL, NULL),
(68, 34, 'Chanel', NULL, NULL, 'en', NULL, NULL),
(69, 35, 'جيفينشي', NULL, NULL, 'ar', NULL, NULL),
(70, 35, 'Gevenchy', NULL, NULL, 'en', NULL, NULL),
(71, 36, 'دولتشي اند غابانا', NULL, NULL, 'ar', NULL, NULL),
(72, 36, 'Dolce Gabbana', NULL, NULL, 'en', NULL, NULL),
(73, 37, 'فرزاشي', NULL, NULL, 'ar', NULL, NULL),
(74, 37, 'VERSACE', NULL, NULL, 'en', NULL, NULL),
(75, 38, 'ارماني', NULL, NULL, 'ar', NULL, NULL),
(76, 38, 'Armani', NULL, NULL, 'en', NULL, NULL),
(77, 39, 'مانسيرا', NULL, NULL, 'ar', NULL, NULL),
(78, 39, 'MANCERA', NULL, NULL, 'en', NULL, NULL),
(79, 40, 'بوس', 'بوس', NULL, 'ar', NULL, NULL),
(80, 40, 'Boss', NULL, NULL, 'en', NULL, NULL),
(81, 41, 'غوتشي', NULL, NULL, 'ar', NULL, NULL),
(82, 41, 'GUCCI', NULL, NULL, 'en', NULL, NULL),
(83, 42, 'كارتير', NULL, NULL, 'ar', NULL, NULL),
(84, 42, 'Cartier', NULL, NULL, 'en', NULL, NULL),
(85, 43, 'كارولينا هيريرا', NULL, NULL, 'ar', NULL, NULL),
(86, 43, 'Carolina Herrera', NULL, NULL, 'en', NULL, NULL),
(87, 44, 'كلفن كلاين', NULL, NULL, 'ar', NULL, NULL),
(88, 44, 'Calvin Klein', NULL, NULL, 'en', NULL, NULL),
(89, 45, 'باكو رابان', NULL, NULL, 'ar', NULL, NULL),
(90, 45, 'Paco Rabanne', NULL, NULL, 'en', NULL, NULL),
(91, 46, 'لانكوم', NULL, NULL, 'ar', NULL, NULL),
(92, 46, 'Lancome', NULL, NULL, 'en', NULL, NULL),
(93, 47, 'روبرتو كفالي', NULL, NULL, 'ar', NULL, NULL),
(94, 47, 'Roberto Cavalli', NULL, NULL, 'en', NULL, NULL),
(95, 48, 'جان بول غوتييه', NULL, NULL, 'ar', NULL, NULL),
(96, 48, 'Jean Paul Gaultter', NULL, NULL, 'en', NULL, NULL),
(97, 49, 'جيرلان', NULL, NULL, 'ar', NULL, NULL),
(98, 49, 'Guerlain', NULL, NULL, 'en', NULL, NULL),
(99, 50, 'تيري هرمز', NULL, NULL, 'ar', NULL, NULL),
(100, 50, 'Terre Hermes', NULL, NULL, 'en', NULL, NULL),
(101, 51, 'رجالي', NULL, NULL, 'ar', NULL, NULL),
(102, 51, 'Men', NULL, NULL, 'en', NULL, NULL),
(103, 52, 'نسائي', NULL, NULL, 'ar', NULL, NULL),
(104, 52, 'WOMEN', NULL, NULL, 'en', NULL, NULL),
(105, 53, 'هواتــف', NULL, NULL, 'ar', NULL, NULL),
(106, 53, 'Smartphones', NULL, NULL, 'en', NULL, NULL),
(107, 54, 'تابلـــت', NULL, NULL, 'ar', NULL, NULL),
(108, 54, 'Tablets', NULL, NULL, 'en', NULL, NULL),
(109, 55, 'لاب توبات', NULL, NULL, 'ar', NULL, NULL),
(110, 55, 'Laptops', NULL, NULL, 'en', NULL, NULL),
(111, 56, '6700', NULL, NULL, 'ar', NULL, NULL),
(112, 56, '6700', NULL, NULL, 'en', NULL, NULL),
(113, 57, '5200', NULL, NULL, 'ar', NULL, NULL),
(114, 57, '5200', NULL, NULL, 'en', NULL, NULL),
(115, 58, '10000', NULL, NULL, 'ar', NULL, NULL),
(116, 58, '10000', NULL, NULL, 'en', NULL, NULL),
(117, 59, '13400', NULL, NULL, 'ar', NULL, NULL),
(118, 59, '13400', NULL, NULL, 'en', NULL, NULL),
(119, 60, '30000', NULL, NULL, 'ar', NULL, NULL),
(120, 60, '30000', NULL, NULL, 'en', NULL, NULL),
(121, 61, 'إكسسوارات', NULL, NULL, 'ar', NULL, NULL),
(122, 61, 'Mobile Accessory', NULL, NULL, 'en', NULL, NULL),
(123, 62, 'ألعاب فيديو', NULL, NULL, 'ar', NULL, NULL),
(124, 62, 'Video Gaming', NULL, NULL, 'en', NULL, NULL),
(125, 63, 'العيون', NULL, NULL, 'ar', NULL, NULL),
(126, 63, 'Eyes', NULL, NULL, 'en', NULL, NULL),
(127, 64, 'الشفاة', NULL, NULL, 'ar', NULL, NULL),
(128, 64, 'Lip\'s sticks', NULL, NULL, 'en', NULL, NULL),
(129, 65, 'الأظافر', NULL, NULL, 'ar', NULL, NULL),
(130, 65, 'Nails', NULL, NULL, 'en', NULL, NULL),
(131, 66, 'العناية بالجسم', NULL, NULL, 'ar', NULL, NULL),
(132, 66, 'Body Care', NULL, NULL, 'en', NULL, NULL),
(133, 67, 'قناع وحزمة', NULL, NULL, 'ar', NULL, NULL),
(134, 67, 'Mask and package', NULL, NULL, 'en', NULL, NULL),
(135, 68, 'نظارات رجالية', NULL, NULL, 'ar', NULL, NULL),
(136, 68, 'Men\'s glasses', NULL, NULL, 'en', NULL, NULL),
(137, 69, 'نظارات نسائية', NULL, NULL, 'ar', NULL, NULL),
(138, 69, 'Women\'s glasses', NULL, NULL, 'en', NULL, NULL),
(139, 70, 'جلامز', NULL, NULL, 'ar', NULL, NULL),
(140, 70, 'Glam\'s', NULL, NULL, 'en', NULL, NULL),
(141, 71, 'ريميل لندن', NULL, NULL, 'ar', NULL, NULL),
(142, 71, 'Rimmel London', NULL, NULL, 'en', NULL, NULL),
(143, 72, 'أحذية رجالية', NULL, NULL, 'ar', NULL, NULL),
(144, 72, 'Men\' Shoes', NULL, NULL, 'en', NULL, NULL),
(145, 73, 'للرجل', NULL, NULL, 'ar', NULL, NULL),
(146, 73, 'For Man', NULL, NULL, 'en', NULL, NULL),
(147, 74, 'اكسســوارات', NULL, NULL, 'ar', NULL, NULL),
(148, 74, 'Smart Accessories', NULL, NULL, 'en', NULL, NULL),
(149, 75, 'شواحــن', NULL, NULL, 'ar', NULL, NULL),
(150, 75, 'Chargers & Cables', NULL, NULL, 'en', NULL, NULL),
(151, 76, 'مايكرو يو إس بي', NULL, NULL, 'ar', NULL, NULL),
(152, 76, 'Micro USB', NULL, NULL, 'en', NULL, NULL),
(153, 77, 'يو إس بي - سي', NULL, NULL, 'ar', NULL, NULL),
(154, 77, 'Usb - C', NULL, NULL, 'en', NULL, NULL),
(155, 78, 'يو اس بي سي-لايتينج', NULL, NULL, 'ar', NULL, NULL),
(156, 78, 'UBS-C to Lightning', NULL, NULL, 'en', NULL, NULL),
(157, 79, 'شواحن حائط', NULL, NULL, 'ar', NULL, NULL),
(158, 79, 'Wall Charger', NULL, NULL, 'en', NULL, NULL),
(159, 80, 'حماية الشاشة', NULL, NULL, 'ar', NULL, NULL),
(160, 80, 'Screen Protector', NULL, NULL, 'en', NULL, NULL),
(161, 81, 'كفر بوك', NULL, NULL, 'ar', NULL, NULL),
(162, 81, 'Cover Case', NULL, NULL, 'en', NULL, NULL),
(163, 82, 'هواتف', NULL, NULL, 'ar', NULL, NULL),
(164, 82, 'Phones', NULL, NULL, 'en', NULL, NULL),
(165, 83, 'كفرات وحماية شاشة', NULL, NULL, 'ar', NULL, NULL),
(166, 83, 'Screen Protector & Covers', NULL, NULL, 'en', NULL, NULL),
(167, 84, 'ساعات ذكية', NULL, NULL, 'ar', NULL, NULL),
(168, 84, 'Smart Watches', NULL, NULL, 'en', NULL, NULL),
(169, 85, 'السماعـات', NULL, NULL, 'ar', NULL, NULL),
(170, 85, 'Bluetooth speaker', NULL, NULL, 'en', NULL, NULL),
(171, 86, 'سماعات وايرلس', NULL, NULL, 'ar', NULL, NULL),
(172, 86, 'Wireless Earphones', NULL, NULL, 'en', NULL, NULL),
(173, 87, 'سماعات واير', NULL, NULL, 'ar', NULL, NULL),
(174, 87, 'Wired Earphones', NULL, NULL, 'en', NULL, NULL),
(175, 88, 'سماعات', NULL, NULL, 'ar', NULL, NULL),
(176, 88, 'Headphones', NULL, NULL, 'en', NULL, NULL),
(177, 89, 'سماعات محمولة', NULL, NULL, 'ar', NULL, NULL),
(178, 89, 'Portable Speaker', NULL, NULL, 'en', NULL, NULL),
(179, 90, 'ساعات واكسسوارات', NULL, NULL, 'ar', NULL, NULL),
(180, 90, 'Watch&Accessories', NULL, NULL, 'en', NULL, NULL),
(181, 91, 'أحذية نسائية', NULL, NULL, 'ar', NULL, NULL),
(182, 91, 'Women\'s Shoes', NULL, NULL, 'en', NULL, NULL),
(183, 92, 'ملابس شعبية', NULL, NULL, 'ar', NULL, NULL),
(184, 92, 'ملابس شعبية', NULL, NULL, 'en', NULL, NULL),
(185, 93, 'شمغ', NULL, NULL, 'ar', NULL, NULL),
(186, 93, 'Shemagh', NULL, NULL, 'en', NULL, NULL),
(187, 94, 'ملابس داخلية', NULL, NULL, 'ar', NULL, NULL),
(188, 94, 'Underware', NULL, NULL, 'en', NULL, NULL),
(189, 95, 'جوارب', NULL, NULL, 'ar', NULL, NULL),
(190, 95, 'Socks', NULL, NULL, 'en', NULL, NULL),
(191, 96, 'بناتي', NULL, NULL, 'ar', NULL, NULL),
(192, 96, 'Girls', NULL, NULL, 'en', NULL, NULL),
(193, 97, 'ولادي', NULL, NULL, 'ar', NULL, NULL),
(194, 97, 'Boys', NULL, NULL, 'en', NULL, NULL),
(195, 98, 'أنكر', NULL, NULL, 'ar', NULL, NULL),
(196, 98, 'Anker', NULL, NULL, 'en', NULL, NULL),
(197, 99, 'قوي', NULL, NULL, 'ar', NULL, NULL),
(198, 99, 'Coui', NULL, NULL, 'en', NULL, NULL),
(199, 100, 'زاندور', NULL, NULL, 'ar', NULL, NULL),
(200, 100, 'ZENDURE', NULL, NULL, 'en', NULL, NULL),
(201, 101, 'سول', NULL, NULL, 'ar', NULL, NULL),
(202, 101, 'Soul', NULL, NULL, 'en', NULL, NULL),
(203, 102, 'هدايا', NULL, NULL, 'ar', NULL, NULL),
(204, 102, 'Gifts', NULL, NULL, 'en', NULL, NULL),
(205, 103, 'ذهب1', NULL, NULL, 'ar', NULL, NULL),
(206, 103, 'Dahab1', NULL, NULL, 'en', NULL, NULL),
(207, 104, 'عليها خصم %', NULL, NULL, 'ar', NULL, NULL),
(208, 104, 'Discount %', NULL, NULL, 'en', NULL, NULL),
(209, 105, 'ساعات', NULL, NULL, 'ar', NULL, NULL),
(210, 105, 'Watches', NULL, NULL, 'en', NULL, NULL),
(211, 106, 'عدسات ذهب', NULL, NULL, 'ar', NULL, NULL),
(212, 106, 'Dahab lenses', NULL, NULL, 'en', NULL, NULL),
(213, 107, 'عدسات بيلا', NULL, NULL, 'ar', NULL, NULL),
(214, 107, 'Bella Lenses', NULL, NULL, 'en', NULL, NULL),
(215, 108, 'عدسات فلكس ايز', NULL, NULL, 'ar', NULL, NULL),
(216, 108, 'Flex Eyes Lenses', NULL, NULL, 'en', NULL, NULL),
(217, 109, 'باور بانك', NULL, NULL, 'ar', NULL, NULL),
(218, 109, 'Powerbank', NULL, NULL, 'en', NULL, NULL),
(219, 110, 'بـاور بانك', NULL, NULL, 'ar', NULL, NULL),
(220, 110, 'Powerbanks', NULL, NULL, 'en', NULL, NULL),
(221, 111, 'حمايـة الشاشـة', NULL, NULL, 'ar', NULL, NULL),
(222, 111, 'Screen Protection', NULL, NULL, 'en', NULL, NULL),
(223, 112, 'كفـرات', NULL, NULL, 'ar', NULL, NULL),
(224, 112, 'Cases & Covers', NULL, NULL, 'en', NULL, NULL),
(225, 113, 'عدسات لوريال', NULL, NULL, 'ar', NULL, NULL),
(226, 113, 'LOROYAL LENSES', NULL, NULL, 'en', NULL, NULL),
(227, 114, 'عدسات أمارا', NULL, NULL, 'ar', NULL, NULL),
(228, 114, 'Amara Lenses', NULL, NULL, 'en', NULL, NULL),
(229, 115, 'عدسات لامور', NULL, NULL, 'ar', NULL, NULL),
(230, 115, 'Lamour', NULL, NULL, 'en', NULL, NULL),
(231, 116, 'عدسات ادور', NULL, NULL, 'ar', NULL, NULL),
(232, 116, 'Adore Lenses', NULL, NULL, 'en', NULL, NULL),
(233, 117, 'Desio', NULL, NULL, 'ar', NULL, NULL),
(234, 117, 'Desio', NULL, NULL, 'en', NULL, NULL),
(235, 118, 'Diego Dalla Palma', NULL, NULL, 'ar', NULL, NULL),
(236, 118, 'Diego Dalla Palma', NULL, NULL, 'en', NULL, NULL);

-- --------------------------------------------------------

--
-- Table structure for table `colors`
--

CREATE TABLE `colors` (
  `id` int(10) UNSIGNED NOT NULL,
  `color` varchar(191) COLLATE utf8mb4_unicode_ci NOT NULL,
  `user_id` int(10) UNSIGNED NOT NULL,
  `created_at` timestamp NULL DEFAULT NULL,
  `updated_at` timestamp NULL DEFAULT NULL
) ENGINE=InnoDB DEFAULT CHARSET=utf8mb4 COLLATE=utf8mb4_unicode_ci;

--
-- Dumping data for table `colors`
--

INSERT INTO `colors` (`id`, `color`, `user_id`, `created_at`, `updated_at`) VALUES
(1, '#ff0000', 1, '2020-07-30 08:58:49', '2020-07-30 08:58:49'),
(2, '#000000', 1, '2020-07-30 23:34:28', '2020-07-30 23:34:28'),
(3, '#000000', 1, '2020-07-30 23:34:57', '2020-07-30 23:34:57'),
(4, '#000000', 1, '2020-07-30 23:35:33', '2020-07-30 23:35:33'),
(5, '#000000', 1, '2020-07-30 23:35:49', '2020-07-30 23:35:49'),
(6, '#000000', 1, '2020-07-30 23:36:18', '2020-07-30 23:36:18'),
(7, '#000000', 1, '2020-07-30 23:37:58', '2020-07-30 23:37:58'),
(8, '#000000', 1, '2020-07-30 23:38:24', '2020-07-30 23:38:24'),
(9, '#000000', 1, '2020-07-30 23:40:36', '2020-07-30 23:40:36'),
(10, '#000000', 1, '2020-07-30 23:41:00', '2020-07-30 23:41:00'),
(11, '#000000', 1, '2020-07-30 23:41:36', '2020-07-30 23:41:36'),
(12, '#000000', 1, '2020-07-31 23:12:25', '2020-07-31 23:12:25'),
(13, '#000000', 1, '2020-08-01 00:00:59', '2020-08-01 00:00:59'),
(14, '#000000', 1, '2020-08-01 23:03:43', '2020-08-01 23:03:43'),
(15, '#000000', 1, '2020-08-01 23:03:51', '2020-08-01 23:03:51'),
(16, '#000000', 1, '2020-08-01 23:03:58', '2020-08-01 23:03:58'),
(17, '#000000', 1, '2020-08-01 23:04:10', '2020-08-01 23:04:10'),
(18, '#000000', 1, '2020-08-01 23:04:24', '2020-08-01 23:04:24'),
(19, '#000000', 1, '2020-08-01 23:04:34', '2020-08-01 23:04:34'),
(20, '#000000', 1, '2020-08-01 23:04:44', '2020-08-01 23:04:44'),
(21, '#000000', 1, '2020-08-01 23:05:19', '2020-08-01 23:05:19'),
(22, '#000000', 1, '2020-08-01 23:05:27', '2020-08-01 23:05:27'),
(23, '#000000', 1, '2020-08-01 23:05:36', '2020-08-01 23:05:36'),
(24, '#000000', 1, '2020-08-01 23:05:44', '2020-08-01 23:05:44'),
(25, '#000000', 1, '2020-08-01 23:05:50', '2020-08-01 23:05:50'),
(26, '#000000', 1, '2020-08-01 23:07:11', '2020-08-01 23:07:11'),
(27, '#000000', 1, '2020-08-01 23:07:17', '2020-08-01 23:07:17'),
(28, '#000000', 1, '2020-08-01 23:07:22', '2020-08-01 23:07:22'),
(29, '#000000', 1, '2020-08-01 23:07:30', '2020-08-01 23:07:30'),
(30, '#000000', 1, '2020-08-01 23:07:40', '2020-08-01 23:07:40'),
(31, '#000000', 1, '2020-08-01 23:07:48', '2020-08-01 23:07:48'),
(32, '#000000', 1, '2020-08-01 23:07:54', '2020-08-01 23:07:54'),
(33, '#000000', 1, '2020-08-01 23:08:00', '2020-08-01 23:08:00'),
(34, '#000000', 1, '2020-08-01 23:08:06', '2020-08-01 23:08:06'),
(35, '#000000', 1, '2020-08-01 23:08:12', '2020-08-01 23:08:12'),
(36, '#000000', 1, '2020-08-01 23:08:18', '2020-08-01 23:08:18'),
(37, '#000000', 1, '2020-08-01 23:08:25', '2020-08-01 23:08:25'),
(38, '#000000', 1, '2020-08-01 23:08:33', '2020-08-01 23:08:33'),
(39, '#000000', 1, '2020-08-01 23:08:38', '2020-08-01 23:08:38'),
(40, '#000000', 1, '2020-08-01 23:08:43', '2020-08-01 23:08:43'),
(41, '#000000', 1, '2020-08-01 23:08:49', '2020-08-01 23:08:49'),
(42, '#000000', 1, '2020-08-02 13:05:33', '2020-08-02 13:05:33'),
(43, '#000000', 1, '2020-08-02 13:05:47', '2020-08-02 13:05:47'),
(44, '#000000', 1, '2020-08-02 13:06:01', '2020-08-02 13:06:01'),
(45, '#000000', 1, '2020-08-02 13:09:17', '2020-08-02 13:09:17'),
(46, '#000000', 1, '2020-08-02 13:10:46', '2020-08-02 13:10:46'),
(47, '#000000', 1, '2020-08-02 13:11:24', '2020-08-02 13:11:24'),
(48, '#000000', 1, '2020-08-02 13:11:53', '2020-08-02 13:11:53'),
(49, '#000000', 1, '2020-08-02 13:12:29', '2020-08-02 13:12:29'),
(50, '#000000', 1, '2020-08-02 13:13:02', '2020-08-02 13:13:02'),
(51, '#000000', 1, '2020-08-08 12:01:03', '2020-08-08 12:01:03'),
(52, '#000000', 1, '2020-08-08 12:01:26', '2020-08-08 12:01:26'),
(53, '#000000', 23, '2020-08-08 13:10:52', '2020-08-08 13:10:52'),
(54, '#000000', 23, '2020-08-08 13:11:00', '2020-08-08 13:11:00'),
(55, '#000000', 23, '2020-08-08 13:11:18', '2020-08-08 13:11:18'),
(56, '#000000', 23, '2020-08-08 13:11:31', '2020-08-08 13:11:31'),
(57, '#000000', 23, '2020-08-08 13:11:43', '2020-08-08 13:11:43'),
(58, '#000000', 23, '2020-08-08 13:12:01', '2020-08-08 13:12:01'),
(59, '#000000', 23, '2020-08-08 13:12:10', '2020-08-08 13:12:10'),
(60, '#000000', 23, '2020-08-08 13:12:20', '2020-08-08 13:12:20'),
(61, '#000000', 23, '2020-08-08 13:12:28', '2020-08-08 13:12:28'),
(62, '#000000', 23, '2020-08-08 13:12:38', '2020-08-08 13:12:38'),
(63, '#000000', 23, '2020-08-08 13:12:55', '2020-08-08 13:12:55'),
(64, '#000000', 23, '2020-08-08 13:13:06', '2020-08-08 13:13:06'),
(65, '#000000', 23, '2020-08-08 13:13:11', '2020-08-08 13:13:11'),
(66, '#000000', 23, '2020-08-08 13:13:17', '2020-08-08 13:13:17'),
(67, '#000000', 23, '2020-08-08 13:13:24', '2020-08-08 13:13:24'),
(68, '#000000', 23, '2020-08-08 13:13:30', '2020-08-08 13:13:30'),
(69, '#000000', 23, '2020-08-08 13:13:37', '2020-08-08 13:13:37'),
(70, '#000000', 23, '2020-08-08 13:13:50', '2020-08-08 13:13:50'),
(71, '#000000', 23, '2020-08-08 13:14:11', '2020-08-08 13:14:11'),
(72, '#000000', 23, '2020-08-08 13:14:16', '2020-08-08 13:14:16'),
(73, '#000000', 23, '2020-08-08 13:17:00', '2020-08-08 13:17:00'),
(74, '#000000', 23, '2020-08-08 13:17:09', '2020-08-08 13:17:09'),
(75, '#000000', 1, '2020-08-08 13:17:18', '2020-08-16 19:40:26'),
(76, '#000000', 1, '2020-08-08 13:17:26', '2020-08-16 19:45:10'),
(77, '#000000', 23, '2020-08-08 13:17:33', '2020-08-08 13:17:33'),
(78, '#000000', 23, '2020-08-08 13:17:40', '2020-08-08 13:17:40'),
(79, '#000000', 23, '2020-08-08 13:17:49', '2020-08-08 13:17:49'),
(80, '#000000', 23, '2020-08-08 13:17:56', '2020-08-08 13:17:56'),
(81, '#000000', 23, '2020-08-08 13:18:03', '2020-08-08 13:18:03'),
(82, '#000000', 23, '2020-08-08 13:18:10', '2020-08-08 13:18:10'),
(83, '#000000', 23, '2020-08-08 13:18:19', '2020-08-08 13:18:19'),
(84, '#000000', 23, '2020-08-08 13:18:25', '2020-08-08 13:18:25'),
(85, '#000000', 23, '2020-08-08 13:18:31', '2020-08-08 13:18:31'),
(86, '#000000', 23, '2020-08-08 13:18:37', '2020-08-08 13:18:37'),
(87, '#000000', 23, '2020-08-08 13:18:43', '2020-08-08 13:18:43'),
(88, '#000000', 23, '2020-08-08 13:19:16', '2020-08-08 13:19:16'),
(89, '#000000', 23, '2020-08-08 13:19:22', '2020-08-08 13:19:22'),
(90, '#000000', 23, '2020-08-08 13:19:28', '2020-08-08 13:19:28'),
(91, '#000000', 23, '2020-08-08 13:19:40', '2020-08-08 13:19:40'),
(92, '#000000', 23, '2020-08-08 13:19:46', '2020-08-08 13:19:46'),
(93, '#000000', 23, '2020-08-08 13:20:09', '2020-08-08 13:20:09'),
(94, '#000000', 23, '2020-08-08 13:20:14', '2020-08-08 13:20:14'),
(95, '#000000', 23, '2020-08-08 13:20:20', '2020-08-08 13:20:20'),
(96, '#000000', 23, '2020-08-08 13:20:24', '2020-08-08 13:20:24'),
(97, '#000000', 23, '2020-08-08 13:20:36', '2020-08-08 13:20:36'),
(98, '#000000', 23, '2020-08-08 13:27:12', '2020-08-08 13:27:12'),
(99, '#000000', 23, '2020-08-08 13:27:18', '2020-08-08 13:27:18'),
(100, '#000000', 23, '2020-08-08 13:27:24', '2020-08-08 13:27:24'),
(101, '#000000', 23, '2020-08-08 13:46:21', '2020-08-08 13:46:21'),
(102, '#000000', 23, '2020-08-08 13:46:36', '2020-08-08 13:46:36'),
(103, '#000000', 23, '2020-08-08 13:54:26', '2020-08-08 13:54:26'),
(104, '#000000', 23, '2020-08-08 13:54:41', '2020-08-08 13:54:41'),
(105, '#000000', 23, '2020-08-08 13:54:55', '2020-08-08 13:54:55'),
(106, '#000000', 23, '2020-08-08 13:55:18', '2020-08-08 13:55:18'),
(107, '#000000', 23, '2020-08-08 13:55:24', '2020-08-08 13:55:24'),
(108, '#000000', 23, '2020-08-08 13:55:29', '2020-08-08 13:55:29'),
(109, '#000000', 23, '2020-08-08 13:55:35', '2020-08-08 13:55:35'),
(110, '#000000', 23, '2020-08-08 13:55:41', '2020-08-08 13:55:41'),
(111, '#000000', 23, '2020-08-08 13:55:47', '2020-08-08 13:55:47'),
(112, '#000000', 23, '2020-08-08 13:55:51', '2020-08-08 13:55:51'),
(113, '#000000', 23, '2020-08-08 13:55:58', '2020-08-08 13:55:58'),
(114, '#000000', 23, '2020-08-08 13:56:04', '2020-08-08 13:56:04'),
(115, '#000000', 23, '2020-08-08 13:56:09', '2020-08-08 13:56:09'),
(116, '#000000', 23, '2020-08-08 13:56:27', '2020-08-08 13:56:27'),
(117, '#000000', 23, '2020-08-08 13:56:54', '2020-08-08 13:56:54'),
(118, '#000000', 23, '2020-08-08 13:57:04', '2020-08-08 13:57:04'),
(119, '#000000', 1, '2020-09-01 17:54:00', '2020-09-01 17:54:00'),
(120, '#000000', 1, '2020-09-03 13:02:24', '2020-09-03 13:02:24'),
(121, '#000000', 1, '2020-09-03 13:02:48', '2020-09-03 13:02:48'),
(122, '#000000', 1, '2020-09-04 15:32:12', '2020-09-04 15:32:12'),
(123, '#000000', 23, '2020-09-21 11:17:52', '2020-09-21 11:17:52'),
(124, '#ffffff', 23, '2020-09-21 11:18:03', '2020-09-21 11:18:48'),
(125, '#f2e9b3', 23, '2020-09-21 11:23:16', '2020-09-21 11:24:05'),
(126, '#df15b7', 23, '2020-09-21 11:24:40', '2020-09-21 11:24:40'),
(127, '#000000', 23, '2020-09-26 14:01:45', '2020-09-26 14:01:45'),
(128, '#000000', 23, '2020-09-26 14:01:58', '2020-09-26 14:01:58'),
(129, '#000000', 23, '2020-09-26 14:02:07', '2020-09-26 14:02:07'),
(130, '#000000', 23, '2020-09-26 14:02:18', '2020-09-26 14:02:18'),
(131, '#000000', 23, '2020-09-26 14:02:25', '2020-09-26 14:02:25'),
(132, '#000000', 23, '2020-09-26 14:02:33', '2020-09-26 14:02:33'),
(133, '#000000', 23, '2020-09-26 14:02:39', '2020-09-26 14:02:39'),
(134, '#000000', 23, '2020-09-26 14:02:46', '2020-09-26 14:02:46'),
(135, '#000000', 23, '2020-09-26 14:02:54', '2020-09-26 14:02:54'),
(136, '#000000', 23, '2020-09-26 14:03:03', '2020-09-26 14:03:03'),
(137, '#000000', 23, '2020-09-26 14:03:11', '2020-09-26 14:03:11'),
(138, '#000000', 1, '2020-11-07 18:38:23', '2020-11-07 18:38:23'),
(139, '#000000', 1, '2020-11-07 18:38:38', '2020-11-07 18:38:38'),
(140, '#000000', 1, '2020-11-07 18:38:46', '2020-11-07 18:38:46'),
(141, '#000000', 1, '2020-11-07 18:38:53', '2020-11-07 18:38:53'),
(142, '#000000', 1, '2020-11-07 18:39:11', '2020-11-07 18:39:11'),
(143, '#000000', 1, '2020-11-07 18:39:19', '2020-11-07 18:39:19'),
(144, '#000000', 1, '2020-11-07 18:39:26', '2020-11-07 18:39:26'),
(145, '#000000', 1, '2020-11-07 18:39:30', '2020-11-07 18:39:30'),
(146, '#000000', 1, '2020-11-07 18:41:51', '2020-11-07 18:41:51'),
(147, '#000000', 1, '2020-11-07 18:42:35', '2020-11-07 18:42:35'),
(148, '#000000', 1, '2020-11-08 14:39:24', '2020-11-08 14:39:24'),
(149, '#000000', 23, '2020-11-08 16:21:53', '2020-11-08 16:21:53'),
(150, '#000000', 23, '2020-11-08 16:31:16', '2020-11-08 16:31:16'),
(151, '#000000', 1, '2020-11-15 13:11:27', '2020-11-15 13:11:27');

-- --------------------------------------------------------

--
-- Table structure for table `color_translations`
--

CREATE TABLE `color_translations` (
  `id` int(10) UNSIGNED NOT NULL,
  `color_id` int(10) UNSIGNED NOT NULL,
  `name` varchar(191) COLLATE utf8mb4_unicode_ci NOT NULL,
  `locale` varchar(191) COLLATE utf8mb4_unicode_ci NOT NULL,
  `created_at` timestamp NULL DEFAULT NULL,
  `updated_at` timestamp NULL DEFAULT NULL
) ENGINE=InnoDB DEFAULT CHARSET=utf8mb4 COLLATE=utf8mb4_unicode_ci;

--
-- Dumping data for table `color_translations`
--

INSERT INTO `color_translations` (`id`, `color_id`, `name`, `locale`, `created_at`, `updated_at`) VALUES
(1, 1, 'الاحمر', 'ar', NULL, NULL),
(2, 1, 'red', 'en', NULL, NULL),
(3, 2, 'بندقي', 'ar', NULL, NULL),
(4, 2, 'Hazel', 'en', NULL, NULL),
(5, 3, 'رمادي', 'ar', NULL, NULL),
(6, 3, 'Gray', 'en', NULL, NULL),
(7, 4, 'بني', 'ar', NULL, NULL),
(8, 4, 'Brown', 'en', NULL, NULL),
(9, 5, 'أزرق', 'ar', NULL, NULL),
(10, 5, 'Blue', 'en', NULL, NULL),
(11, 6, 'بندقي صافي', 'ar', NULL, NULL),
(12, 6, 'Pure Hazel', 'en', NULL, NULL),
(13, 7, 'رمادي صافي', 'ar', NULL, NULL),
(14, 7, 'Pure Gray', 'en', NULL, NULL),
(15, 8, 'بني صافي', 'ar', NULL, NULL),
(16, 8, 'Pure Brown', 'en', NULL, NULL),
(17, 9, 'رصاصي', 'ar', NULL, NULL),
(18, 9, 'Grayish', 'en', NULL, NULL),
(19, 10, 'رصاصي صافي', 'ar', NULL, NULL),
(20, 10, 'Pure Grayish', 'en', NULL, NULL),
(21, 11, 'أزرق صافي', 'ar', NULL, NULL),
(22, 11, 'Pure Blue', 'en', NULL, NULL),
(23, 12, 'أكوا ذهب', 'ar', NULL, NULL),
(24, 12, 'AQUA Dahab', 'en', NULL, NULL),
(25, 13, 'شوارفسكي', 'ar', NULL, NULL),
(26, 13, 'SWAROVSKI', 'en', NULL, NULL),
(27, 14, '226', 'ar', NULL, NULL),
(28, 14, '226', 'en', NULL, NULL),
(29, 15, '227', 'ar', NULL, NULL),
(30, 15, '227', 'en', NULL, NULL),
(31, 16, '228', 'ar', NULL, NULL),
(32, 16, '228', 'en', NULL, NULL),
(33, 17, '224', 'ar', NULL, NULL),
(34, 17, '224', 'en', NULL, NULL),
(35, 18, '225', 'ar', NULL, NULL),
(36, 18, '225', 'en', NULL, NULL),
(37, 19, '229', 'ar', NULL, NULL),
(38, 19, '229', 'en', NULL, NULL),
(39, 20, '230', 'ar', NULL, NULL),
(40, 20, '230', 'en', NULL, NULL),
(41, 21, '255', 'ar', NULL, NULL),
(42, 21, '255', 'en', NULL, NULL),
(43, 22, '256', 'ar', NULL, NULL),
(44, 22, '256', 'en', NULL, NULL),
(45, 23, '257', 'ar', NULL, NULL),
(46, 23, '257', 'en', NULL, NULL),
(47, 24, '258', 'ar', NULL, NULL),
(48, 24, '258', 'en', NULL, NULL),
(49, 25, '259', 'ar', NULL, NULL),
(50, 25, '259', 'en', NULL, NULL),
(51, 26, '200', 'ar', NULL, NULL),
(52, 26, '200', 'en', NULL, NULL),
(53, 27, '201', 'ar', NULL, NULL),
(54, 27, '201', 'en', NULL, NULL),
(55, 28, '202', 'ar', NULL, NULL),
(56, 28, '202', 'en', NULL, NULL),
(57, 29, '203', 'ar', NULL, NULL),
(58, 29, '203', 'en', NULL, NULL),
(59, 30, '204', 'ar', NULL, NULL),
(60, 30, '204', 'en', NULL, NULL),
(61, 31, '205', 'ar', NULL, NULL),
(62, 31, '205', 'en', NULL, NULL),
(63, 32, '206', 'ar', NULL, NULL),
(64, 32, '206', 'en', NULL, NULL),
(65, 33, '207', 'ar', NULL, NULL),
(66, 33, '207', 'en', NULL, NULL),
(67, 34, '207', 'ar', NULL, NULL),
(68, 34, '207', 'en', NULL, NULL),
(69, 35, '208', 'ar', NULL, NULL),
(70, 35, '208', 'en', NULL, NULL),
(71, 36, '209', 'ar', NULL, NULL),
(72, 36, '209', 'en', NULL, NULL),
(73, 37, '210', 'ar', NULL, NULL),
(74, 37, '210', 'en', NULL, NULL),
(75, 38, '211', 'ar', NULL, NULL),
(76, 38, '211', 'en', NULL, NULL),
(77, 39, '212', 'ar', NULL, NULL),
(78, 39, '212', 'en', NULL, NULL),
(79, 40, '213', 'ar', NULL, NULL),
(80, 40, '213', 'en', NULL, NULL),
(81, 41, '214', 'ar', NULL, NULL),
(82, 41, '214', 'en', NULL, NULL),
(83, 42, '222', 'ar', NULL, NULL),
(84, 42, '222', 'en', NULL, NULL),
(85, 43, '220', 'ar', NULL, NULL),
(86, 43, '220', 'en', NULL, NULL),
(87, 44, '221', 'ar', NULL, NULL),
(88, 44, '221', 'en', NULL, NULL),
(89, 45, '227a', 'ar', NULL, NULL),
(90, 45, '227a', 'en', NULL, NULL),
(91, 46, '223', 'ar', NULL, NULL),
(92, 46, '223', 'en', NULL, NULL),
(93, 47, '220A', 'ar', NULL, NULL),
(94, 47, '220A', 'en', NULL, NULL),
(95, 48, '248', 'ar', NULL, NULL),
(96, 48, '248', 'en', NULL, NULL),
(97, 49, '247A', 'ar', NULL, NULL),
(98, 49, '247A', 'en', NULL, NULL),
(99, 50, '246', 'ar', NULL, NULL),
(100, 50, '246', 'en', NULL, NULL),
(101, 51, '01 Venilla', 'ar', NULL, NULL),
(102, 51, '01 Venilla', 'en', NULL, NULL),
(103, 52, '02 بيج فاتح', 'ar', NULL, NULL),
(104, 52, '02 Light Beige', 'en', NULL, NULL),
(105, 53, 'Shade 01', 'ar', NULL, NULL),
(106, 53, 'Shade 01', 'en', NULL, NULL),
(107, 54, 'Shade 02', 'ar', NULL, NULL),
(108, 54, 'Shade 02', 'en', NULL, NULL),
(109, 55, 'Blond 01', 'ar', NULL, NULL),
(110, 55, 'Blond 01', 'en', NULL, NULL),
(111, 56, 'Chatain 02', 'ar', NULL, NULL),
(112, 56, 'Chatain 02', 'en', NULL, NULL),
(113, 57, 'Brow 03', 'ar', NULL, NULL),
(114, 57, 'Brow 03', 'en', NULL, NULL),
(115, 58, 'T12', 'ar', NULL, NULL),
(116, 58, 'T12', 'en', NULL, NULL),
(117, 59, 'T13', 'ar', NULL, NULL),
(118, 59, 'T13', 'en', NULL, NULL),
(119, 60, 'T14', 'ar', NULL, NULL),
(120, 60, 'T14', 'en', NULL, NULL),
(121, 61, 'T17', 'ar', NULL, NULL),
(122, 61, 'T17', 'en', NULL, NULL),
(123, 62, 'T19', 'ar', NULL, NULL),
(124, 62, 'T19', 'en', NULL, NULL),
(125, 63, '023', 'ar', NULL, NULL),
(126, 63, '023', 'en', NULL, NULL),
(127, 64, '024', 'ar', NULL, NULL),
(128, 64, '024', 'en', NULL, NULL),
(129, 65, '025', 'ar', NULL, NULL),
(130, 65, '025', 'en', NULL, NULL),
(131, 66, '027', 'ar', NULL, NULL),
(132, 66, '027', 'en', NULL, NULL),
(133, 67, '028', 'ar', NULL, NULL),
(134, 67, '028', 'en', NULL, NULL),
(135, 68, '029', 'ar', NULL, NULL),
(136, 68, '029', 'en', NULL, NULL),
(137, 69, '31', 'ar', NULL, NULL),
(138, 69, '31', 'en', NULL, NULL),
(139, 70, '32', 'ar', NULL, NULL),
(140, 70, '32', 'en', NULL, NULL),
(141, 71, '36', 'ar', NULL, NULL),
(142, 71, '36', 'en', NULL, NULL),
(143, 72, '37', 'ar', NULL, NULL),
(144, 72, '37', 'en', NULL, NULL),
(145, 73, '01', 'ar', NULL, NULL),
(146, 73, '01', 'en', NULL, NULL),
(147, 74, '02', 'ar', NULL, NULL),
(148, 74, '02', 'en', NULL, NULL),
(149, 75, '03 بيج داكن', 'ar', NULL, NULL),
(150, 75, '03 Dark Beige', 'en', NULL, NULL),
(151, 76, '04 برونزي فاتح', 'ar', NULL, NULL),
(152, 76, '04 Light Bronze', 'en', NULL, NULL),
(153, 77, '05', 'ar', NULL, NULL),
(154, 77, '05', 'en', NULL, NULL),
(155, 78, '06', 'ar', NULL, NULL),
(156, 78, '06', 'en', NULL, NULL),
(157, 79, '07', 'ar', NULL, NULL),
(158, 79, '07', 'en', NULL, NULL),
(159, 80, '08', 'ar', NULL, NULL),
(160, 80, '08', 'en', NULL, NULL),
(161, 81, '09', 'ar', NULL, NULL),
(162, 81, '09', 'en', NULL, NULL),
(163, 82, '11', 'ar', NULL, NULL),
(164, 82, '11', 'en', NULL, NULL),
(165, 83, '12', 'ar', NULL, NULL),
(166, 83, '12', 'en', NULL, NULL),
(167, 84, '13', 'ar', NULL, NULL),
(168, 84, '13', 'en', NULL, NULL),
(169, 85, '14', 'ar', NULL, NULL),
(170, 85, '14', 'en', NULL, NULL),
(171, 86, '15', 'ar', NULL, NULL),
(172, 86, '15', 'en', NULL, NULL),
(173, 87, '16', 'ar', NULL, NULL),
(174, 87, '16', 'en', NULL, NULL),
(175, 88, '525', 'ar', NULL, NULL),
(176, 88, '525', 'en', NULL, NULL),
(177, 89, '555', 'ar', NULL, NULL),
(178, 89, '555', 'en', NULL, NULL),
(179, 90, '565', 'ar', NULL, NULL),
(180, 90, '565', 'en', NULL, NULL),
(181, 91, '50', 'ar', NULL, NULL),
(182, 91, '50', 'en', NULL, NULL),
(183, 92, '51', 'ar', NULL, NULL),
(184, 92, '51', 'en', NULL, NULL),
(185, 93, '52', 'ar', NULL, NULL),
(186, 93, '52', 'en', NULL, NULL),
(187, 94, '53', 'ar', NULL, NULL),
(188, 94, '53', 'en', NULL, NULL),
(189, 95, '54', 'ar', NULL, NULL),
(190, 95, '54', 'en', NULL, NULL),
(191, 96, '55', 'ar', NULL, NULL),
(192, 96, '55', 'en', NULL, NULL),
(193, 97, '56', 'ar', NULL, NULL),
(194, 97, '56', 'en', NULL, NULL),
(195, 98, '17', 'ar', NULL, NULL),
(196, 98, '17', 'en', NULL, NULL),
(197, 99, '18', 'ar', NULL, NULL),
(198, 99, '18', 'en', NULL, NULL),
(199, 100, '21', 'ar', NULL, NULL),
(200, 100, '21', 'en', NULL, NULL),
(201, 101, '74', 'ar', NULL, NULL),
(202, 101, '74', 'en', NULL, NULL),
(203, 102, '85', 'ar', NULL, NULL),
(204, 102, '85', 'en', NULL, NULL),
(205, 103, 'Cramel 08', 'ar', NULL, NULL),
(206, 103, 'Cramel 08', 'en', NULL, NULL),
(207, 104, '02 Beige', 'ar', NULL, NULL),
(208, 104, '02 Beige', 'en', NULL, NULL),
(209, 105, '03 Golden Beige', 'ar', NULL, NULL),
(210, 105, '03 Golden Beige', 'en', NULL, NULL),
(211, 106, '410', 'ar', NULL, NULL),
(212, 106, '410', 'en', NULL, NULL),
(213, 107, '420', 'ar', NULL, NULL),
(214, 107, '420', 'en', NULL, NULL),
(215, 108, '600', 'ar', NULL, NULL),
(216, 108, '600', 'en', NULL, NULL),
(217, 109, '100', 'ar', NULL, NULL),
(218, 109, '100', 'en', NULL, NULL),
(219, 110, '110', 'ar', NULL, NULL),
(220, 110, '110', 'en', NULL, NULL),
(221, 111, '200', 'ar', NULL, NULL),
(222, 111, '200', 'en', NULL, NULL),
(223, 112, '210', 'ar', NULL, NULL),
(224, 112, '210', 'en', NULL, NULL),
(225, 113, '310', 'ar', NULL, NULL),
(226, 113, '310', 'en', NULL, NULL),
(227, 114, '400', 'ar', NULL, NULL),
(228, 114, '400', 'en', NULL, NULL),
(229, 115, '415', 'ar', NULL, NULL),
(230, 115, '415', 'en', NULL, NULL),
(231, 116, 'Light 01', 'ar', NULL, NULL),
(232, 116, 'Light 01', 'en', NULL, NULL),
(233, 117, 'Medium 02', 'ar', NULL, NULL),
(234, 117, 'Medium 02', 'en', NULL, NULL),
(235, 118, 'Dark 03', 'ar', NULL, NULL),
(236, 118, 'Dark 03', 'en', NULL, NULL),
(237, 119, 'بيج', 'ar', NULL, NULL),
(238, 119, 'Gray', 'en', NULL, NULL),
(239, 120, '210A', 'ar', NULL, NULL),
(240, 120, '210A', 'en', NULL, NULL),
(241, 121, '242', 'ar', NULL, NULL),
(242, 121, '242', 'en', NULL, NULL),
(243, 122, '246', 'ar', NULL, NULL),
(244, 122, '246', 'en', NULL, NULL),
(245, 123, 'أسود', 'ar', NULL, NULL),
(246, 123, 'Black', 'en', NULL, NULL),
(247, 124, 'أبيض', 'ar', NULL, NULL),
(248, 124, 'White', 'en', NULL, NULL),
(249, 125, 'White Bronze', 'ar', NULL, NULL),
(250, 125, 'White Bronze', 'en', NULL, NULL),
(251, 126, 'Violet', 'ar', NULL, NULL),
(252, 126, 'Violet', 'en', NULL, NULL),
(253, 127, 'روز', 'ar', NULL, NULL),
(254, 127, 'ROSE', 'en', NULL, NULL),
(255, 128, 'أسود 2', 'ar', NULL, NULL),
(256, 128, 'BLACK 2', 'en', NULL, NULL),
(257, 129, 'READ', 'ar', NULL, NULL),
(258, 129, 'READ', 'en', NULL, NULL),
(259, 130, 'TIGER', 'ar', NULL, NULL),
(260, 130, 'TIGER', 'en', NULL, NULL),
(261, 131, 'BEGE', 'ar', NULL, NULL),
(262, 131, 'BEGE', 'en', NULL, NULL),
(263, 132, 'TEFNY / WHITE', 'ar', NULL, NULL),
(264, 132, 'TEFNY / WHITE', 'en', NULL, NULL),
(265, 133, 'BEGE/ WHITE', 'ar', NULL, NULL),
(266, 133, 'BEGE/ WHITE', 'en', NULL, NULL),
(267, 134, 'ROSE / WHITE', 'ar', NULL, NULL),
(268, 134, 'ROSE / WHITE', 'en', NULL, NULL),
(269, 135, 'TEFNY / BLACK', 'ar', NULL, NULL),
(270, 135, 'TEFNY / BLACK', 'en', NULL, NULL),
(271, 136, 'READ / BLACK', 'ar', NULL, NULL),
(272, 136, 'READ / BLACK', 'en', NULL, NULL),
(273, 137, 'ROSE / BEGE', 'ar', NULL, NULL),
(274, 137, 'ROSE / BEGE', 'en', NULL, NULL),
(275, 138, '163', 'ar', NULL, NULL),
(276, 138, '163', 'en', NULL, NULL),
(277, 139, '165', 'ar', NULL, NULL),
(278, 139, '165', 'en', NULL, NULL),
(279, 140, '166', 'ar', NULL, NULL),
(280, 140, '166', 'en', NULL, NULL),
(281, 141, '167', 'ar', NULL, NULL),
(282, 141, '167', 'en', NULL, NULL),
(283, 142, '168', 'ar', NULL, NULL),
(284, 142, '168', 'en', NULL, NULL),
(285, 143, '169', 'ar', NULL, NULL),
(286, 143, '169', 'en', NULL, NULL),
(287, 144, '170', 'ar', NULL, NULL),
(288, 144, '170', 'en', NULL, NULL),
(289, 145, '171', 'ar', NULL, NULL),
(290, 145, '171', 'en', NULL, NULL),
(291, 146, '163', 'ar', NULL, NULL),
(292, 146, '163', 'en', NULL, NULL),
(293, 147, '162', 'ar', NULL, NULL),
(294, 147, '162', 'en', NULL, NULL),
(295, 148, '34', 'ar', NULL, NULL),
(296, 148, '34', 'en', NULL, NULL),
(297, 149, 'هازل', 'ar', NULL, NULL),
(298, 149, 'Hazel', 'en', NULL, NULL),
(299, 150, 'غريش', 'ar', NULL, NULL),
(300, 150, 'Grayish', 'en', NULL, NULL),
(301, 151, '161', 'ar', NULL, NULL),
(302, 151, '161', 'en', NULL, NULL);

-- --------------------------------------------------------

--
-- Table structure for table `companies`
--

CREATE TABLE `companies` (
  `id` int(10) UNSIGNED NOT NULL,
  `image` varchar(191) COLLATE utf8mb4_unicode_ci NOT NULL,
  `status` tinyint(1) NOT NULL DEFAULT '1',
  `user_id` int(10) UNSIGNED NOT NULL,
  `created_at` timestamp NULL DEFAULT NULL,
  `updated_at` timestamp NULL DEFAULT NULL,
  `const` tinyint(1) NOT NULL DEFAULT '1',
  `shipping_type_id` int(10) UNSIGNED DEFAULT NULL,
  `slug` enum('lenses','toys') COLLATE utf8mb4_unicode_ci DEFAULT NULL
) ENGINE=InnoDB DEFAULT CHARSET=utf8mb4 COLLATE=utf8mb4_unicode_ci;

--
-- Dumping data for table `companies`
--

INSERT INTO `companies` (`id`, `image`, `status`, `user_id`, `created_at`, `updated_at`, `const`, `shipping_type_id`, `slug`) VALUES
(1, 'uMcXLKL111ZCWLc2Kg8leTtuyNmet36fIrbiN74h.jpeg', 1, 16, '2020-07-30 21:29:38', '2020-09-22 17:39:08', 0, 3, NULL),
(2, 'qlVagtJhr1mrTWkkZOLSjV2cusS3O8V9YDzkOMD2.png', 1, 18, '2020-07-30 21:41:47', '2020-09-22 17:39:25', 0, 3, NULL),
(3, 'OUpW6gvh0rHoALaZnvqInrXQVto9m7Tcfyj8t2MU.png', 1, 19, '2020-07-30 21:46:49', '2020-09-22 17:32:09', 0, 3, 'lenses'),
(4, 'H7z8K3gayBWgqSu2nQipcdXPdDhNNx1x3Wc4tyxt.png', 1, 14, '2020-07-30 22:23:10', '2020-11-08 11:53:41', 0, 4, NULL),
(5, '5jbLDBUQ4c2LT8PhVSqoQyc1Jh0smsoI8jWZn1mD.jpeg', 1, 15, '2020-08-01 10:16:58', '2020-08-19 10:50:16', 0, 3, NULL),
(6, 'vuteQbIyKE9EcY6AjdBBF62BTeRuGSSZy0hsw7kq.jpeg', 1, 26, '2020-08-06 10:51:58', '2020-08-06 10:51:58', 1, 4, NULL),
(7, 'etORoxMmix8FwOc28EB5sG7b9Ozcti4ttIj2kTJ7.jpeg', 1, 17, '2020-08-06 10:55:14', '2020-08-06 10:55:14', 1, 3, NULL),
(8, 'yAJ6kzaK9MNNi2YPy0pHKmJP0j3w0WPxWPgIXKyP.png', 1, 14, '2020-08-06 11:18:55', '2020-08-06 11:18:55', 1, 3, NULL),
(9, 'LkjcX2pnsWpL9T5l0MKlNlYeO1rHXFQAYFTs1Vy5.jpeg', 1, 27, '2020-08-06 14:21:24', '2020-08-06 14:21:24', 1, 3, NULL),
(10, 'nQuXqDdZkxNjoS7j34J3G7J1267vv1vMlGdYv6L4.png', 1, 14, '2020-08-06 16:11:16', '2020-08-06 16:11:16', 1, 3, NULL),
(11, 'bqWRNdY7wJGuocE4aITwsN2E5epSntCqcHAR00gV.jpeg', 1, 29, '2020-08-10 12:18:39', '2020-08-10 12:18:39', 1, 4, NULL),
(12, 'sAhyC2DSjVqKlRxXbBuSacRQcvlHkkzP4VmmJuP5.jpeg', 1, 30, '2020-08-10 12:37:46', '2020-08-31 17:35:57', 1, 4, NULL),
(13, 'TAQM4cEN8gvt4w1u3AWRQh9WJA3F5LUZqLDEIHKq.jpeg', 1, 16, '2020-08-13 13:08:14', '2020-08-13 13:08:14', 1, 4, NULL),
(14, 'd7m4EpQsjfKr7LO1dE7JdLfco47CbqyBmnt6DL9L.png', 1, 14, '2020-08-16 19:00:42', '2020-08-16 19:00:42', 1, 3, NULL),
(15, '7QGoszmMZMkfjCTP5GHYOkfemrzmr8WikBHWzxNq.jpeg', 1, 4982, '2020-08-17 15:30:52', '2020-10-08 13:44:58', 1, 4, NULL),
(16, 'XNFHAFKvEPugRmJw381OUIlC5VvarXJQMpLgCh4Z.jpeg', 1, 4983, '2020-08-18 09:50:13', '2020-08-18 09:50:13', 1, 4, NULL),
(17, 'AKHxNIquE7BRhtBPpYWJG2dn7Ot4WT9MrWLOz3s9.jpeg', 1, 4982, '2020-08-18 10:42:07', '2020-08-18 10:42:07', 1, 4, NULL),
(18, 'j2o3WtqSkhwZDVpMpNdXvksqFdtaBvC8BfVDNH2H.jpeg', 1, 14, '2020-08-18 16:42:44', '2020-08-18 16:42:44', 1, 4, NULL),
(19, 'wCMydiKIGpk7gcDjQmXeL6Y9AHI6sRz6GIXqkKLL.jpeg', 1, 4984, '2020-08-31 13:16:53', '2020-08-31 13:16:53', 1, 4, NULL),
(20, 'DMMv0MX59Qpts4PDHRgGt1B9Bstr2mhnj1C55Tpe.jpeg', 1, 4985, '2020-08-31 13:17:39', '2020-08-31 13:17:39', 1, 4, NULL),
(21, 'QTmun64RA1LCqcMapYsTj7MCYQSQydFygsDxMX6n.jpeg', 1, 4986, '2020-08-31 13:18:14', '2020-08-31 13:18:14', 1, 3, NULL),
(22, 'Lrn14xZmxwS304AwPQW51Ocpb1CcK43Ldo0jYYw9.jpeg', 1, 14, '2020-09-02 15:43:10', '2020-09-02 15:43:10', 1, 4, NULL),
(23, 'ZFNzYkvCcvl5uJhZYvihFbKIc79ajYMbHHTXeJT0.jpeg', 1, 4988, '2020-09-03 00:51:21', '2020-09-03 00:51:21', 1, 3, NULL),
(24, '9D6U4wFVMsnu1HCykExhjLaJwVvw1gKoaB0AUzIg.jpeg', 1, 14, '2020-09-03 09:20:52', '2020-09-03 09:20:52', 1, 3, NULL),
(25, 'UZDY0ezReKXfzJkaitEnpghlpkQk3I4v1yFZ5Pmf.jpeg', 1, 4989, '2020-09-06 10:01:49', '2020-09-06 10:01:49', 1, 3, NULL),
(26, 'xxfuXesYr6sgrbFkozlhYYdoIJiUmFNOPfNHptFi.jpeg', 1, 5004, '2020-09-09 14:21:34', '2020-09-09 14:21:34', 1, 4, NULL),
(27, 'Dp9Mo1H4UmON0vFPLEWzEYWMQYgiutxC27Icq5M3.jpeg', 1, 5009, '2020-09-17 10:33:57', '2020-09-17 10:33:57', 1, 4, NULL),
(28, 'F5S2aS1oE9aktXWAf7hpbkM4sryn0LjTGeidC6tL.jpeg', 1, 5010, '2020-09-17 10:35:20', '2020-09-17 10:35:20', 1, 3, NULL),
(29, 'sY8AcuyBjE4bdJ21qZMlkBiYet1QAZyozc24VQnF.jpeg', 1, 5012, '2020-09-26 13:42:57', '2020-09-26 13:42:57', 1, 3, NULL),
(30, 'EPceBzgSFxXi7ihD5VOmnh3ZkDVcwcL9dIgsUh9h.jpeg', 1, 5014, '2020-10-04 13:13:20', '2020-10-04 13:13:20', 1, 3, NULL),
(31, 'JLKqM6gTNiL1nqJVXabnQMp2fzlSI3UHRUMEPDJD.png', 1, 14, '2020-10-06 18:45:22', '2020-10-06 18:45:22', 1, 3, NULL),
(32, 'I7TOmb27z1j8jZrtOVgEsuLt745TgsX602McMDqv.jpeg', 1, 5052, '2020-10-22 12:33:25', '2020-10-22 12:33:25', 1, 4, NULL),
(33, 'ZuXDW7YVf2nC7aCoKlkibBV1kTaOz4Dv9Lg8U9jD.jpeg', 1, 5053, '2020-10-22 12:49:42', '2020-10-22 12:49:42', 1, 4, NULL),
(34, 'JAOK4MxVdLB7cBTklKGhcEhwElqWB5geaox4F3HY.png', 1, 14, '2020-11-15 11:08:39', '2020-11-15 11:08:39', 1, 3, NULL);

-- --------------------------------------------------------

--
-- Table structure for table `company_brands`
--

CREATE TABLE `company_brands` (
  `id` int(11) NOT NULL,
  `brand_id` int(11) NOT NULL,
  `company_id` int(11) NOT NULL,
  `created_at` timestamp NULL DEFAULT NULL,
  `updated_at` timestamp NULL DEFAULT NULL
) ENGINE=MyISAM DEFAULT CHARSET=latin1;

--
-- Dumping data for table `company_brands`
--

INSERT INTO `company_brands` (`id`, `brand_id`, `company_id`, `created_at`, `updated_at`) VALUES
(1, 1, 4, NULL, NULL),
(2, 2, 3, NULL, NULL),
(3, 3, 1, NULL, NULL),
(23, 4, 13, NULL, NULL),
(5, 5, 4, NULL, NULL),
(6, 6, 4, NULL, NULL),
(7, 7, 4, NULL, NULL),
(8, 8, 4, NULL, NULL),
(9, 9, 4, NULL, NULL),
(10, 12, 4, NULL, NULL),
(11, 14, 4, NULL, NULL),
(12, 18, 4, NULL, NULL),
(13, 19, 4, NULL, NULL),
(14, 15, 4, NULL, NULL),
(15, 20, 7, NULL, NULL),
(17, 21, 10, NULL, NULL),
(18, 22, 5, NULL, NULL),
(19, 24, 5, NULL, NULL),
(20, 23, 5, NULL, NULL),
(21, 25, 6, NULL, NULL),
(22, 26, 5, NULL, NULL),
(24, 4, 4, NULL, NULL),
(25, 6, 13, NULL, NULL),
(26, 10, 13, NULL, NULL),
(27, 27, 13, NULL, NULL),
(28, 28, 13, NULL, NULL),
(29, 29, 13, NULL, NULL),
(30, 30, 13, NULL, NULL),
(31, 13, 4, NULL, NULL),
(32, 11, 4, NULL, NULL),
(34, 31, 15, NULL, NULL),
(35, 32, 15, NULL, NULL),
(36, 33, 15, NULL, NULL),
(37, 34, 15, NULL, NULL),
(38, 35, 15, NULL, NULL),
(39, 19, 15, NULL, NULL),
(40, 36, 16, NULL, NULL),
(41, 37, 16, NULL, NULL),
(42, 38, 16, NULL, NULL),
(43, 39, 17, NULL, NULL),
(44, 40, 18, NULL, NULL),
(45, 41, 18, NULL, NULL),
(46, 42, 18, NULL, NULL),
(47, 43, 16, NULL, NULL),
(48, 44, 16, NULL, NULL),
(49, 45, 16, NULL, NULL),
(50, 46, 16, NULL, NULL),
(51, 46, 3, NULL, NULL),
(52, 47, 2, NULL, NULL),
(53, 47, 4, NULL, NULL),
(54, 48, 4, NULL, NULL),
(56, 10, 4, NULL, NULL),
(57, 49, 4, NULL, NULL),
(58, 50, 4, NULL, NULL),
(59, 51, 4, NULL, NULL),
(60, 52, 4, NULL, NULL),
(61, 53, 4, NULL, NULL),
(62, 54, 2, NULL, NULL),
(63, 55, 2, NULL, NULL),
(64, 56, 2, NULL, NULL),
(65, 57, 2, NULL, NULL),
(66, 58, 2, NULL, NULL),
(67, 59, 4, NULL, NULL);

-- --------------------------------------------------------

--
-- Table structure for table `company_categories`
--

CREATE TABLE `company_categories` (
  `id` int(10) UNSIGNED NOT NULL,
  `company_id` int(10) UNSIGNED NOT NULL,
  `category_id` int(10) UNSIGNED NOT NULL,
  `created_at` timestamp NULL DEFAULT NULL,
  `updated_at` timestamp NULL DEFAULT NULL
) ENGINE=InnoDB DEFAULT CHARSET=utf8mb4 COLLATE=utf8mb4_unicode_ci;

--
-- Dumping data for table `company_categories`
--

INSERT INTO `company_categories` (`id`, `company_id`, `category_id`, `created_at`, `updated_at`) VALUES
(2, 1, 19, NULL, NULL),
(3, 1, 20, NULL, NULL),
(5, 2, 19, NULL, NULL),
(6, 2, 20, NULL, NULL),
(9, 3, 19, NULL, NULL),
(10, 3, 20, NULL, NULL),
(13, 5, 21, NULL, NULL),
(14, 5, 22, NULL, NULL),
(15, 5, 23, NULL, NULL),
(16, 5, 25, NULL, NULL),
(17, 5, 26, NULL, NULL),
(18, 5, 27, NULL, NULL),
(19, 5, 28, NULL, NULL),
(20, 4, 29, NULL, NULL),
(21, 4, 33, NULL, NULL),
(27, 4, 39, NULL, NULL),
(42, 4, 51, NULL, NULL),
(43, 4, 52, NULL, NULL),
(44, 4, 34, NULL, NULL),
(45, 4, 35, NULL, NULL),
(46, 4, 36, NULL, NULL),
(47, 4, 37, NULL, NULL),
(48, 4, 38, NULL, NULL),
(49, 4, 40, NULL, NULL),
(50, 4, 41, NULL, NULL),
(51, 4, 42, NULL, NULL),
(52, 4, 43, NULL, NULL),
(53, 4, 44, NULL, NULL),
(54, 4, 45, NULL, NULL),
(55, 4, 46, NULL, NULL),
(56, 4, 47, NULL, NULL),
(57, 4, 48, NULL, NULL),
(58, 4, 49, NULL, NULL),
(59, 4, 50, NULL, NULL),
(60, 6, 11, NULL, NULL),
(61, 6, 21, NULL, NULL),
(62, 6, 22, NULL, NULL),
(63, 6, 23, NULL, NULL),
(64, 6, 28, NULL, NULL),
(65, 6, 24, NULL, NULL),
(66, 7, 29, NULL, NULL),
(67, 7, 51, NULL, NULL),
(68, 7, 21, NULL, NULL),
(69, 7, 22, NULL, NULL),
(70, 7, 23, NULL, NULL),
(71, 7, 28, NULL, NULL),
(72, 7, 63, NULL, NULL),
(73, 7, 64, NULL, NULL),
(74, 7, 65, NULL, NULL),
(75, 8, 21, NULL, NULL),
(76, 8, 22, NULL, NULL),
(77, 8, 23, NULL, NULL),
(78, 8, 28, NULL, NULL),
(79, 8, 63, NULL, NULL),
(80, 8, 64, NULL, NULL),
(81, 8, 65, NULL, NULL),
(82, 6, 63, NULL, NULL),
(83, 6, 64, NULL, NULL),
(84, 6, 65, NULL, NULL),
(85, 6, 27, NULL, NULL),
(86, 8, 66, NULL, NULL),
(87, 9, 21, NULL, NULL),
(88, 9, 22, NULL, NULL),
(89, 9, 23, NULL, NULL),
(90, 9, 28, NULL, NULL),
(91, 9, 63, NULL, NULL),
(92, 9, 64, NULL, NULL),
(93, 9, 65, NULL, NULL),
(94, 9, 66, NULL, NULL),
(95, 10, 53, NULL, NULL),
(96, 10, 54, NULL, NULL),
(105, 7, 67, NULL, NULL),
(106, 11, 68, NULL, NULL),
(107, 11, 69, NULL, NULL),
(108, 12, 51, NULL, NULL),
(109, 12, 52, NULL, NULL),
(110, 12, 31, NULL, NULL),
(111, 12, 32, NULL, NULL),
(112, 12, 22, NULL, NULL),
(113, 12, 66, NULL, NULL),
(114, 11, 19, NULL, NULL),
(115, 11, 20, NULL, NULL),
(116, 13, 68, NULL, NULL),
(117, 13, 69, NULL, NULL),
(124, 10, 75, NULL, NULL),
(134, 14, 92, NULL, NULL),
(135, 15, 93, NULL, NULL),
(137, 16, 93, NULL, NULL),
(138, 16, 96, NULL, NULL),
(139, 16, 97, NULL, NULL),
(140, 17, 72, NULL, NULL),
(141, 10, 98, NULL, NULL),
(142, 10, 99, NULL, NULL),
(143, 10, 100, NULL, NULL),
(144, 10, 101, NULL, NULL),
(145, 18, 61, NULL, NULL),
(147, 16, 94, NULL, NULL),
(148, 18, 55, NULL, NULL),
(149, 18, 99, NULL, NULL),
(150, 4, 102, NULL, NULL),
(151, 18, 100, NULL, NULL),
(152, 18, 101, NULL, NULL),
(154, 16, 95, NULL, NULL),
(155, 15, 104, NULL, NULL),
(156, 19, 90, NULL, NULL),
(157, 20, 91, NULL, NULL),
(158, 21, 91, NULL, NULL),
(159, 12, 30, NULL, NULL),
(160, 3, 108, NULL, NULL),
(161, 1, 106, NULL, NULL),
(162, 2, 107, NULL, NULL),
(163, 22, 105, NULL, NULL),
(164, 23, 65, NULL, NULL),
(165, 23, 18, NULL, NULL),
(170, 24, 61, NULL, NULL),
(172, 24, 75, NULL, NULL),
(174, 25, 11, NULL, NULL),
(175, 25, 21, NULL, NULL),
(176, 25, 66, NULL, NULL),
(177, 25, 22, NULL, NULL),
(178, 25, 28, NULL, NULL),
(179, 25, 63, NULL, NULL),
(180, 25, 64, NULL, NULL),
(181, 25, 65, NULL, NULL),
(183, 20, 72, NULL, NULL),
(184, 26, 31, NULL, NULL),
(185, 26, 32, NULL, NULL),
(186, 26, 30, NULL, NULL),
(188, 10, 62, NULL, NULL),
(189, 10, 109, NULL, NULL),
(190, 10, 85, NULL, NULL),
(191, 24, 85, NULL, NULL),
(192, 18, 85, NULL, NULL),
(193, 10, 61, NULL, NULL),
(194, 4, 53, NULL, NULL),
(195, 4, 111, NULL, NULL),
(196, 4, 61, NULL, NULL),
(197, 4, 112, NULL, NULL),
(198, 18, 109, NULL, NULL),
(199, 24, 109, NULL, NULL),
(200, 27, 91, NULL, NULL),
(201, 28, 90, NULL, NULL),
(202, 28, 105, NULL, NULL),
(203, 4, 54, NULL, NULL),
(204, 4, 85, NULL, NULL),
(205, 29, 91, NULL, NULL),
(206, 30, 29, NULL, NULL),
(207, 30, 51, NULL, NULL),
(208, 30, 52, NULL, NULL),
(209, 30, 30, NULL, NULL),
(210, 30, 31, NULL, NULL),
(211, 31, 12, NULL, NULL),
(212, 31, 19, NULL, NULL),
(213, 31, 20, NULL, NULL),
(214, 2, 108, NULL, NULL),
(215, 2, 113, NULL, NULL),
(216, 2, 114, NULL, NULL),
(217, 2, 115, NULL, NULL),
(218, 2, 116, NULL, NULL),
(219, 2, 117, NULL, NULL),
(220, 4, 31, NULL, NULL),
(221, 32, 30, NULL, NULL),
(222, 32, 31, NULL, NULL),
(223, 33, 31, NULL, NULL),
(224, 33, 32, NULL, NULL),
(225, 5, 70, NULL, NULL),
(226, 4, 11, NULL, NULL),
(227, 4, 21, NULL, NULL),
(228, 4, 66, NULL, NULL),
(229, 4, 22, NULL, NULL),
(230, 4, 28, NULL, NULL),
(231, 4, 63, NULL, NULL),
(232, 4, 64, NULL, NULL),
(233, 4, 65, NULL, NULL),
(234, 4, 118, NULL, NULL),
(235, 34, 8, NULL, NULL);

-- --------------------------------------------------------

--
-- Table structure for table `company_translations`
--

CREATE TABLE `company_translations` (
  `id` int(10) UNSIGNED NOT NULL,
  `company_id` int(10) UNSIGNED NOT NULL,
  `name` varchar(191) COLLATE utf8mb4_unicode_ci NOT NULL,
  `descrption` text COLLATE utf8mb4_unicode_ci,
  `meta_keywords` varchar(191) COLLATE utf8mb4_unicode_ci DEFAULT NULL,
  `meta_description` text COLLATE utf8mb4_unicode_ci,
  `locale` varchar(191) COLLATE utf8mb4_unicode_ci NOT NULL,
  `created_at` timestamp NULL DEFAULT NULL,
  `updated_at` timestamp NULL DEFAULT NULL
) ENGINE=InnoDB DEFAULT CHARSET=utf8mb4 COLLATE=utf8mb4_unicode_ci;

--
-- Dumping data for table `company_translations`
--

INSERT INTO `company_translations` (`id`, `company_id`, `name`, `descrption`, `meta_keywords`, `meta_description`, `locale`, `created_at`, `updated_at`) VALUES
(1, 1, 'عدسات ذهب', 'عدسات ذهب', 'عدسات ذهب', 'عدسات ذهب', 'ar', NULL, NULL),
(2, 1, 'Dahab Lenses', 'Dahab Lenses', 'Dahab Lenses', 'Dahab Lenses', 'en', NULL, NULL),
(3, 2, 'فجن اكس', 'VisonXoptics', 'عدسات بيلا', 'عدسات بيلا', 'ar', NULL, NULL),
(4, 2, 'VisonXoptics', 'VisonXoptics', 'Bella Lenses', 'Bella Lenses', 'en', NULL, NULL),
(5, 3, 'فلكس ايز', 'عدسات فلكس ايز', 'عدسات فلكس ايز', 'عدسات فلكس ايز حصة اللوغاني', 'ar', NULL, NULL),
(6, 3, 'Flex Eyes', 'Flex Eyes', 'Flex Eyes', 'Flex Eyes', 'en', NULL, NULL),
(7, 4, 'InstaDeal', 'شركة جديدة', 'شركة جديدة', 'شركة جديدة', 'ar', NULL, NULL),
(8, 4, 'InstaDeal', 'شركة جديدة', 'شركة جديدة', 'شركة جديدة', 'en', NULL, NULL),
(9, 5, 'ModaBodyShop', 'MakeUp', 'MakeUp', 'MakeUp', 'ar', NULL, NULL),
(10, 5, 'ModaBodyShop', 'MakeUp', 'MakeUp', 'MakeUp', 'en', NULL, NULL),
(11, 6, 'فيفنزا', 'شركة فيفنزا &nbsp;', NULL, NULL, 'ar', NULL, NULL),
(12, 6, 'Vivanza Company', 'Vivanza Company', NULL, NULL, 'en', NULL, NULL),
(13, 7, 'TheFaceShop', 'The Face shop', NULL, NULL, 'ar', NULL, NULL),
(14, 7, 'The Face shop', 'The Face shop', NULL, NULL, 'en', NULL, NULL),
(15, 8, 'ايفلين', 'Eveline', NULL, NULL, 'ar', NULL, NULL),
(16, 8, 'Eveline', 'Eveline', NULL, NULL, 'en', NULL, NULL),
(17, 9, 'FAIR&WHITE', 'ArabLimitedGroup', NULL, NULL, 'ar', NULL, NULL),
(18, 9, 'FAIR&WHITE', 'ArabLimitedGroup', NULL, NULL, 'en', NULL, NULL),
(19, 10, 'أنكر', NULL, NULL, NULL, 'ar', NULL, NULL),
(20, 10, 'Anker', NULL, NULL, NULL, 'en', NULL, NULL),
(21, 11, 'فيجن إكس', NULL, 'Vision X', NULL, 'ar', NULL, NULL),
(22, 11, 'Vision X', NULL, NULL, NULL, 'en', NULL, NULL),
(23, 12, 'برستيج', NULL, NULL, NULL, 'ar', NULL, NULL),
(24, 12, 'Prestige Company', NULL, NULL, NULL, 'en', NULL, NULL),
(25, 13, 'نظارات الوليد', NULL, NULL, NULL, 'ar', NULL, NULL),
(26, 13, 'Alwaleed Glasses', NULL, NULL, NULL, 'en', NULL, NULL),
(27, 14, 'Instadeal', NULL, NULL, NULL, 'ar', NULL, NULL),
(28, 14, 'Instadeal', NULL, NULL, NULL, 'en', NULL, NULL),
(29, 15, 'الامراء', NULL, NULL, NULL, 'ar', NULL, NULL),
(30, 15, 'Al Omara', NULL, NULL, NULL, 'en', NULL, NULL),
(31, 16, 'عجلان واخوانه', NULL, NULL, NULL, 'ar', NULL, NULL),
(32, 16, 'عجلان واخوانه', NULL, NULL, NULL, 'en', NULL, NULL),
(33, 17, 'موريسكي', NULL, NULL, NULL, 'ar', NULL, NULL),
(34, 17, 'Moreschi', NULL, NULL, NULL, 'en', NULL, NULL),
(35, 18, 'قوي', NULL, NULL, NULL, 'ar', NULL, NULL),
(36, 18, 'Goui', NULL, NULL, NULL, 'en', NULL, NULL),
(37, 19, 'كويت واتشز', 'كويت واتشز&nbsp;كويت واتشز', NULL, NULL, 'ar', NULL, NULL),
(38, 19, 'Q8-Watches', NULL, NULL, NULL, 'en', NULL, NULL),
(39, 20, 'ستراتوسفير', 'ستراتوسفير&nbsp;ستراتوسفير &nbsp;', NULL, NULL, 'ar', NULL, NULL),
(40, 20, 'ستراتوسفير', NULL, NULL, NULL, 'en', NULL, NULL),
(41, 21, 'اوكسجين يونايتد', 'اوكسجين يونايتد\r\n<div id=\"gtx-trans\" style=\"position: absolute; left: 1160px; top: -6.75px;\">\r\n<div class=\"gtx-trans-icon\">&nbsp;</div>\r\n</div>', NULL, NULL, 'ar', NULL, NULL),
(42, 21, 'اوكسجين يونايتد', 'اوكسجين يونايتد', NULL, NULL, 'en', NULL, NULL),
(43, 22, 'جي - شوك', NULL, NULL, NULL, 'ar', NULL, NULL),
(44, 22, 'G-Shock', NULL, NULL, NULL, 'en', NULL, NULL),
(45, 23, 'Eylure Londen', NULL, NULL, NULL, 'ar', NULL, NULL),
(46, 23, 'Eylure Londen', NULL, NULL, NULL, 'en', NULL, NULL),
(47, 24, 'Al-Ostora', NULL, NULL, NULL, 'ar', NULL, NULL),
(48, 24, 'AL-Ostora', NULL, NULL, NULL, 'en', NULL, NULL),
(49, 25, 'لومينانس', NULL, NULL, NULL, 'ar', NULL, NULL),
(50, 25, 'Lumiance Company', NULL, NULL, NULL, 'en', NULL, NULL),
(51, 26, 'امفال', NULL, NULL, NULL, 'ar', NULL, NULL),
(52, 26, 'Amfal', NULL, NULL, NULL, 'en', NULL, NULL),
(53, 27, 'اوزافليكس', NULL, NULL, NULL, 'ar', NULL, NULL),
(54, 27, 'Usaflex', NULL, NULL, NULL, 'en', NULL, NULL),
(55, 28, 'زايروس', NULL, NULL, NULL, 'ar', NULL, NULL),
(56, 28, 'Zyros', NULL, NULL, NULL, 'en', NULL, NULL),
(57, 29, 'بيكادلى', NULL, NULL, NULL, 'ar', NULL, NULL),
(58, 29, 'Piccadilly', NULL, NULL, NULL, 'en', NULL, NULL),
(59, 30, 'ابولو للعطور', '.', NULL, NULL, 'ar', NULL, NULL),
(60, 30, 'Appollo Perfumes', '.', NULL, NULL, 'en', NULL, NULL),
(61, 31, 'عدسات-انستاديل', NULL, NULL, NULL, 'ar', NULL, NULL),
(62, 31, 'InstaDeal-Lenses', NULL, NULL, NULL, 'en', NULL, NULL),
(63, 32, 'بيت المسك للعطور', 'Musk House Perfume', NULL, NULL, 'ar', NULL, NULL),
(64, 32, 'Musk House Perfume', 'Musk House Perfume', NULL, NULL, 'en', NULL, NULL),
(65, 33, 'اطياب دار جابر', NULL, NULL, NULL, 'ar', NULL, NULL),
(66, 33, 'atyabdarjaber', NULL, NULL, NULL, 'en', NULL, NULL),
(67, 34, 'رويال بيوتي', NULL, NULL, NULL, 'ar', NULL, NULL),
(68, 34, 'Royal Beauty', NULL, NULL, NULL, 'en', NULL, NULL);

-- --------------------------------------------------------

--
-- Table structure for table `content_sections`
--

CREATE TABLE `content_sections` (
  `id` int(10) UNSIGNED NOT NULL,
  `order` int(11) NOT NULL,
  `status` int(11) NOT NULL DEFAULT '1',
  `created_at` timestamp NULL DEFAULT NULL,
  `updated_at` timestamp NULL DEFAULT NULL,
  `start_offer` datetime DEFAULT NULL,
  `end_offer` datetime DEFAULT NULL,
  `categoryShow` int(10) UNSIGNED DEFAULT NULL
) ENGINE=InnoDB DEFAULT CHARSET=utf8mb4 COLLATE=utf8mb4_unicode_ci;

--
-- Dumping data for table `content_sections`
--

INSERT INTO `content_sections` (`id`, `order`, `status`, `created_at`, `updated_at`, `start_offer`, `end_offer`, `categoryShow`) VALUES
(3, 1, 1, '2020-08-01 00:28:44', '2020-08-30 12:05:25', NULL, NULL, 8),
(4, 7, 1, '2020-08-01 00:36:07', '2020-09-22 16:54:12', NULL, NULL, NULL),
(5, 5, 1, '2020-08-01 23:42:12', '2020-08-30 16:41:07', NULL, NULL, NULL),
(6, 6, 1, '2020-08-01 23:43:13', '2020-11-15 11:39:39', NULL, NULL, NULL),
(7, 3, 1, '2020-08-01 23:44:44', '2020-11-15 11:32:27', NULL, NULL, NULL),
(8, 4, 1, '2020-08-01 23:53:45', '2020-11-15 11:35:37', NULL, NULL, NULL),
(9, 3, 1, '2020-08-02 00:18:29', '2020-08-18 14:33:16', NULL, NULL, 11),
(10, 4, 1, '2020-08-02 00:19:22', '2020-08-18 14:37:44', NULL, NULL, 11),
(11, 1, 1, '2020-08-02 00:20:20', '2020-11-15 15:46:02', NULL, NULL, NULL),
(12, 6, 0, '2020-08-02 13:25:38', '2020-08-03 17:24:31', NULL, NULL, NULL),
(13, 5, 1, '2020-08-02 13:25:48', '2020-08-03 17:14:25', NULL, NULL, 10),
(14, 1, 1, '2020-08-04 22:18:22', '2020-11-08 16:55:03', NULL, NULL, 9),
(15, 2, 1, '2020-08-04 22:26:50', '2020-08-04 22:29:44', NULL, NULL, 9),
(18, 3, 1, '2020-08-04 23:03:15', '2020-11-08 13:27:46', NULL, NULL, 9),
(19, 4, 1, '2020-08-04 23:19:38', '2020-08-04 23:19:38', NULL, NULL, 9),
(21, 8, 1, '2020-08-13 18:23:30', '2020-11-15 11:42:03', NULL, NULL, NULL),
(22, 1, 1, '2020-08-18 14:13:23', '2020-11-08 16:51:59', NULL, NULL, 11),
(23, 2, 1, '2020-08-18 14:29:37', '2020-10-08 13:42:55', NULL, NULL, 11),
(24, 1, 1, '2020-08-18 14:51:38', '2020-09-17 17:30:09', NULL, NULL, 10),
(25, 2, 1, '2020-08-18 15:16:08', '2020-09-02 19:29:43', NULL, NULL, 10),
(26, 3, 1, '2020-08-18 15:19:14', '2020-09-15 18:59:27', NULL, NULL, 10),
(27, 4, 1, '2020-08-18 15:22:51', '2020-09-15 18:56:44', NULL, NULL, 10),
(28, 1, 0, '2020-08-18 21:07:44', '2020-11-08 16:53:15', NULL, NULL, 73),
(29, 3, 1, '2020-08-19 10:59:14', '2020-09-19 17:25:07', NULL, NULL, 73),
(30, 4, 1, '2020-08-19 11:01:20', '2020-09-25 14:55:58', NULL, NULL, 73),
(31, 2, 1, '2020-08-19 11:10:14', '2020-08-19 11:16:06', NULL, NULL, 73),
(43, 2, 1, '2020-09-01 15:54:17', '2020-11-16 00:00:02', NULL, '2020-11-16 05:00:02', NULL),
(44, 4, 1, '2020-09-01 21:40:25', '2020-09-03 00:43:44', NULL, NULL, 12),
(45, 1, 1, '2020-09-01 21:44:08', '2020-09-01 21:44:33', NULL, NULL, 12),
(47, 2, 1, '2020-09-02 17:08:20', '2020-09-02 17:12:35', NULL, NULL, 8),
(48, 4, 1, '2020-09-02 17:20:31', '2020-09-02 17:21:38', NULL, NULL, 8),
(49, 3, 1, '2020-09-02 17:23:17', '2020-09-02 17:23:17', NULL, NULL, 8),
(51, 3, 1, '2020-09-03 00:39:21', '2020-09-03 00:41:38', NULL, NULL, 12),
(53, 1, 0, '2020-11-08 15:18:26', '2020-11-08 16:52:53', NULL, NULL, 9),
(64, 2, 1, '2020-11-08 18:14:11', '2020-11-08 18:19:39', NULL, NULL, 12);

-- --------------------------------------------------------

--
-- Table structure for table `content_section_translations`
--

CREATE TABLE `content_section_translations` (
  `id` int(10) UNSIGNED NOT NULL,
  `content_section_id` int(10) UNSIGNED NOT NULL,
  `title` varchar(191) COLLATE utf8mb4_unicode_ci DEFAULT NULL,
  `locale` varchar(191) COLLATE utf8mb4_unicode_ci NOT NULL,
  `created_at` timestamp NULL DEFAULT NULL,
  `updated_at` timestamp NULL DEFAULT NULL
) ENGINE=InnoDB DEFAULT CHARSET=utf8mb4 COLLATE=utf8mb4_unicode_ci;

--
-- Dumping data for table `content_section_translations`
--

INSERT INTO `content_section_translations` (`id`, `content_section_id`, `title`, `locale`, `created_at`, `updated_at`) VALUES
(5, 3, 'عدسات ذهب', 'ar', NULL, NULL),
(6, 3, 'Dahab Lenses', 'en', NULL, NULL),
(7, 4, 'ملابس شعبية اصلية', 'ar', NULL, NULL),
(8, 4, 'Original folk clothing', 'en', NULL, NULL),
(9, 5, 'مكياج يومي', 'ar', NULL, NULL),
(10, 5, 'Daily Make Up', 'en', NULL, NULL),
(11, 6, 'مكياج', 'ar', NULL, NULL),
(12, 6, 'Makeup', 'en', NULL, NULL),
(13, 7, 'الكترونيات', 'ar', NULL, NULL),
(14, 7, 'Electronics', 'en', NULL, NULL),
(15, 8, 'عطور', 'ar', NULL, NULL),
(16, 8, 'Perfume', 'en', NULL, NULL),
(17, 9, 'اخترنالكم', 'ar', NULL, NULL),
(18, 9, 'Recommendation', 'en', NULL, NULL),
(19, 10, 'عليها خصم', 'ar', NULL, NULL),
(20, 10, 'Discount', 'en', NULL, NULL),
(21, 11, 'Diego Dalla Palma 🇮🇹', 'ar', NULL, NULL),
(22, 11, 'Diego Dalla Palma 🇮🇹', 'en', NULL, NULL),
(23, 12, 'منتجات خاصة بانستاديل', 'ar', NULL, NULL),
(24, 12, 'Specail In InstaDeal', 'en', NULL, NULL),
(25, 13, 'منتجات خاصة بانستاديل', 'ar', NULL, NULL),
(26, 13, 'Specail In InstaDeal', 'en', NULL, NULL),
(27, 14, 'بوكس للهدايا', 'ar', NULL, NULL),
(28, 14, 'Gift\'s Boxes', 'en', NULL, NULL),
(29, 15, 'الأكثر طلبا', 'ar', NULL, NULL),
(30, 15, 'Top Sales', 'en', NULL, NULL),
(35, 18, 'عروض', 'ar', NULL, NULL),
(36, 18, 'Offiers', 'en', NULL, NULL),
(37, 19, 'منتجات مختارة', 'ar', NULL, NULL),
(38, 19, 'Recommended', 'en', NULL, NULL),
(41, 21, 'إلكترونيات', 'ar', NULL, NULL),
(42, 21, 'Electronics', 'en', NULL, NULL),
(43, 22, 'بوبا', 'ar', NULL, NULL),
(44, 22, 'Pupa', 'en', NULL, NULL),
(45, 23, 'ذا فيس شوب 🇰🇷', 'ar', NULL, NULL),
(46, 23, 'The Face Shop  🇰🇷', 'en', NULL, NULL),
(47, 24, 'أنكر', 'ar', NULL, NULL),
(48, 24, 'Anker', 'en', NULL, NULL),
(49, 25, 'الأكثر طلب', 'ar', NULL, NULL),
(50, 25, 'Most orders', 'en', NULL, NULL),
(51, 26, 'اخترنالكم', 'ar', NULL, NULL),
(52, 26, 'Recommendation', 'en', NULL, NULL),
(53, 27, 'عليها طلب', 'ar', NULL, NULL),
(54, 27, 'Recommended', 'en', NULL, NULL),
(55, 28, 'ماركة', 'ar', NULL, NULL),
(56, 28, 'Brand', 'en', NULL, NULL),
(57, 29, 'عروض خاصة على الملابس الداخلية', 'ar', NULL, NULL),
(58, 29, 'Special Offers of Underware', 'en', NULL, NULL),
(59, 30, 'خاصة لك', 'ar', NULL, NULL),
(60, 30, 'Special For You', 'en', NULL, NULL),
(61, 31, 'هدايا مميزة', 'ar', NULL, NULL),
(62, 31, 'Gifts', 'en', NULL, NULL),
(85, 43, 'عروض ما تتطوف', 'ar', NULL, NULL),
(86, 43, 'Offers', 'en', NULL, NULL),
(87, 44, 'اخترنا لكم', 'ar', NULL, NULL),
(88, 44, 'Recommended', 'en', NULL, NULL),
(89, 45, 'عدسات ذهب', 'ar', NULL, NULL),
(90, 45, 'Dahab', 'en', NULL, NULL),
(93, 47, 'مكياج', 'ar', NULL, NULL),
(94, 47, 'Makeup', 'en', NULL, NULL),
(95, 48, 'منتجات جميله', 'ar', NULL, NULL),
(96, 48, 'منتجات جميله', 'en', NULL, NULL),
(97, 49, 'افضل العدسات', 'ar', NULL, NULL),
(98, 49, 'best lences', 'en', NULL, NULL),
(101, 51, 'عدسات فريش لوك', 'ar', NULL, NULL),
(102, 51, 'Fresh Look Lenses', 'en', NULL, NULL),
(105, 53, 'عطور فاخرة', 'ar', NULL, NULL),
(106, 53, 'perfumes', 'en', NULL, NULL),
(127, 64, 'فلكس ايز', 'ar', NULL, NULL),
(128, 64, 'Flex Eyes', 'en', NULL, NULL);

-- --------------------------------------------------------

--
-- Table structure for table `countries`
--

CREATE TABLE `countries` (
  `id` int(10) UNSIGNED NOT NULL,
  `status` tinyint(1) NOT NULL DEFAULT '1',
  `image` varchar(191) COLLATE utf8mb4_unicode_ci DEFAULT NULL,
  `code` varchar(191) COLLATE utf8mb4_unicode_ci DEFAULT NULL,
  `currency` varchar(191) COLLATE utf8mb4_unicode_ci DEFAULT NULL,
  `address_address` varchar(191) COLLATE utf8mb4_unicode_ci NOT NULL,
  `address_latitude` double NOT NULL,
  `address_longitude` double NOT NULL,
  `created_at` timestamp NULL DEFAULT NULL,
  `updated_at` timestamp NULL DEFAULT NULL
) ENGINE=InnoDB DEFAULT CHARSET=utf8mb4 COLLATE=utf8mb4_unicode_ci;

--
-- Dumping data for table `countries`
--

INSERT INTO `countries` (`id`, `status`, `image`, `code`, `currency`, `address_address`, `address_latitude`, `address_longitude`, `created_at`, `updated_at`) VALUES
(1, 1, 'A1Yy2Qt5vVlPOl33Nc01Gny2DNAt8zDvxpENqPhs.jpeg', 'KWT', 'kwt', 'مدينة الكويت، Kuwait', 29.375859, 47.9774052, '2020-07-29 17:06:29', '2020-07-29 20:33:09');

-- --------------------------------------------------------

--
-- Table structure for table `country_translations`
--

CREATE TABLE `country_translations` (
  `id` int(10) UNSIGNED NOT NULL,
  `country_id` int(10) UNSIGNED NOT NULL,
  `name` varchar(191) COLLATE utf8mb4_unicode_ci NOT NULL,
  `locale` varchar(191) COLLATE utf8mb4_unicode_ci NOT NULL,
  `created_at` timestamp NULL DEFAULT NULL,
  `updated_at` timestamp NULL DEFAULT NULL
) ENGINE=InnoDB DEFAULT CHARSET=utf8mb4 COLLATE=utf8mb4_unicode_ci;

--
-- Dumping data for table `country_translations`
--

INSERT INTO `country_translations` (`id`, `country_id`, `name`, `locale`, `created_at`, `updated_at`) VALUES
(1, 1, 'الكويت', 'ar', NULL, NULL),
(2, 1, 'kuwait', 'en', NULL, NULL);

-- --------------------------------------------------------

--
-- Table structure for table `coupons`
--

CREATE TABLE `coupons` (
  `id` int(10) UNSIGNED NOT NULL,
  `user_id` int(10) UNSIGNED DEFAULT NULL,
  `name` varchar(191) COLLATE utf8mb4_unicode_ci NOT NULL,
  `code` varchar(191) COLLATE utf8mb4_unicode_ci NOT NULL,
  `type` varchar(191) COLLATE utf8mb4_unicode_ci NOT NULL,
  `value` varchar(191) COLLATE utf8mb4_unicode_ci NOT NULL,
  `created_at` timestamp NULL DEFAULT NULL,
  `updated_at` timestamp NULL DEFAULT NULL,
  `company_id` int(10) UNSIGNED DEFAULT NULL,
  `status` tinyint(4) DEFAULT NULL,
  `count` int(11) DEFAULT NULL
) ENGINE=InnoDB DEFAULT CHARSET=utf8mb4 COLLATE=utf8mb4_unicode_ci;

--
-- Dumping data for table `coupons`
--

INSERT INTO `coupons` (`id`, `user_id`, `name`, `code`, `type`, `value`, `created_at`, `updated_at`, `company_id`, `status`, `count`) VALUES
(3, 14, 'برستيج', 'q8', 'discount', '10', '2020-08-21 02:08:49', '2020-09-06 15:42:40', 8, 0, NULL),
(4, 14, 'j[vfi', 'Q88', 'discount', '25', '2020-08-21 02:15:17', '2020-09-06 16:00:07', 18, 0, 0),
(5, 14, 'خصم ٢٠', 'Q10', 'discount', '25', '2020-08-22 09:39:23', '2020-10-19 16:34:35', 4, 0, 0),
(6, 15, 'lsdkjfa', 'Q25', 'discount', '20', '2020-08-22 09:49:24', '2020-08-23 15:29:28', 5, 0, NULL),
(7, 30, '25%', 'Q99', 'discount', '25', '2020-08-22 14:58:27', '2020-10-06 18:59:40', 12, 0, NULL),
(8, 17, 'the face shop discount', 'Q8123', 'discount', '15', '2020-08-30 16:59:20', '2020-08-30 17:01:12', 7, 0, NULL),
(9, 27, 'FAIR&WHITE30', 'F&W30', 'discount', '30', '2020-09-06 13:47:11', '2020-10-24 13:01:43', 9, 0, 30),
(10, 14, 'السلات المتروكة - عطور', 'Insta10', 'discount', '10', '2020-10-06 18:59:29', '2020-10-11 13:05:28', 4, 0, NULL),
(11, 4986, 'السلات المتروكة - عطور', 'Insta10', 'discount', '10', '2020-10-11 13:03:02', '2020-10-24 13:01:45', 21, 0, NULL),
(12, 5022, 'كود خصم 10 %', 'Nov10', 'famous', '10', '2020-10-13 17:45:45', '2020-11-09 18:18:04', NULL, 1, 1),
(13, 5022, 'كود خصم 15%', 'Nov15', 'famous', '15', '2020-10-26 16:32:50', '2020-11-09 18:18:14', NULL, 1, 1),
(14, 5079, 'كود خضم مشاهير 10%', 'SARA10', 'famous', '10', '2020-11-08 15:31:26', '2020-11-14 19:11:07', NULL, 1, 62);

-- --------------------------------------------------------

--
-- Table structure for table `failed_jobs`
--

CREATE TABLE `failed_jobs` (
  `id` bigint(20) UNSIGNED NOT NULL,
  `connection` text COLLATE utf8mb4_unicode_ci NOT NULL,
  `queue` text COLLATE utf8mb4_unicode_ci NOT NULL,
  `payload` longtext COLLATE utf8mb4_unicode_ci NOT NULL,
  `exception` longtext COLLATE utf8mb4_unicode_ci NOT NULL,
  `failed_at` timestamp NOT NULL DEFAULT CURRENT_TIMESTAMP
) ENGINE=InnoDB DEFAULT CHARSET=utf8mb4 COLLATE=utf8mb4_unicode_ci;

-- --------------------------------------------------------

--
-- Table structure for table `famouse_discounts`
--

CREATE TABLE `famouse_discounts` (
  `id` int(10) UNSIGNED NOT NULL,
  `order_id` int(10) UNSIGNED NOT NULL,
  `price` float NOT NULL,
  `discountprice` float NOT NULL,
  `code` varchar(191) COLLATE utf8mb4_unicode_ci NOT NULL,
  `value` varchar(191) COLLATE utf8mb4_unicode_ci NOT NULL,
  `created_at` timestamp NULL DEFAULT NULL,
  `updated_at` timestamp NULL DEFAULT NULL
) ENGINE=InnoDB DEFAULT CHARSET=utf8mb4 COLLATE=utf8mb4_unicode_ci;

--
-- Dumping data for table `famouse_discounts`
--

INSERT INTO `famouse_discounts` (`id`, `order_id`, `price`, `discountprice`, `code`, `value`, `created_at`, `updated_at`) VALUES
(4, 422, 27, 21, 'sara', '20', '2020-10-14 12:07:01', '2020-10-14 12:07:01'),
(5, 471, 6, 5, 'sara', '20', '2020-10-21 11:53:52', '2020-10-21 11:53:52'),
(10, 682, 3, 3, 'Sara10', '10', '2020-11-09 18:18:45', '2020-11-09 18:18:45'),
(11, 686, 21, 19, 'sara10', '10', '2020-11-09 18:18:59', '2020-11-09 18:18:59'),
(12, 695, 6, 5, 'sara10', '10', '2020-11-09 18:41:29', '2020-11-09 18:41:29'),
(13, 696, 4, 3, 'sara10', '10', '2020-11-09 18:43:20', '2020-11-09 18:43:20'),
(14, 698, 9, 8, 'SARA10', '10', '2020-11-09 18:44:31', '2020-11-09 18:44:31'),
(15, 700, 3, 3, 'sara10', '10', '2020-11-09 18:45:41', '2020-11-09 18:45:41'),
(16, 702, 7, 6, 'SARA10', '10', '2020-11-09 18:52:10', '2020-11-09 18:52:10'),
(17, 691, 16, 14, 'Sara10', '10', '2020-11-09 18:53:11', '2020-11-09 18:53:11'),
(18, 691, 16, 14, 'sara10', '10', '2020-11-09 18:53:37', '2020-11-09 18:53:37'),
(19, 705, 2, 2, 'Sara10', '10', '2020-11-09 18:53:39', '2020-11-09 18:53:39'),
(20, 691, 16, 14, 'sara10', '10', '2020-11-09 18:56:10', '2020-11-09 18:56:10'),
(21, 707, 7, 6, 'sara10', '10', '2020-11-09 18:58:11', '2020-11-09 18:58:11'),
(22, 707, 7, 6, 'sara10', '10', '2020-11-09 19:00:03', '2020-11-09 19:00:03'),
(23, 548, 18, 16, 'sara10', '10', '2020-11-09 19:00:04', '2020-11-09 19:00:04'),
(24, 709, 17, 15, 'sara10', '10', '2020-11-09 19:03:19', '2020-11-09 19:03:19'),
(25, 690, 28, 26, 'sara10', '10', '2020-11-09 19:06:58', '2020-11-09 19:06:58'),
(27, 711, 63, 56, 'sara10', '10', '2020-11-09 19:22:58', '2020-11-09 19:22:58'),
(28, 711, 37, 33, 'sara10', '10', '2020-11-09 19:23:22', '2020-11-09 19:23:22'),
(29, 711, 40, 36, 'sara10', '10', '2020-11-09 19:24:20', '2020-11-09 19:24:20'),
(30, 711, 40, 36, 'sara10', '10', '2020-11-09 19:24:29', '2020-11-09 19:24:29'),
(31, 711, 77, 69, 'sara10', '10', '2020-11-09 19:28:22', '2020-11-09 19:28:22'),
(32, 711, 77, 69, 'sara10', '10', '2020-11-09 19:29:28', '2020-11-09 19:29:28'),
(36, 718, 10.75, 9.675, 'sara10', '10', '2020-11-09 20:18:51', '2020-11-09 20:18:51'),
(37, 730, 6, 5.4, 'sara10', '10', '2020-11-09 20:46:06', '2020-11-09 20:46:06'),
(38, 731, 9.5, 8.55, 'sara10', '10', '2020-11-09 20:57:09', '2020-11-09 20:57:09'),
(39, 731, 3.5, 3.15, 'sara10', '10', '2020-11-09 21:02:20', '2020-11-09 21:02:20'),
(40, 731, 3.5, 3.15, 'sara10', '10', '2020-11-09 21:08:59', '2020-11-09 21:08:59'),
(41, 731, 3.5, 3.15, 'sara10', '10', '2020-11-09 21:09:41', '2020-11-09 21:09:41'),
(42, 738, 22, 19.8, 'sara10', '10', '2020-11-09 21:15:11', '2020-11-09 21:15:11'),
(43, 738, 16, 14.4, 'sara10', '10', '2020-11-09 21:15:47', '2020-11-09 21:15:47'),
(44, 739, 38, 34.2, 'sara10', '10', '2020-11-09 21:22:44', '2020-11-09 21:22:44'),
(45, 739, 14, 12.6, 'sara10', '10', '2020-11-09 21:25:43', '2020-11-09 21:25:43'),
(46, 748, 3.5, 3.15, 'sara10', '10', '2020-11-09 21:52:14', '2020-11-09 21:52:14'),
(47, 748, 7, 6.3, 'sara10', '10', '2020-11-09 21:52:51', '2020-11-09 21:52:51'),
(48, 746, 47.98, 43.182, 'Sara10', '10', '2020-11-09 21:55:59', '2020-11-09 21:55:59'),
(53, 752, 24, 21.6, 'sara10', '10', '2020-11-09 22:17:54', '2020-11-09 22:17:54'),
(54, 749, 13.7, 12.33, 'sara10', '10', '2020-11-09 22:25:21', '2020-11-09 22:25:21'),
(55, 749, 12, 10.8, 'sara10', '10', '2020-11-09 22:29:29', '2020-11-09 22:29:29'),
(56, 749, 12, 10.8, 'sara10', '10', '2020-11-09 22:30:12', '2020-11-09 22:30:12'),
(64, 761, 11.5, 10.35, 'sara10', '10', '2020-11-09 22:49:35', '2020-11-09 22:49:35'),
(65, 768, 39.75, 35.775, 'sara10', '10', '2020-11-09 22:59:30', '2020-11-09 22:59:30'),
(67, 771, 7, 6.3, 'sara10', '10', '2020-11-09 23:29:29', '2020-11-09 23:29:29'),
(68, 771, 7, 6.3, 'sara10', '10', '2020-11-09 23:29:54', '2020-11-09 23:29:54'),
(69, 774, 7, 6.3, 'Sara10', '10', '2020-11-09 23:30:05', '2020-11-09 23:30:05'),
(70, 775, 24, 21.6, 'sara10', '10', '2020-11-09 23:44:00', '2020-11-09 23:44:00'),
(71, 782, 13.8, 12.42, 'Sara10', '10', '2020-11-10 00:02:29', '2020-11-10 00:02:29'),
(72, 783, 20, 18, 'sara10', '10', '2020-11-10 00:11:43', '2020-11-10 00:11:43'),
(73, 788, 17.5, 15.75, 'sara10', '10', '2020-11-10 00:20:09', '2020-11-10 00:20:09'),
(74, 788, 17.5, 15.75, 'sara10', '10', '2020-11-10 00:20:25', '2020-11-10 00:20:25'),
(75, 787, 11, 9.9, 'sara10', '10', '2020-11-10 00:24:20', '2020-11-10 00:24:20'),
(76, 790, 10.6, 9.54, 'sara10', '10', '2020-11-10 00:35:29', '2020-11-10 00:35:29'),
(77, 789, 30, 27, 'sara10', '10', '2020-11-10 00:47:35', '2020-11-10 00:47:35'),
(78, 800, 9.5, 8.55, 'sara10', '10', '2020-11-10 01:24:08', '2020-11-10 01:24:08'),
(79, 800, 9.5, 8.55, 'sara10', '10', '2020-11-10 01:25:05', '2020-11-10 01:25:05'),
(80, 800, 9.5, 8.55, 'sara10', '10', '2020-11-10 01:25:45', '2020-11-10 01:25:45'),
(81, 801, 20.19, 18.171, 'SARA10', '10', '2020-11-10 01:36:43', '2020-11-10 01:36:43'),
(84, 811, 24.5, 22.05, 'sara10', '10', '2020-11-10 02:15:35', '2020-11-10 02:15:35'),
(85, 819, 7, 6.3, 'sara10', '10', '2020-11-10 03:12:12', '2020-11-10 03:12:12'),
(86, 823, 10.5, 9.45, 'sara10', '10', '2020-11-10 03:17:02', '2020-11-10 03:17:02'),
(88, 831, 9.45, 8.505, 'sara10', '10', '2020-11-10 05:08:50', '2020-11-10 05:08:50'),
(89, 833, 26.9, 24.21, 'Sara10', '10', '2020-11-10 06:09:55', '2020-11-10 06:09:55'),
(90, 833, 18.5, 16.65, 'Sara10', '10', '2020-11-10 06:11:20', '2020-11-10 06:11:20'),
(91, 833, 18.5, 16.65, 'Sara10', '10', '2020-11-10 06:13:06', '2020-11-10 06:13:06'),
(92, 835, 10, 9, 'sara10', '10', '2020-11-10 06:40:37', '2020-11-10 06:40:37'),
(93, 841, 23.8, 21.42, 'sara10', '10', '2020-11-10 07:29:00', '2020-11-10 07:29:00'),
(94, 841, 23.8, 21.42, 'sara10', '10', '2020-11-10 07:29:41', '2020-11-10 07:29:41'),
(95, 841, 23.8, 21.42, 'sara10', '10', '2020-11-10 07:31:35', '2020-11-10 07:31:35'),
(96, 841, 23.8, 21.42, 'sara10', '10', '2020-11-10 07:32:24', '2020-11-10 07:32:24'),
(97, 841, 23.8, 21.42, 'sara10', '10', '2020-11-10 07:33:10', '2020-11-10 07:33:10'),
(98, 841, 23.8, 21.42, 'sara10', '10', '2020-11-10 07:35:03', '2020-11-10 07:35:03'),
(99, 844, 7, 6.3, 'sara10', '10', '2020-11-10 08:13:24', '2020-11-10 08:13:24'),
(100, 844, 3.5, 3.15, 'sara10', '10', '2020-11-10 08:13:46', '2020-11-10 08:13:46'),
(101, 852, 8, 7.2, 'sara10', '10', '2020-11-10 09:31:14', '2020-11-10 09:31:14'),
(102, 861, 21.5, 19.35, 'sara10', '10', '2020-11-10 09:47:39', '2020-11-10 09:47:39'),
(103, 861, 21.5, 19.35, 'sara10', '10', '2020-11-10 09:48:52', '2020-11-10 09:48:52'),
(104, 868, 1.5, 1.35, 'sara10', '10', '2020-11-10 10:39:37', '2020-11-10 10:39:37'),
(105, 865, 15, 13.5, 'sara10', '10', '2020-11-10 10:42:13', '2020-11-10 10:42:13'),
(107, 874, 54.71, 49.239, 'sara10', '10', '2020-11-10 14:57:23', '2020-11-10 14:57:23'),
(108, 874, 42.81, 38.529, 'sara10', '10', '2020-11-10 14:58:05', '2020-11-10 14:58:05'),
(109, 874, 42.81, 38.529, 'sara10', '10', '2020-11-10 14:59:08', '2020-11-10 14:59:08'),
(110, 841, 23.8, 21.42, 'sara10', '10', '2020-11-10 15:17:12', '2020-11-10 15:17:12'),
(111, 881, 14, 12.6, 'sara10', '10', '2020-11-10 16:37:40', '2020-11-10 16:37:40'),
(113, 841, 23.8, 21.42, 'sara10', '10', '2020-11-10 16:46:24', '2020-11-10 16:46:24'),
(114, 882, 7, 6.3, 'sara10', '10', '2020-11-10 16:50:15', '2020-11-10 16:50:15'),
(115, 883, 46, 41.4, 'SARA10', '10', '2020-11-10 17:03:33', '2020-11-10 17:03:33'),
(116, 883, 46, 41.4, 'SARA10', '10', '2020-11-10 17:05:49', '2020-11-10 17:05:49'),
(117, 885, 39.75, 35.775, 'sara10', '10', '2020-11-10 17:17:38', '2020-11-10 17:17:38'),
(118, 887, 4.9, 4.41, 'sara10', '10', '2020-11-10 17:33:53', '2020-11-10 17:33:53'),
(119, 841, 14.5, 13.05, 'sara10', '10', '2020-11-10 17:59:37', '2020-11-10 17:59:37'),
(120, 897, 9.5, 8.55, 'sara10', '10', '2020-11-10 18:36:23', '2020-11-10 18:36:23'),
(121, 898, 4.9, 4.41, 'sara10', '10', '2020-11-10 18:36:45', '2020-11-10 18:36:45'),
(122, 900, 4.9, 4.41, 'sara10', '10', '2020-11-10 18:41:17', '2020-11-10 18:41:17'),
(123, 900, 4.9, 4.41, 'sara10', '10', '2020-11-10 18:41:32', '2020-11-10 18:41:32'),
(124, 900, 4.9, 4.41, 'sara10', '10', '2020-11-10 18:42:02', '2020-11-10 18:42:02'),
(125, 896, 33.4, 30.06, 'sara10', '10', '2020-11-10 18:44:51', '2020-11-10 18:44:51'),
(126, 896, 29.55, 26.595, 'sara10', '10', '2020-11-10 18:45:56', '2020-11-10 18:45:56'),
(127, 901, 7, 6.3, 'sara10', '10', '2020-11-10 18:59:13', '2020-11-10 18:59:13'),
(128, 905, 9.8, 8.82, 'sara10', '10', '2020-11-10 19:34:05', '2020-11-10 19:34:05'),
(129, 905, 14.7, 13.23, 'sara10', '10', '2020-11-10 19:36:56', '2020-11-10 19:36:56'),
(130, 905, 9.8, 8.82, 'sara10', '10', '2020-11-10 19:38:23', '2020-11-10 19:38:23'),
(131, 909, 11.35, 10.215, 'sara10', '10', '2020-11-10 20:17:20', '2020-11-10 20:17:20'),
(132, 909, 11.35, 10.215, 'sara10', '10', '2020-11-10 20:17:40', '2020-11-10 20:17:40'),
(133, 911, 4.9, 4.41, 'sara10', '10', '2020-11-10 20:41:57', '2020-11-10 20:41:57'),
(134, 911, 4.9, 4.41, 'sara10', '10', '2020-11-10 20:43:10', '2020-11-10 20:43:10'),
(135, 911, 4.9, 4.41, 'sara10', '10', '2020-11-10 20:43:35', '2020-11-10 20:43:35'),
(136, 917, 11, 9.9, 'sara10', '10', '2020-11-10 21:00:28', '2020-11-10 21:00:28'),
(137, 885, 39, 35.1, 'sara10', '10', '2020-11-10 22:51:01', '2020-11-10 22:51:01'),
(138, 939, 53.05, 47.745, 'sara10', '10', '2020-11-11 01:06:07', '2020-11-11 01:06:07'),
(139, 939, 53.05, 47.745, 'sara10', '10', '2020-11-11 01:06:45', '2020-11-11 01:06:45'),
(140, 940, 5, 4.5, 'sara10', '10', '2020-11-11 01:48:36', '2020-11-11 01:48:36'),
(141, 942, 61.72, 55.548, 'Sara10', '10', '2020-11-11 02:09:22', '2020-11-11 02:09:22'),
(142, 942, 45.62, 41.058, 'SARA10', '10', '2020-11-11 02:11:07', '2020-11-11 02:11:07'),
(143, 942, 45.62, 41.058, 'sara10', '10', '2020-11-11 02:58:16', '2020-11-11 02:58:16'),
(144, 945, 4.9, 4.41, 'sara10', '10', '2020-11-11 03:24:03', '2020-11-11 03:24:03'),
(147, 942, 41.59, 37.431, 'sara10', '10', '2020-11-11 05:36:49', '2020-11-11 05:36:49'),
(148, 942, 41.59, 37.431, 'sara10', '10', '2020-11-11 05:37:07', '2020-11-11 05:37:07'),
(149, 942, 41.59, 37.431, 'sara10', '10', '2020-11-11 05:38:22', '2020-11-11 05:38:22'),
(150, 950, 9.8, 8.82, 'sara10', '10', '2020-11-11 07:01:35', '2020-11-11 07:01:35'),
(151, 950, 9.8, 8.82, 'sara10', '10', '2020-11-11 07:12:01', '2020-11-11 07:12:01'),
(152, 950, 9.8, 8.82, 'sara10', '10', '2020-11-11 07:15:19', '2020-11-11 07:15:19'),
(153, 942, 41.59, 37.431, 'Sara10', '10', '2020-11-11 07:39:45', '2020-11-11 07:39:45'),
(154, 951, 9.46, 8.514, 'sara10', '10', '2020-11-11 07:49:42', '2020-11-11 07:49:42'),
(155, 847, 10, 9, 'sara10', '10', '2020-11-11 16:36:35', '2020-11-11 16:36:35'),
(156, 869, 3.5, 3.15, 'sara10', '10', '2020-11-11 17:24:16', '2020-11-11 17:24:16'),
(157, 959, 5.6, 5.04, 'sara10', '10', '2020-11-11 20:17:33', '2020-11-11 20:17:33'),
(158, 761, 15.25, 13.725, 'sara10', '10', '2020-11-11 22:45:14', '2020-11-11 22:45:14'),
(159, 950, 9.8, 8.82, 'sara10', '10', '2020-11-12 00:11:26', '2020-11-12 00:11:26'),
(160, 909, 11.35, 10.215, 'sara10', '10', '2020-11-12 00:39:47', '2020-11-12 00:39:47'),
(161, 964, 11, 9.9, 'sara10', '10', '2020-11-12 01:27:21', '2020-11-12 01:27:21'),
(162, 964, 6, 5.4, 'sara10', '10', '2020-11-12 01:28:25', '2020-11-12 01:28:25'),
(163, 964, 6, 5.4, 'sara10', '10', '2020-11-12 01:28:33', '2020-11-12 01:28:33'),
(164, 976, 27.18, 24.462, 'Sara10', '10', '2020-11-12 17:39:03', '2020-11-12 17:39:03'),
(165, 979, 164, 147.6, 'sara10', '10', '2020-11-12 20:45:12', '2020-11-12 20:45:12'),
(166, 979, 164, 147.6, 'sara10', '10', '2020-11-12 20:49:17', '2020-11-12 20:49:17'),
(167, 979, 164, 147.6, 'sara10', '10', '2020-11-12 20:52:30', '2020-11-12 20:52:30'),
(168, 979, 164, 147.6, 'sara10', '10', '2020-11-12 20:54:36', '2020-11-12 20:54:36'),
(169, 718, 10.75, 9.675, 'sara10', '10', '2020-11-13 03:10:39', '2020-11-13 03:10:39'),
(170, 718, 10.75, 9.675, 'sara10', '10', '2020-11-13 03:11:44', '2020-11-13 03:11:44'),
(171, 982, 16.8, 15.12, 'sara10', '10', '2020-11-13 14:11:23', '2020-11-13 14:11:23'),
(172, 985, 3.5, 3.15, 'sara10', '10', '2020-11-13 20:59:46', '2020-11-13 20:59:46'),
(173, 985, 3.5, 3.15, 'sara10', '10', '2020-11-13 21:01:52', '2020-11-13 21:01:52'),
(174, 990, 11.2, 10.08, 'sara10', '10', '2020-11-14 19:11:07', '2020-11-14 19:11:07');

-- --------------------------------------------------------

--
-- Table structure for table `features`
--

CREATE TABLE `features` (
  `id` int(10) UNSIGNED NOT NULL,
  `product_id` int(10) UNSIGNED DEFAULT NULL,
  `created_at` timestamp NULL DEFAULT NULL,
  `updated_at` timestamp NULL DEFAULT NULL
) ENGINE=InnoDB DEFAULT CHARSET=utf8mb4 COLLATE=utf8mb4_unicode_ci;

--
-- Dumping data for table `features`
--

INSERT INTO `features` (`id`, `product_id`, `created_at`, `updated_at`) VALUES
(3, 3, '2020-07-31 00:35:52', '2020-07-31 00:35:52'),
(4, 4, '2020-07-31 00:44:08', '2020-07-31 00:44:08'),
(5, 5, '2020-07-31 00:49:06', '2020-07-31 00:49:06'),
(6, 6, '2020-07-31 00:52:53', '2020-07-31 00:52:53'),
(8, 7, '2020-07-31 01:06:23', '2020-07-31 01:06:23'),
(9, 8, '2020-07-31 01:10:48', '2020-07-31 01:10:48'),
(10, 9, '2020-07-31 01:13:00', '2020-07-31 01:13:00'),
(11, 10, '2020-07-31 01:17:12', '2020-07-31 01:17:12'),
(12, 11, '2020-07-31 01:20:18', '2020-07-31 01:20:18'),
(14, 12, '2020-07-31 23:15:56', '2020-07-31 23:15:56'),
(15, 12, '2020-07-31 23:26:38', '2020-07-31 23:26:38'),
(16, 13, '2020-08-01 00:06:05', '2020-08-01 00:06:05'),
(17, 13, '2020-08-01 00:18:02', '2020-08-01 00:18:02'),
(18, 84, '2020-08-04 16:09:37', '2020-08-04 16:09:37'),
(19, 137, '2020-08-05 12:11:26', '2020-08-05 12:11:26'),
(26, 1113, '2020-08-11 10:36:43', '2020-08-11 10:36:43'),
(27, 1114, '2020-08-11 10:45:21', '2020-08-11 10:45:21'),
(28, 1121, '2020-08-11 10:47:45', '2020-08-11 10:47:45'),
(29, 1455, '2020-08-11 16:57:47', '2020-08-11 16:57:47'),
(30, 1456, '2020-08-11 17:01:09', '2020-08-11 17:01:09'),
(31, 1656, '2020-08-17 16:03:52', '2020-08-17 16:03:52'),
(32, 1657, '2020-08-17 16:11:10', '2020-08-17 16:11:10'),
(33, 1658, '2020-08-17 16:14:21', '2020-08-17 16:14:21'),
(34, 1659, '2020-08-17 16:42:57', '2020-08-17 16:42:57'),
(35, 1660, '2020-08-17 16:49:27', '2020-08-17 16:49:27'),
(36, 1661, '2020-08-17 16:51:59', '2020-08-17 16:51:59'),
(37, 1662, '2020-08-17 17:49:16', '2020-08-17 17:49:16'),
(38, 1663, '2020-08-17 18:03:27', '2020-08-17 18:03:27'),
(39, 1664, '2020-08-17 18:06:54', '2020-08-17 18:06:54'),
(40, 1665, '2020-08-17 18:10:24', '2020-08-17 18:10:24'),
(41, 1667, '2020-08-17 18:12:49', '2020-08-17 18:12:49'),
(42, 1668, '2020-08-18 10:04:40', '2020-08-18 10:04:40'),
(43, 1669, '2020-08-18 10:07:31', '2020-08-18 10:07:31'),
(44, 1670, '2020-08-18 10:08:48', '2020-08-18 10:08:48'),
(45, 1671, '2020-08-18 10:11:06', '2020-08-18 10:11:06'),
(46, 1672, '2020-08-18 10:15:07', '2020-08-18 10:15:07'),
(47, 1673, '2020-08-18 10:15:07', '2020-08-18 10:15:07'),
(48, 1674, '2020-08-18 10:17:54', '2020-08-18 10:17:54'),
(49, 1675, '2020-08-18 10:19:52', '2020-08-18 10:19:52'),
(50, 1676, '2020-08-18 10:22:32', '2020-08-18 10:22:32'),
(51, 1678, '2020-08-18 10:25:47', '2020-08-18 10:25:47'),
(52, 1677, '2020-08-18 10:36:40', '2020-08-18 10:36:40'),
(53, 1679, '2020-08-18 10:47:21', '2020-08-18 10:47:21'),
(54, 1680, '2020-08-18 10:55:08', '2020-08-18 10:55:08'),
(55, 1681, '2020-08-18 11:01:27', '2020-08-18 11:01:27'),
(56, 1682, '2020-08-18 11:08:35', '2020-08-18 11:08:35'),
(57, 1683, '2020-08-18 11:14:08', '2020-08-18 11:14:08'),
(58, 1684, '2020-08-18 11:31:57', '2020-08-18 11:31:57'),
(59, 1686, '2020-08-18 11:37:58', '2020-08-18 11:37:58'),
(60, 1685, '2020-08-18 11:38:09', '2020-08-18 11:38:09'),
(61, 1687, '2020-08-18 11:41:19', '2020-08-18 11:41:19'),
(62, 1688, '2020-08-18 11:49:48', '2020-08-18 11:49:48'),
(63, 1690, '2020-08-18 11:54:07', '2020-08-18 11:54:07'),
(64, 1689, '2020-08-18 12:03:00', '2020-08-18 12:03:00'),
(65, 1692, '2020-08-18 12:20:34', '2020-08-18 12:20:34'),
(66, 1693, '2020-08-18 12:26:27', '2020-08-18 12:26:27'),
(67, 1691, '2020-08-18 12:30:32', '2020-08-18 12:30:32'),
(68, 1694, '2020-08-18 12:34:43', '2020-08-18 12:34:43'),
(69, 1695, '2020-08-18 12:34:46', '2020-08-18 12:34:46'),
(70, 1697, '2020-08-18 12:40:38', '2020-08-18 12:40:38'),
(71, 1698, '2020-08-18 12:48:49', '2020-08-18 12:48:49'),
(72, 1696, '2020-08-18 13:07:31', '2020-08-18 13:07:31'),
(73, 1723, '2020-08-18 13:11:29', '2020-08-18 13:11:29'),
(74, 1724, '2020-08-18 13:20:13', '2020-08-18 13:20:13'),
(75, 1725, '2020-08-18 13:29:53', '2020-08-18 13:29:53'),
(76, 1727, '2020-08-18 13:38:57', '2020-08-18 13:38:57'),
(77, 1728, '2020-08-18 13:41:17', '2020-08-18 13:41:17'),
(78, 1726, '2020-08-18 13:51:45', '2020-08-18 13:51:45'),
(79, 1729, '2020-08-18 14:04:44', '2020-08-18 14:04:44'),
(80, 1730, '2020-08-18 14:10:18', '2020-08-18 14:10:18'),
(81, 1731, '2020-08-18 14:26:44', '2020-08-18 14:26:44'),
(82, 1732, '2020-08-18 14:37:53', '2020-08-18 14:37:53'),
(83, 1733, '2020-08-18 14:44:44', '2020-08-18 14:44:44'),
(84, 1735, '2020-08-18 14:50:09', '2020-08-18 14:50:09'),
(85, 1736, '2020-08-18 14:56:55', '2020-08-18 14:56:55'),
(86, 1737, '2020-08-18 15:06:49', '2020-08-18 15:06:49'),
(87, 1738, '2020-08-18 15:10:59', '2020-08-18 15:10:59'),
(88, 1739, '2020-08-18 15:15:07', '2020-08-18 15:15:07'),
(89, 1740, '2020-08-18 15:21:33', '2020-08-18 15:21:33'),
(90, 1741, '2020-08-18 15:27:35', '2020-08-18 15:27:35'),
(91, 1742, '2020-08-18 15:31:49', '2020-08-18 15:31:49'),
(92, 1743, '2020-08-18 15:37:01', '2020-08-18 15:37:01'),
(93, 1744, '2020-08-18 15:40:17', '2020-08-18 15:40:17'),
(94, 1813, '2020-08-19 15:09:51', '2020-08-19 15:09:51'),
(95, 1815, '2020-08-19 15:24:06', '2020-08-19 15:24:06'),
(96, 1823, '2020-08-19 16:13:18', '2020-08-19 16:13:18'),
(97, 1824, '2020-08-19 16:16:21', '2020-08-19 16:16:21'),
(98, 1826, '2020-08-19 16:43:20', '2020-08-19 16:43:20'),
(99, 1827, '2020-08-19 16:46:51', '2020-08-19 16:46:51'),
(100, 1828, '2020-08-19 16:50:21', '2020-08-19 16:50:21'),
(101, 1829, '2020-08-19 16:53:03', '2020-08-19 16:53:03'),
(102, 2001, '2020-09-01 17:49:55', '2020-09-01 17:49:55'),
(103, 2002, '2020-09-01 19:11:34', '2020-09-01 19:11:34'),
(104, 2003, '2020-09-01 19:17:00', '2020-09-01 19:17:00'),
(105, 2004, '2020-09-01 19:22:24', '2020-09-01 19:22:24'),
(106, 2005, '2020-09-01 19:43:07', '2020-09-01 19:43:07'),
(107, 2006, '2020-09-01 19:52:14', '2020-09-01 19:52:14'),
(108, 2007, '2020-09-01 20:07:13', '2020-09-01 20:07:13'),
(109, 2008, '2020-09-01 20:24:52', '2020-09-01 20:24:52'),
(110, 2009, '2020-09-01 20:30:45', '2020-09-01 20:30:45'),
(111, 2010, '2020-09-01 20:37:56', '2020-09-01 20:37:56'),
(112, 2012, '2020-09-01 20:47:02', '2020-09-01 20:47:02'),
(113, 2014, '2020-09-01 22:40:52', '2020-09-01 22:40:52'),
(114, 2015, '2020-09-01 22:46:16', '2020-09-01 22:46:16'),
(115, 2016, '2020-09-01 22:53:15', '2020-09-01 22:53:15'),
(116, 2017, '2020-09-01 23:01:06', '2020-09-01 23:01:06'),
(117, 2018, '2020-09-01 23:17:54', '2020-09-01 23:17:54'),
(118, 2019, '2020-09-01 23:25:55', '2020-09-01 23:25:55'),
(119, 2020, '2020-09-01 23:31:48', '2020-09-01 23:31:48'),
(120, 2021, '2020-09-01 23:40:12', '2020-09-01 23:40:12'),
(121, 2022, '2020-09-01 23:44:11', '2020-09-01 23:44:11'),
(122, 2023, '2020-09-02 00:05:27', '2020-09-02 00:05:27'),
(123, 2024, '2020-09-02 00:12:30', '2020-09-02 00:12:30'),
(124, 2025, '2020-09-02 00:18:33', '2020-09-02 00:18:33'),
(125, 2026, '2020-09-02 00:27:37', '2020-09-02 00:27:37'),
(126, 2027, '2020-09-02 00:35:22', '2020-09-02 00:35:22'),
(127, 2028, '2020-09-02 00:54:58', '2020-09-02 00:54:58'),
(128, 2029, '2020-09-02 01:04:32', '2020-09-02 01:04:32'),
(129, 2030, '2020-09-02 01:17:09', '2020-09-02 01:17:09'),
(130, 2063, '2020-09-02 17:47:45', '2020-09-02 17:47:45'),
(131, 2064, '2020-09-02 17:53:26', '2020-09-02 17:53:26'),
(132, 2065, '2020-09-02 18:13:18', '2020-09-02 18:13:18'),
(133, 2067, '2020-09-02 18:19:10', '2020-09-02 18:19:10'),
(134, 2068, '2020-09-02 18:27:31', '2020-09-02 18:27:31'),
(135, 2069, '2020-09-02 18:34:00', '2020-09-02 18:34:00'),
(136, 2070, '2020-09-02 18:49:56', '2020-09-02 18:49:56'),
(137, 2071, '2020-09-02 19:04:00', '2020-09-02 19:04:00'),
(138, 2073, '2020-09-02 19:12:39', '2020-09-02 19:12:39'),
(139, 2074, '2020-09-02 19:35:25', '2020-09-02 19:35:25'),
(140, 2075, '2020-09-02 19:39:57', '2020-09-02 19:39:57'),
(141, 2076, '2020-09-02 19:50:24', '2020-09-02 19:50:24'),
(142, 2077, '2020-09-02 20:00:50', '2020-09-02 20:00:50'),
(143, 2078, '2020-09-02 20:11:29', '2020-09-02 20:11:29'),
(144, 2079, '2020-09-02 20:28:46', '2020-09-02 20:28:46'),
(145, 2080, '2020-09-02 20:32:18', '2020-09-02 20:32:18'),
(146, 2081, '2020-09-02 22:33:33', '2020-09-02 22:33:33'),
(147, 2082, '2020-09-02 22:38:09', '2020-09-02 22:38:09'),
(148, 2083, '2020-09-02 22:44:07', '2020-09-02 22:44:07'),
(149, 2084, '2020-09-02 22:52:00', '2020-09-02 22:52:00'),
(150, 2085, '2020-09-02 23:08:07', '2020-09-02 23:08:07'),
(151, 2086, '2020-09-02 23:13:25', '2020-09-02 23:13:25'),
(152, 2087, '2020-09-02 23:34:56', '2020-09-02 23:34:56'),
(153, 2088, '2020-09-02 23:40:10', '2020-09-02 23:40:10'),
(154, 2089, '2020-09-02 23:44:08', '2020-09-02 23:44:08'),
(155, 2090, '2020-09-02 23:56:43', '2020-09-02 23:56:43'),
(156, 2270, '2020-09-08 16:00:20', '2020-09-08 16:00:20'),
(157, 2296, '2020-09-08 16:26:56', '2020-09-08 16:26:56'),
(158, 2271, '2020-09-08 16:44:56', '2020-09-08 16:44:56'),
(159, 2297, '2020-09-08 20:29:15', '2020-09-08 20:29:15'),
(160, 2272, '2020-09-08 20:36:49', '2020-09-08 20:36:49'),
(161, 2298, '2020-09-08 22:08:17', '2020-09-08 22:08:17'),
(162, 2273, '2020-09-08 22:17:20', '2020-09-08 22:17:20'),
(163, 2299, '2020-09-08 22:23:43', '2020-09-08 22:23:43'),
(164, 2274, '2020-09-08 22:42:44', '2020-09-08 22:42:44'),
(165, 2275, '2020-09-08 23:03:17', '2020-09-08 23:03:17'),
(166, 2300, '2020-09-08 23:12:35', '2020-09-08 23:12:35'),
(167, 2276, '2020-09-08 23:29:37', '2020-09-08 23:29:37'),
(168, 2277, '2020-09-08 23:38:57', '2020-09-08 23:38:57'),
(169, 2278, '2020-09-08 23:48:05', '2020-09-08 23:48:05'),
(170, 2279, '2020-09-09 00:03:56', '2020-09-09 00:03:56'),
(171, 2280, '2020-09-09 00:22:39', '2020-09-09 00:22:39'),
(172, 2301, '2020-09-09 00:34:36', '2020-09-09 00:34:36'),
(173, 2281, '2020-09-09 00:53:43', '2020-09-09 00:53:43'),
(174, 2282, '2020-09-09 20:18:53', '2020-09-09 20:18:53'),
(175, 2370, '2020-09-09 20:26:40', '2020-09-09 20:26:40'),
(176, 2283, '2020-09-09 20:44:10', '2020-09-09 20:44:10'),
(177, 2284, '2020-09-09 20:50:27', '2020-09-09 20:50:27'),
(178, 2537, '2020-09-17 16:41:57', '2020-09-17 16:41:57'),
(179, 2538, '2020-09-17 16:49:49', '2020-09-17 16:49:49'),
(180, 2539, '2020-09-17 16:57:07', '2020-09-17 16:57:07'),
(181, 2540, '2020-09-17 17:02:37', '2020-09-17 17:02:37'),
(182, 2541, '2020-09-17 17:08:59', '2020-09-17 17:08:59'),
(183, 2542, '2020-09-17 17:14:42', '2020-09-17 17:14:42'),
(184, 2543, '2020-09-17 17:21:27', '2020-09-17 17:21:27'),
(185, 2553, '2020-09-17 17:28:51', '2020-09-17 17:28:51'),
(186, 2563, '2020-09-17 17:33:37', '2020-09-17 17:33:37'),
(187, 2600, '2020-09-17 17:38:17', '2020-09-17 17:38:17'),
(188, 2610, '2020-09-17 17:52:45', '2020-09-17 17:52:45'),
(189, 2611, '2020-09-17 17:56:29', '2020-09-17 17:56:29'),
(190, 2612, '2020-09-17 18:00:22', '2020-09-17 18:00:22'),
(191, 2613, '2020-09-17 18:06:21', '2020-09-17 18:06:21'),
(192, 2623, '2020-09-17 18:26:56', '2020-09-17 18:26:56'),
(193, 2624, '2020-09-17 18:31:09', '2020-09-17 18:31:09'),
(194, 2625, '2020-09-17 18:36:16', '2020-09-17 18:36:16'),
(195, 2626, '2020-09-17 18:42:32', '2020-09-17 18:42:32'),
(196, 2627, '2020-09-17 18:50:43', '2020-09-17 18:50:43'),
(197, 2628, '2020-09-17 22:19:52', '2020-09-17 22:19:52'),
(198, 2629, '2020-09-17 22:27:01', '2020-09-17 22:27:01'),
(199, 2630, '2020-09-17 22:34:57', '2020-09-17 22:34:57'),
(200, 2631, '2020-09-17 22:42:16', '2020-09-17 22:42:16'),
(201, 2632, '2020-09-17 22:56:37', '2020-09-17 22:56:37'),
(202, 2633, '2020-09-17 23:04:16', '2020-09-17 23:04:16'),
(203, 2634, '2020-09-17 23:13:18', '2020-09-17 23:13:18'),
(204, 2635, '2020-09-17 23:21:07', '2020-09-17 23:21:07'),
(205, 2636, '2020-09-17 23:27:02', '2020-09-17 23:27:02'),
(206, 2637, '2020-09-17 23:32:32', '2020-09-17 23:32:32'),
(207, 2638, '2020-09-17 23:38:31', '2020-09-17 23:38:31'),
(208, 2639, '2020-09-17 23:44:55', '2020-09-17 23:44:55'),
(209, 2640, '2020-09-17 23:52:14', '2020-09-17 23:52:14'),
(210, 2641, '2020-09-18 00:02:13', '2020-09-18 00:02:13'),
(211, 2642, '2020-09-18 00:09:05', '2020-09-18 00:09:05'),
(212, 2643, '2020-09-18 00:14:41', '2020-09-18 00:14:41'),
(213, 2644, '2020-09-18 00:19:41', '2020-09-18 00:19:41'),
(214, 2645, '2020-09-18 00:26:38', '2020-09-18 00:26:38'),
(215, 2646, '2020-09-18 00:33:23', '2020-09-18 00:33:23'),
(217, 2647, '2020-09-18 00:43:11', '2020-09-18 00:43:11'),
(218, 2649, '2020-09-18 01:01:39', '2020-09-18 01:01:39'),
(219, 2614, '2020-09-19 12:07:53', '2020-09-19 12:07:53'),
(220, 2615, '2020-09-19 12:15:21', '2020-09-19 12:15:21'),
(221, 2616, '2020-09-19 12:32:50', '2020-09-19 12:32:50'),
(222, 2617, '2020-09-19 12:35:28', '2020-09-19 12:35:28'),
(223, 2618, '2020-09-19 12:42:12', '2020-09-19 12:42:12'),
(224, 2619, '2020-09-19 12:45:09', '2020-09-19 12:45:09'),
(225, 2620, '2020-09-19 12:48:27', '2020-09-19 12:48:27'),
(226, 2621, '2020-09-19 12:51:32', '2020-09-19 12:51:32'),
(227, 2622, '2020-09-19 12:55:50', '2020-09-19 12:55:50'),
(228, 2650, '2020-09-20 21:08:19', '2020-09-20 21:08:19'),
(229, 2651, '2020-09-20 21:14:59', '2020-09-20 21:14:59'),
(230, 2652, '2020-09-20 21:18:31', '2020-09-20 21:18:31'),
(231, 2654, '2020-09-20 21:30:50', '2020-09-20 21:30:50'),
(232, 2655, '2020-09-20 21:36:00', '2020-09-20 21:36:00'),
(233, 2657, '2020-09-20 21:49:50', '2020-09-20 21:49:50'),
(234, 2658, '2020-09-20 21:52:34', '2020-09-20 21:52:34'),
(235, 2659, '2020-09-20 21:56:02', '2020-09-20 21:56:02'),
(236, 2660, '2020-09-20 21:59:09', '2020-09-20 21:59:09'),
(237, 2661, '2020-09-20 22:02:39', '2020-09-20 22:02:39'),
(238, 2662, '2020-09-20 22:08:51', '2020-09-20 22:08:51'),
(239, 2664, '2020-09-20 22:28:22', '2020-09-20 22:28:22'),
(240, 2665, '2020-09-20 22:34:02', '2020-09-20 22:34:02'),
(241, 2666, '2020-09-20 22:45:50', '2020-09-20 22:45:50'),
(242, 2667, '2020-09-20 22:51:23', '2020-09-20 22:51:23'),
(243, 2668, '2020-09-20 22:56:04', '2020-09-20 22:56:04'),
(244, 2669, '2020-09-20 23:01:01', '2020-09-20 23:01:01'),
(245, 2670, '2020-09-20 23:05:48', '2020-09-20 23:05:48'),
(246, 2671, '2020-09-20 23:09:55', '2020-09-20 23:09:55'),
(247, 2672, '2020-09-20 23:14:11', '2020-09-20 23:14:11'),
(248, 2673, '2020-09-20 23:18:23', '2020-09-20 23:18:23'),
(249, 2674, '2020-09-20 23:22:21', '2020-09-20 23:22:21'),
(250, 2675, '2020-09-20 23:27:12', '2020-09-20 23:27:12'),
(251, 2676, '2020-09-20 23:33:03', '2020-09-20 23:33:03'),
(252, 2677, '2020-09-20 23:36:56', '2020-09-20 23:36:56'),
(253, 2678, '2020-09-20 23:41:48', '2020-09-20 23:41:48'),
(254, 2679, '2020-09-20 23:45:41', '2020-09-20 23:45:41'),
(255, 2680, '2020-09-20 23:49:44', '2020-09-20 23:49:44'),
(256, 2681, '2020-09-20 23:53:44', '2020-09-20 23:53:44'),
(257, 2682, '2020-09-20 23:57:44', '2020-09-20 23:57:44'),
(258, 2683, '2020-09-21 00:01:35', '2020-09-21 00:01:35'),
(259, 2684, '2020-09-21 00:05:28', '2020-09-21 00:05:28'),
(260, 2685, '2020-09-21 00:09:13', '2020-09-21 00:09:13'),
(261, 2687, '2020-09-21 02:44:56', '2020-09-21 02:44:56'),
(262, 2688, '2020-09-21 02:50:44', '2020-09-21 02:50:44'),
(263, 2689, '2020-09-21 02:57:33', '2020-09-21 02:57:33'),
(264, 2690, '2020-09-21 03:03:21', '2020-09-21 03:03:21'),
(265, 2691, '2020-09-21 03:08:03', '2020-09-21 03:08:03'),
(266, 2692, '2020-09-21 03:14:57', '2020-09-21 03:14:57'),
(267, 2693, '2020-09-21 03:21:03', '2020-09-21 03:21:03'),
(268, 2694, '2020-09-21 03:30:51', '2020-09-21 03:30:51'),
(269, 2695, '2020-09-21 03:37:54', '2020-09-21 03:37:54'),
(270, 2696, '2020-09-21 03:43:32', '2020-09-21 03:43:32'),
(271, 2697, '2020-09-21 03:48:55', '2020-09-21 03:48:55'),
(272, 2698, '2020-09-21 03:53:07', '2020-09-21 03:53:07'),
(273, 2699, '2020-09-21 03:57:50', '2020-09-21 03:57:50'),
(274, 2700, '2020-09-21 04:01:50', '2020-09-21 04:01:50'),
(275, 2701, '2020-09-21 04:06:38', '2020-09-21 04:06:38'),
(276, 2702, '2020-09-21 04:10:23', '2020-09-21 04:10:23'),
(277, 2703, '2020-09-21 04:14:17', '2020-09-21 04:14:17'),
(278, 2704, '2020-09-21 04:18:02', '2020-09-21 04:18:02'),
(279, 2705, '2020-09-21 04:21:34', '2020-09-21 04:21:34'),
(280, 2706, '2020-09-21 04:25:19', '2020-09-21 04:25:19'),
(281, 2737, '2020-09-21 18:14:40', '2020-09-21 18:14:40'),
(282, 2738, '2020-09-21 18:20:43', '2020-09-21 18:20:43'),
(283, 2739, '2020-09-21 18:24:56', '2020-09-21 18:24:56'),
(284, 2740, '2020-09-21 18:28:55', '2020-09-21 18:28:55'),
(285, 2741, '2020-09-21 18:33:48', '2020-09-21 18:33:48'),
(286, 2742, '2020-09-21 18:38:49', '2020-09-21 18:38:49'),
(287, 2743, '2020-09-21 18:42:16', '2020-09-21 18:42:16'),
(288, 2744, '2020-09-21 18:46:58', '2020-09-21 18:46:58'),
(289, 2745, '2020-09-21 18:51:56', '2020-09-21 18:51:56'),
(290, 2746, '2020-09-21 18:56:49', '2020-09-21 18:56:49'),
(291, 2747, '2020-09-21 19:04:22', '2020-09-21 19:04:22'),
(292, 2748, '2020-09-21 19:09:48', '2020-09-21 19:09:48'),
(293, 2749, '2020-09-21 19:18:18', '2020-09-21 19:18:18'),
(294, 2750, '2020-09-21 19:55:29', '2020-09-21 19:55:29'),
(295, 2751, '2020-09-21 20:01:15', '2020-09-21 20:01:15'),
(296, 2752, '2020-09-21 20:08:55', '2020-09-21 20:08:55'),
(297, 2753, '2020-09-21 20:15:42', '2020-09-21 20:15:42'),
(298, 2754, '2020-09-21 20:20:34', '2020-09-21 20:20:34'),
(299, 2755, '2020-09-21 20:29:07', '2020-09-21 20:29:07'),
(300, 2756, '2020-09-21 20:34:25', '2020-09-21 20:34:25'),
(301, 2758, '2020-09-22 01:11:10', '2020-09-22 01:11:10'),
(302, 2759, '2020-09-22 01:16:25', '2020-09-22 01:16:25'),
(303, 2760, '2020-09-22 01:20:02', '2020-09-22 01:20:02'),
(304, 2761, '2020-09-22 01:25:52', '2020-09-22 01:25:52'),
(305, 2762, '2020-09-22 01:29:56', '2020-09-22 01:29:56'),
(306, 2763, '2020-09-22 01:35:27', '2020-09-22 01:35:27'),
(307, 2764, '2020-09-22 01:51:31', '2020-09-22 01:51:31'),
(308, 2765, '2020-09-22 01:56:10', '2020-09-22 01:56:10'),
(309, 2766, '2020-09-22 02:00:50', '2020-09-22 02:00:50'),
(310, 2768, '2020-09-22 02:05:25', '2020-09-22 02:05:25'),
(311, 2769, '2020-09-22 02:13:22', '2020-09-22 02:13:22'),
(312, 2770, '2020-09-22 02:19:34', '2020-09-22 02:19:34'),
(313, 2771, '2020-09-22 02:25:32', '2020-09-22 02:25:32'),
(314, 2772, '2020-09-22 02:30:01', '2020-09-22 02:30:01'),
(315, 2773, '2020-09-22 02:39:21', '2020-09-22 02:39:21'),
(316, 2774, '2020-09-22 02:44:15', '2020-09-22 02:44:15'),
(317, 2775, '2020-09-22 02:49:04', '2020-09-22 02:49:04'),
(318, 2776, '2020-09-22 02:53:00', '2020-09-22 02:53:00'),
(319, 2777, '2020-09-22 02:57:53', '2020-09-22 02:57:53'),
(320, 2778, '2020-09-22 03:03:33', '2020-09-22 03:03:33'),
(321, 2779, '2020-09-22 03:09:10', '2020-09-22 03:09:10'),
(322, 2780, '2020-09-22 03:14:23', '2020-09-22 03:14:23'),
(323, 2781, '2020-09-22 03:20:07', '2020-09-22 03:20:07'),
(324, 2782, '2020-09-22 03:28:43', '2020-09-22 03:28:43'),
(325, 2783, '2020-09-22 03:33:55', '2020-09-22 03:33:55'),
(326, 2784, '2020-09-22 03:42:58', '2020-09-22 03:42:58'),
(327, 2785, '2020-09-22 03:52:41', '2020-09-22 03:52:41'),
(328, 2786, '2020-09-22 03:59:04', '2020-09-22 03:59:04'),
(329, 2787, '2020-09-22 04:06:49', '2020-09-22 04:06:49'),
(330, 2788, '2020-09-22 04:12:26', '2020-09-22 04:12:26'),
(331, 2807, '2020-09-26 14:16:33', '2020-09-26 14:16:33'),
(332, 2808, '2020-09-26 14:48:28', '2020-09-26 14:48:28'),
(333, 2809, '2020-09-26 14:52:12', '2020-09-26 14:52:12'),
(334, 2810, '2020-09-26 14:55:47', '2020-09-26 14:55:47'),
(335, 2811, '2020-09-26 14:58:59', '2020-09-26 14:58:59'),
(336, 2812, '2020-09-26 15:01:21', '2020-09-26 15:01:21'),
(337, 2813, '2020-09-26 15:08:05', '2020-09-26 15:08:05'),
(338, 2814, '2020-09-26 15:12:33', '2020-09-26 15:12:33'),
(339, 2815, '2020-09-26 15:16:36', '2020-09-26 15:16:36'),
(340, 2816, '2020-09-26 15:21:38', '2020-09-26 15:21:38'),
(341, 2817, '2020-09-26 15:25:41', '2020-09-26 15:25:41'),
(342, 2818, '2020-09-26 15:29:12', '2020-09-26 15:29:12'),
(343, 2819, '2020-09-26 15:31:47', '2020-09-26 15:31:47'),
(344, 2829, '2020-10-06 19:40:58', '2020-10-06 19:40:58'),
(345, 2830, '2020-10-06 19:50:14', '2020-10-06 19:50:14'),
(346, 2831, '2020-10-06 20:37:15', '2020-10-06 20:37:15'),
(347, 2832, '2020-10-06 20:43:26', '2020-10-06 20:43:26'),
(348, 2833, '2020-10-06 20:52:37', '2020-10-06 20:52:37'),
(349, 2834, '2020-10-06 21:00:28', '2020-10-06 21:00:28'),
(350, 2835, '2020-10-06 21:06:39', '2020-10-06 21:06:39'),
(351, 2836, '2020-10-06 21:27:49', '2020-10-06 21:27:49'),
(352, 2837, '2020-10-06 21:39:41', '2020-10-06 21:39:41'),
(353, 2838, '2020-10-07 03:17:49', '2020-10-07 03:17:49'),
(354, 2839, '2020-10-07 03:31:28', '2020-10-07 03:31:28'),
(355, 2840, '2020-10-07 03:52:56', '2020-10-07 03:52:56'),
(356, 2841, '2020-10-07 04:04:09', '2020-10-07 04:04:09'),
(357, 2842, '2020-10-07 04:13:14', '2020-10-07 04:13:14'),
(358, 2843, '2020-10-07 04:21:33', '2020-10-07 04:21:33'),
(359, 2844, '2020-10-07 04:33:26', '2020-10-07 04:33:26'),
(360, 2845, '2020-10-07 04:42:40', '2020-10-07 04:42:40'),
(361, 2846, '2020-10-07 04:53:19', '2020-10-07 04:53:19'),
(362, 2847, '2020-10-07 20:54:18', '2020-10-07 20:54:18'),
(363, 2848, '2020-10-07 21:03:49', '2020-10-07 21:03:49'),
(364, 2849, '2020-10-10 11:15:59', '2020-10-10 11:15:59'),
(365, 2850, '2020-10-10 11:25:32', '2020-10-10 11:25:32'),
(366, 2851, '2020-10-10 11:32:12', '2020-10-10 11:32:12'),
(367, 2852, '2020-10-10 11:43:50', '2020-10-10 11:43:50'),
(368, 2853, '2020-10-10 11:47:39', '2020-10-10 11:47:39'),
(369, 2855, '2020-10-10 12:06:37', '2020-10-10 12:06:37'),
(371, 2856, '2020-10-10 12:14:15', '2020-10-10 12:14:15'),
(372, 2857, '2020-10-10 12:18:56', '2020-10-10 12:18:56'),
(373, 2858, '2020-10-10 12:23:32', '2020-10-10 12:23:32'),
(374, 2859, '2020-10-10 12:28:10', '2020-10-10 12:28:10'),
(375, 2, '2020-10-10 14:22:53', '2020-10-10 14:22:53'),
(376, 2870, '2020-10-11 22:33:53', '2020-10-11 22:33:53'),
(377, 2871, '2020-10-11 23:01:29', '2020-10-11 23:01:29'),
(378, 2872, '2020-10-11 23:15:22', '2020-10-11 23:15:22'),
(379, 2873, '2020-10-11 23:44:18', '2020-10-11 23:44:18'),
(380, 2874, '2020-10-11 23:55:37', '2020-10-11 23:55:37'),
(381, 2875, '2020-10-12 00:13:10', '2020-10-12 00:13:10'),
(382, 2876, '2020-10-12 00:51:48', '2020-10-12 00:51:48'),
(383, 2877, '2020-10-12 01:05:23', '2020-10-12 01:05:23'),
(384, 2878, '2020-10-12 04:49:07', '2020-10-12 04:49:07'),
(385, 2879, '2020-10-12 05:01:51', '2020-10-12 05:01:51'),
(386, 2880, '2020-10-12 05:17:48', '2020-10-12 05:17:48'),
(387, 2881, '2020-10-12 05:42:59', '2020-10-12 05:42:59'),
(388, 2882, '2020-10-12 06:30:37', '2020-10-12 06:30:37'),
(389, 2883, '2020-10-12 06:43:32', '2020-10-12 06:43:32'),
(390, 2884, '2020-10-12 06:53:46', '2020-10-12 06:53:46'),
(391, 2928, '2020-10-12 21:18:56', '2020-10-12 21:18:56'),
(392, 2929, '2020-10-12 21:37:31', '2020-10-12 21:37:31'),
(393, 2930, '2020-10-12 21:47:32', '2020-10-12 21:47:32'),
(394, 2931, '2020-10-12 22:04:40', '2020-10-12 22:04:40'),
(395, 2932, '2020-10-12 22:14:45', '2020-10-12 22:14:45'),
(396, 2933, '2020-10-12 22:39:25', '2020-10-12 22:39:25'),
(397, 2934, '2020-10-13 02:02:26', '2020-10-13 02:02:26'),
(398, 2935, '2020-10-13 02:11:16', '2020-10-13 02:11:16'),
(399, 2936, '2020-10-13 02:27:10', '2020-10-13 02:27:10'),
(400, 2937, '2020-10-13 02:37:47', '2020-10-13 02:37:47'),
(401, 2938, '2020-10-13 03:09:38', '2020-10-13 03:09:38'),
(402, 2939, '2020-10-13 05:28:53', '2020-10-13 05:28:53'),
(403, 2940, '2020-10-13 05:45:49', '2020-10-13 05:45:49'),
(404, 2941, '2020-10-13 06:05:13', '2020-10-13 06:05:13'),
(405, 2942, '2020-10-13 06:15:29', '2020-10-13 06:15:29'),
(406, 2943, '2020-10-13 06:25:44', '2020-10-13 06:25:44'),
(407, 2944, '2020-10-13 06:45:25', '2020-10-13 06:45:25'),
(408, 2945, '2020-10-13 06:57:50', '2020-10-13 06:57:50'),
(409, 2946, '2020-10-14 00:11:38', '2020-10-14 00:11:38'),
(410, 2947, '2020-10-14 00:25:15', '2020-10-14 00:25:15'),
(411, 2948, '2020-10-14 00:38:42', '2020-10-14 00:38:42'),
(412, 2949, '2020-10-14 00:49:44', '2020-10-14 00:49:44'),
(413, 2950, '2020-10-14 01:13:09', '2020-10-14 01:13:09'),
(414, 2951, '2020-10-14 01:35:40', '2020-10-14 01:35:40'),
(415, 2953, '2020-10-14 02:02:10', '2020-10-14 02:02:10'),
(416, 2954, '2020-10-14 02:15:47', '2020-10-14 02:15:47'),
(417, 2955, '2020-10-14 02:24:54', '2020-10-14 02:24:54'),
(418, 2956, '2020-10-14 02:40:43', '2020-10-14 02:40:43'),
(419, 2957, '2020-10-14 02:50:35', '2020-10-14 02:50:35'),
(420, 2958, '2020-10-14 03:02:51', '2020-10-14 03:02:51'),
(421, 2960, '2020-10-14 03:45:22', '2020-10-14 03:45:22'),
(422, 2961, '2020-10-14 04:33:04', '2020-10-14 04:33:04'),
(423, 2962, '2020-10-14 04:47:49', '2020-10-14 04:47:49'),
(424, 2963, '2020-10-14 05:05:43', '2020-10-14 05:05:43'),
(425, 2964, '2020-10-14 05:25:05', '2020-10-14 05:25:05'),
(426, 2992, '2020-10-15 02:15:42', '2020-10-15 02:15:42'),
(427, 2993, '2020-10-15 02:23:54', '2020-10-15 02:23:54'),
(428, 2994, '2020-10-15 02:38:02', '2020-10-15 02:38:02'),
(429, 2995, '2020-10-15 02:48:09', '2020-10-15 02:48:09'),
(430, 2996, '2020-10-15 03:02:44', '2020-10-15 03:02:44'),
(431, 2998, '2020-10-15 03:41:45', '2020-10-15 03:41:45'),
(432, 2999, '2020-10-15 03:52:49', '2020-10-15 03:52:49'),
(433, 3000, '2020-10-15 04:20:49', '2020-10-15 04:20:49'),
(434, 3001, '2020-10-15 04:31:37', '2020-10-15 04:31:37'),
(435, 3002, '2020-10-15 04:44:24', '2020-10-15 04:44:24'),
(436, 3003, '2020-10-15 05:11:42', '2020-10-15 05:11:42'),
(437, 3004, '2020-10-15 05:24:01', '2020-10-15 05:24:01'),
(438, 3005, '2020-10-15 05:34:52', '2020-10-15 05:34:52'),
(439, 3006, '2020-10-15 05:45:05', '2020-10-15 05:45:05'),
(440, 3007, '2020-10-15 07:08:31', '2020-10-15 07:08:31'),
(441, 3008, '2020-10-15 07:17:09', '2020-10-15 07:17:09'),
(442, 3009, '2020-10-15 07:28:05', '2020-10-15 07:28:05'),
(443, 3011, '2020-10-16 00:11:16', '2020-10-16 00:11:16'),
(444, 3012, '2020-10-16 00:24:15', '2020-10-16 00:24:15'),
(445, 3013, '2020-10-16 00:42:52', '2020-10-16 00:42:52'),
(446, 3014, '2020-10-16 00:52:56', '2020-10-16 00:52:56'),
(447, 3015, '2020-10-16 01:03:57', '2020-10-16 01:03:57'),
(448, 3017, '2020-10-16 02:35:15', '2020-10-16 02:35:15'),
(449, 3019, '2020-10-16 02:44:26', '2020-10-16 02:44:26'),
(450, 3020, '2020-10-16 03:07:07', '2020-10-16 03:07:07'),
(451, 3021, '2020-10-16 03:18:27', '2020-10-16 03:18:27'),
(452, 3022, '2020-10-16 03:34:46', '2020-10-16 03:34:46'),
(453, 3024, '2020-10-16 03:57:38', '2020-10-16 03:57:38'),
(454, 3025, '2020-10-16 04:02:23', '2020-10-16 04:02:23'),
(455, 3026, '2020-10-16 04:33:48', '2020-10-16 04:33:48'),
(456, 3027, '2020-10-16 04:37:12', '2020-10-16 04:37:12'),
(457, 3028, '2020-10-16 04:45:31', '2020-10-16 04:45:31'),
(458, 3029, '2020-10-16 04:48:30', '2020-10-16 04:48:30'),
(459, 3030, '2020-10-16 05:03:14', '2020-10-16 05:03:14'),
(460, 3031, '2020-10-16 05:22:04', '2020-10-16 05:22:04'),
(461, 3034, '2020-10-16 05:50:37', '2020-10-16 05:50:37'),
(462, 3035, '2020-10-16 06:11:05', '2020-10-16 06:11:05'),
(463, 3036, '2020-10-18 05:34:11', '2020-10-18 05:34:11'),
(464, 3037, '2020-10-18 05:49:48', '2020-10-18 05:49:48'),
(465, 2860, '2020-10-18 10:14:01', '2020-10-18 10:14:01'),
(466, 2861, '2020-10-18 10:19:18', '2020-10-18 10:19:18'),
(467, 2862, '2020-10-18 10:24:54', '2020-10-18 10:24:54'),
(468, 2863, '2020-10-18 10:28:09', '2020-10-18 10:28:09'),
(469, 2864, '2020-10-18 10:30:20', '2020-10-18 10:30:20'),
(470, 2867, '2020-10-18 10:33:13', '2020-10-18 10:33:13'),
(471, 2865, '2020-10-18 11:03:19', '2020-10-18 11:03:19'),
(472, 2866, '2020-10-18 11:10:11', '2020-10-18 11:10:11'),
(473, 2868, '2020-10-18 11:16:44', '2020-10-18 11:16:44'),
(474, 2869, '2020-10-18 11:19:42', '2020-10-18 11:19:42'),
(475, 2885, '2020-10-18 11:28:39', '2020-10-18 11:28:39'),
(476, 2886, '2020-10-18 11:28:47', '2020-10-18 11:28:47'),
(477, 2887, '2020-10-18 11:28:57', '2020-10-18 11:28:57'),
(478, 2888, '2020-10-18 11:29:05', '2020-10-18 11:29:05'),
(479, 2889, '2020-10-18 11:44:15', '2020-10-18 11:44:15'),
(480, 2890, '2020-10-18 11:44:22', '2020-10-18 11:44:22'),
(481, 2891, '2020-10-18 11:44:30', '2020-10-18 11:44:30'),
(482, 2892, '2020-10-18 11:44:37', '2020-10-18 11:44:37'),
(483, 2905, '2020-10-18 11:54:43', '2020-10-18 11:54:43'),
(484, 2904, '2020-10-18 11:54:53', '2020-10-18 11:54:53'),
(485, 2903, '2020-10-18 11:55:06', '2020-10-18 11:55:06'),
(486, 2894, '2020-10-18 11:55:17', '2020-10-18 11:55:17'),
(487, 2893, '2020-10-18 11:55:27', '2020-10-18 11:55:27'),
(488, 3043, '2020-10-18 16:08:38', '2020-10-18 16:08:38'),
(489, 3044, '2020-10-18 16:13:21', '2020-10-18 16:13:21'),
(490, 3045, '2020-10-18 16:18:41', '2020-10-18 16:18:41'),
(495, 2896, '2020-10-18 17:09:25', '2020-10-18 17:09:25'),
(496, 2902, '2020-10-18 17:13:43', '2020-10-18 17:13:43'),
(497, 2901, '2020-10-18 17:16:08', '2020-10-18 17:16:08'),
(498, 3047, '2020-10-18 17:17:41', '2020-10-18 17:17:41'),
(499, 2900, '2020-10-18 17:18:25', '2020-10-18 17:18:25'),
(500, 2899, '2020-10-18 17:21:41', '2020-10-18 17:21:41'),
(501, 2898, '2020-10-18 17:23:50', '2020-10-18 17:23:50'),
(502, 2897, '2020-10-18 17:25:45', '2020-10-18 17:25:45'),
(503, 2895, '2020-10-18 17:29:22', '2020-10-18 17:29:22'),
(504, 3051, '2020-10-19 03:28:42', '2020-10-19 03:28:42'),
(505, 3052, '2020-10-19 03:43:46', '2020-10-19 03:43:46'),
(506, 3053, '2020-10-19 03:58:01', '2020-10-19 03:58:01'),
(507, 3055, '2020-10-19 04:34:12', '2020-10-19 04:34:12'),
(508, 3056, '2020-10-19 04:47:24', '2020-10-19 04:47:24'),
(509, 3057, '2020-10-19 05:02:32', '2020-10-19 05:02:32'),
(510, 3058, '2020-10-19 05:12:40', '2020-10-19 05:12:40'),
(511, 3059, '2020-10-20 01:16:09', '2020-10-20 01:16:09'),
(512, 3060, '2020-10-20 01:39:42', '2020-10-20 01:39:42'),
(513, 3061, '2020-10-20 01:53:23', '2020-10-20 01:53:23'),
(514, 3062, '2020-10-20 02:20:00', '2020-10-20 02:20:00'),
(515, 3063, '2020-10-20 02:29:39', '2020-10-20 02:29:39'),
(516, 3064, '2020-10-20 02:40:40', '2020-10-20 02:40:40'),
(517, 3065, '2020-10-20 03:10:32', '2020-10-20 03:10:32'),
(518, 3066, '2020-10-20 03:22:05', '2020-10-20 03:22:05'),
(519, 3068, '2020-10-20 03:37:01', '2020-10-20 03:37:01'),
(520, 3069, '2020-10-20 03:49:41', '2020-10-20 03:49:41'),
(521, 3070, '2020-10-20 04:00:27', '2020-10-20 04:00:27'),
(522, 3071, '2020-10-20 04:25:07', '2020-10-20 04:25:07'),
(523, 3072, '2020-10-20 04:34:30', '2020-10-20 04:34:30'),
(524, 3073, '2020-10-20 04:45:17', '2020-10-20 04:45:17'),
(525, 3075, '2020-10-20 05:02:49', '2020-10-20 05:02:49'),
(526, 3077, '2020-10-20 05:21:20', '2020-10-20 05:21:20'),
(527, 2970, '2020-10-20 13:50:47', '2020-10-20 13:50:47'),
(528, 2906, '2020-10-23 02:27:40', '2020-10-23 02:27:40'),
(529, 2907, '2020-10-23 02:27:55', '2020-10-23 02:27:55'),
(530, 2908, '2020-10-23 02:28:04', '2020-10-23 02:28:04'),
(531, 2909, '2020-10-23 02:28:15', '2020-10-23 02:28:15'),
(532, 2910, '2020-10-23 02:28:25', '2020-10-23 02:28:25'),
(533, 2911, '2020-10-23 02:28:35', '2020-10-23 02:28:35'),
(534, 2912, '2020-10-23 02:28:44', '2020-10-23 02:28:44'),
(535, 2913, '2020-10-23 02:28:55', '2020-10-23 02:28:55'),
(536, 2914, '2020-10-23 02:29:02', '2020-10-23 02:29:02'),
(537, 2915, '2020-10-23 02:29:09', '2020-10-23 02:29:09'),
(538, 2923, '2020-10-23 09:02:44', '2020-10-23 09:02:44'),
(539, 2924, '2020-10-23 09:11:22', '2020-10-23 09:11:22'),
(540, 2916, '2020-10-23 09:15:37', '2020-10-23 09:15:37'),
(541, 2926, '2020-10-23 09:16:20', '2020-10-23 09:16:20'),
(542, 2925, '2020-10-23 09:16:34', '2020-10-23 09:16:34'),
(543, 2922, '2020-10-23 09:16:55', '2020-10-23 09:16:55'),
(544, 2921, '2020-10-23 09:17:10', '2020-10-23 09:17:10'),
(545, 2920, '2020-10-23 09:17:47', '2020-10-23 09:17:47'),
(546, 2919, '2020-10-23 09:18:03', '2020-10-23 09:18:03'),
(547, 2918, '2020-10-23 09:18:23', '2020-10-23 09:18:23'),
(548, 2917, '2020-10-23 09:19:25', '2020-10-23 09:19:25'),
(549, 2967, '2020-10-23 09:40:15', '2020-10-23 09:40:15'),
(550, 2965, '2020-10-23 09:40:19', '2020-10-23 09:40:19');

-- --------------------------------------------------------

--
-- Table structure for table `feature_options`
--

CREATE TABLE `feature_options` (
  `id` int(10) UNSIGNED NOT NULL,
  `price` decimal(8,2) NOT NULL,
  `count` int(11) NOT NULL,
  `feature_id` int(10) UNSIGNED DEFAULT NULL,
  `created_at` timestamp NULL DEFAULT NULL,
  `updated_at` timestamp NULL DEFAULT NULL
) ENGINE=InnoDB DEFAULT CHARSET=utf8mb4 COLLATE=utf8mb4_unicode_ci;

--
-- Dumping data for table `feature_options`
--

INSERT INTO `feature_options` (`id`, `price`, `count`, `feature_id`, `created_at`, `updated_at`) VALUES
(65, 0.00, 5, 3, '2020-07-31 00:36:02', '2020-10-10 15:42:51'),
(66, 2.00, 5, 3, '2020-07-31 00:36:24', '2020-11-09 11:47:33'),
(67, 2.00, 5, 3, '2020-07-31 00:36:41', '2020-11-09 11:47:34'),
(68, 2.00, 5, 3, '2020-07-31 00:36:57', '2020-11-09 11:47:35'),
(69, 2.00, 5, 3, '2020-07-31 00:37:08', '2020-11-09 11:47:36'),
(70, 2.00, 5, 3, '2020-07-31 00:37:37', '2020-11-09 11:47:36'),
(71, 2.00, 5, 3, '2020-07-31 00:37:52', '2020-11-09 11:47:38'),
(72, 2.00, 5, 3, '2020-07-31 00:38:06', '2020-11-09 11:47:38'),
(73, 2.00, 5, 3, '2020-07-31 00:38:14', '2020-11-09 11:47:39'),
(74, 2.00, 5, 3, '2020-07-31 00:38:32', '2020-11-09 11:47:39'),
(75, 0.00, 5, 4, '2020-07-31 00:44:25', '2020-07-31 00:44:25'),
(76, 2.00, 5, 4, '2020-07-31 00:44:43', '2020-11-09 11:34:02'),
(77, 0.00, 5, 5, '2020-07-31 00:49:20', '2020-07-31 00:49:20'),
(78, 2.00, 5, 5, '2020-07-31 00:49:32', '2020-11-09 11:43:49'),
(79, 2.00, 5, 5, '2020-07-31 00:49:48', '2020-11-09 11:43:48'),
(80, 0.00, 5, 6, '2020-07-31 00:53:03', '2020-07-31 00:53:03'),
(81, 2.00, 5, 6, '2020-07-31 00:53:17', '2020-11-09 11:44:35'),
(82, 2.00, 5, 6, '2020-07-31 00:53:28', '2020-11-09 11:44:35'),
(83, 2.00, 5, 6, '2020-07-31 00:53:43', '2020-11-09 11:44:35'),
(92, 0.00, 5, 8, '2020-07-31 01:06:36', '2020-07-31 01:06:36'),
(93, 0.00, 0, 8, '2020-07-31 01:06:54', '2020-10-10 15:44:38'),
(94, 0.00, 5, 9, '2020-07-31 01:11:02', '2020-07-31 01:11:02'),
(95, 0.00, 4, 9, '2020-07-31 01:11:22', '2020-08-29 17:36:07'),
(96, 0.00, 5, 10, '2020-07-31 01:13:10', '2020-07-31 01:13:10'),
(97, 0.00, 5, 10, '2020-07-31 01:13:26', '2020-07-31 01:13:26'),
(98, 0.00, 5, 11, '2020-07-31 01:17:37', '2020-07-31 01:17:37'),
(99, 0.00, 5, 11, '2020-07-31 01:17:51', '2020-07-31 01:17:51'),
(100, 0.00, 5, 12, '2020-07-31 01:20:30', '2020-07-31 01:20:30'),
(101, 0.00, 5, 12, '2020-07-31 01:20:46', '2020-07-31 01:20:46'),
(106, 0.00, 3, 14, '2020-07-31 23:16:09', '2020-11-07 10:36:38'),
(107, 0.00, 2, 14, '2020-07-31 23:16:30', '2020-11-07 10:36:38'),
(108, 1.00, 5, 14, '2020-07-31 23:17:46', '2020-07-31 23:17:46'),
(109, 1.00, 4, 14, '2020-07-31 23:17:47', '2020-11-07 10:36:38'),
(110, 1.00, 5, 14, '2020-07-31 23:17:48', '2020-07-31 23:17:48'),
(111, 1.00, 5, 14, '2020-07-31 23:17:49', '2020-07-31 23:17:49'),
(112, 1.00, 5, 14, '2020-07-31 23:17:49', '2020-07-31 23:17:49'),
(113, 1.00, 5, 14, '2020-07-31 23:18:15', '2020-07-31 23:18:15'),
(114, 1.00, 5, 14, '2020-07-31 23:18:29', '2020-07-31 23:18:29'),
(115, 1.00, 5, 14, '2020-07-31 23:18:44', '2020-07-31 23:18:44'),
(116, 1.00, 4, 14, '2020-07-31 23:19:05', '2020-11-07 10:36:38'),
(117, 1.00, 5, 14, '2020-07-31 23:19:17', '2020-07-31 23:19:17'),
(118, 1.00, 5, 14, '2020-07-31 23:19:26', '2020-07-31 23:19:26'),
(119, 1.00, 5, 14, '2020-07-31 23:19:43', '2020-07-31 23:19:43'),
(120, 1.00, 5, 14, '2020-07-31 23:19:56', '2020-07-31 23:19:56'),
(124, 1.00, 5, 14, '2020-07-31 23:21:55', '2020-07-31 23:21:55'),
(125, 1.00, 5, 14, '2020-07-31 23:22:11', '2020-07-31 23:22:11'),
(126, 1.00, 5, 14, '2020-07-31 23:22:35', '2020-07-31 23:22:35'),
(127, 1.00, 5, 14, '2020-07-31 23:23:03', '2020-07-31 23:23:03'),
(128, 1.00, 5, 14, '2020-07-31 23:23:18', '2020-07-31 23:23:18'),
(129, 1.00, 5, 14, '2020-07-31 23:23:51', '2020-07-31 23:23:51'),
(130, 1.00, 5, 14, '2020-07-31 23:24:11', '2020-07-31 23:24:11'),
(131, 1.00, 5, 14, '2020-07-31 23:24:28', '2020-07-31 23:24:28'),
(132, 1.00, 5, 14, '2020-07-31 23:24:58', '2020-07-31 23:24:58'),
(133, 1.00, 5, 14, '2020-07-31 23:25:41', '2020-07-31 23:25:41'),
(134, 1.00, 5, 14, '2020-07-31 23:25:43', '2020-07-31 23:25:43'),
(135, 1.00, 5, 14, '2020-07-31 23:26:00', '2020-07-31 23:26:00'),
(136, 0.00, 5, 15, '2020-07-31 23:27:09', '2020-07-31 23:27:09'),
(137, 1.00, 5, 15, '2020-07-31 23:27:34', '2020-07-31 23:27:34'),
(138, 1.00, 5, 15, '2020-07-31 23:27:50', '2020-07-31 23:27:50'),
(139, 1.00, 5, 15, '2020-07-31 23:28:04', '2020-07-31 23:28:04'),
(140, 1.00, 5, 15, '2020-07-31 23:28:28', '2020-07-31 23:28:28'),
(141, 1.00, 5, 15, '2020-07-31 23:28:45', '2020-07-31 23:28:45'),
(142, 1.00, 5, 15, '2020-07-31 23:29:07', '2020-07-31 23:29:07'),
(143, 1.00, 5, 15, '2020-07-31 23:29:22', '2020-07-31 23:29:22'),
(144, 1.00, 5, 15, '2020-07-31 23:29:51', '2020-07-31 23:29:51'),
(145, 1.00, 5, 15, '2020-07-31 23:30:03', '2020-07-31 23:30:03'),
(146, 1.00, 4, 15, '2020-07-31 23:30:26', '2020-11-07 10:36:38'),
(147, 1.00, 5, 15, '2020-07-31 23:30:46', '2020-07-31 23:30:46'),
(148, 1.00, 5, 15, '2020-07-31 23:31:05', '2020-07-31 23:31:05'),
(149, 1.00, 5, 15, '2020-07-31 23:31:16', '2020-07-31 23:31:16'),
(150, 1.00, 5, 15, '2020-07-31 23:31:40', '2020-07-31 23:31:40'),
(151, 1.00, 5, 15, '2020-07-31 23:39:19', '2020-07-31 23:39:19'),
(152, 1.00, 5, 15, '2020-07-31 23:39:33', '2020-07-31 23:39:33'),
(153, 1.00, 5, 15, '2020-07-31 23:39:47', '2020-07-31 23:39:47'),
(154, 1.00, 5, 15, '2020-07-31 23:39:59', '2020-07-31 23:39:59'),
(155, 1.00, 5, 15, '2020-07-31 23:40:10', '2020-07-31 23:40:10'),
(156, 1.00, 5, 15, '2020-07-31 23:40:23', '2020-07-31 23:40:23'),
(157, 1.00, 5, 15, '2020-07-31 23:40:32', '2020-07-31 23:40:32'),
(158, 1.00, 5, 15, '2020-07-31 23:40:41', '2020-07-31 23:40:41'),
(159, 1.00, 5, 15, '2020-07-31 23:40:48', '2020-07-31 23:40:48'),
(160, 1.00, 5, 15, '2020-07-31 23:41:01', '2020-07-31 23:41:01'),
(162, 0.00, 5, 16, '2020-08-01 00:06:18', '2020-08-01 00:06:18'),
(163, 1.00, 5, 16, '2020-08-01 00:06:42', '2020-08-01 00:06:42'),
(164, 1.00, 5, 16, '2020-08-01 00:07:02', '2020-08-01 00:07:02'),
(165, 1.00, 5, 16, '2020-08-01 00:07:19', '2020-08-01 00:07:19'),
(166, 1.00, 5, 16, '2020-08-01 00:07:41', '2020-08-01 00:07:41'),
(167, 1.00, 5, 16, '2020-08-01 00:08:02', '2020-08-01 00:08:02'),
(168, 1.00, 5, 16, '2020-08-01 00:08:18', '2020-08-01 00:08:18'),
(169, 1.00, 5, 16, '2020-08-01 00:08:36', '2020-08-01 00:08:36'),
(170, 1.00, 5, 16, '2020-08-01 00:08:51', '2020-08-01 00:08:51'),
(171, 1.00, 5, 16, '2020-08-01 00:09:08', '2020-08-01 00:09:08'),
(172, 1.00, 5, 16, '2020-08-01 00:09:35', '2020-08-01 00:09:35'),
(173, 1.00, 5, 16, '2020-08-01 00:09:49', '2020-08-01 00:09:49'),
(174, 1.00, 5, 16, '2020-08-01 00:10:06', '2020-08-01 00:10:06'),
(175, 1.00, 5, 16, '2020-08-01 00:10:30', '2020-08-01 00:10:30'),
(176, 1.00, 5, 16, '2020-08-01 00:10:43', '2020-08-01 00:10:43'),
(177, 1.00, 5, 16, '2020-08-01 00:11:00', '2020-08-01 00:11:00'),
(178, 1.00, 5, 16, '2020-08-01 00:11:12', '2020-08-01 00:11:12'),
(179, 1.00, 5, 16, '2020-08-01 00:11:31', '2020-08-01 00:11:31'),
(180, 1.00, 5, 16, '2020-08-01 00:11:46', '2020-08-01 00:11:46'),
(181, 1.00, 5, 16, '2020-08-01 00:12:05', '2020-08-01 00:12:05'),
(182, 1.00, 5, 16, '2020-08-01 00:12:21', '2020-08-01 00:12:21'),
(183, 1.00, 5, 16, '2020-08-01 00:12:54', '2020-08-01 00:12:54'),
(184, 1.00, 5, 16, '2020-08-01 00:14:12', '2020-08-01 00:14:12'),
(185, 1.00, 5, 16, '2020-08-01 00:14:23', '2020-08-01 00:14:23'),
(186, 1.00, 5, 16, '2020-08-01 00:14:37', '2020-08-01 00:14:37'),
(187, 1.00, 5, 16, '2020-08-01 00:14:49', '2020-08-01 00:14:49'),
(188, 1.00, 5, 16, '2020-08-01 00:14:59', '2020-08-01 00:14:59'),
(189, 1.00, 5, 16, '2020-08-01 00:15:09', '2020-08-01 00:15:09'),
(190, 1.00, 5, 16, '2020-08-01 00:15:22', '2020-08-01 00:15:22'),
(191, 1.00, 5, 16, '2020-08-01 00:15:31', '2020-08-01 00:15:31'),
(192, 1.00, 5, 16, '2020-08-01 00:15:42', '2020-08-01 00:15:42'),
(193, 1.00, 5, 16, '2020-08-01 00:15:54', '2020-08-01 00:15:54'),
(194, 1.00, 5, 16, '2020-08-01 00:16:04', '2020-08-01 00:16:04'),
(195, 0.00, 5, 17, '2020-08-01 00:18:18', '2020-08-01 00:18:18'),
(196, 1.00, 5, 17, '2020-08-01 00:18:38', '2020-08-01 00:18:38'),
(197, 1.00, 5, 17, '2020-08-01 00:18:51', '2020-08-01 00:18:51'),
(198, 1.00, 5, 17, '2020-08-01 00:19:08', '2020-08-01 00:19:08'),
(199, 1.00, 5, 17, '2020-08-01 00:19:33', '2020-08-01 00:19:33'),
(200, 1.00, 5, 17, '2020-08-01 00:19:34', '2020-08-01 00:19:34'),
(201, 1.00, 5, 17, '2020-08-01 00:19:52', '2020-08-01 00:19:52'),
(202, 1.00, 5, 17, '2020-08-01 00:19:52', '2020-08-01 00:19:52'),
(203, 1.00, 5, 17, '2020-08-01 00:20:10', '2020-08-01 00:20:10'),
(215, 0.00, 2, 26, '2020-08-11 10:37:48', '2020-08-11 10:37:48'),
(216, 4.00, 3, 26, '2020-08-11 10:38:10', '2020-08-11 10:38:10'),
(217, 9.00, 7, 26, '2020-08-11 10:38:12', '2020-08-11 10:38:12'),
(219, 0.00, 2, 27, '2020-08-11 10:45:54', '2020-08-11 10:45:54'),
(220, 25.00, 2, 27, '2020-08-11 10:45:55', '2020-08-11 10:45:55'),
(221, 75.00, 2, 27, '2020-08-11 10:45:55', '2020-08-11 10:45:55'),
(222, 0.00, 2, 28, '2020-08-11 10:48:26', '2020-08-11 10:48:26'),
(223, 15.00, 2, 28, '2020-08-11 10:48:27', '2020-08-11 10:48:27'),
(224, 45.00, 2, 28, '2020-08-11 10:48:28', '2020-08-11 10:48:28'),
(225, 1.00, 3, 29, '2020-08-11 16:58:01', '2020-08-11 16:58:01'),
(226, 1.00, 2, 30, '2020-08-11 17:01:20', '2020-08-11 17:01:20'),
(227, 2.00, 2, 30, '2020-08-11 17:01:29', '2020-08-11 17:01:29'),
(228, 0.00, 10, 31, '2020-08-17 16:04:15', '2020-10-13 10:20:54'),
(229, 0.00, 10, 31, '2020-08-17 16:04:15', '2020-10-13 10:20:55'),
(230, 0.00, 10, 32, '2020-08-17 16:11:24', '2020-08-17 16:11:24'),
(231, 0.00, 4, 32, '2020-08-17 16:11:34', '2020-08-29 17:33:52'),
(232, 0.00, 10, 33, '2020-08-17 16:14:41', '2020-08-17 16:14:41'),
(233, 0.00, 10, 33, '2020-08-17 16:14:47', '2020-08-17 16:14:47'),
(234, 0.00, 25, 34, '2020-08-17 16:43:58', '2020-10-13 10:20:23'),
(235, 0.00, 25, 34, '2020-08-17 16:43:59', '2020-08-17 16:43:59'),
(236, 0.00, 25, 34, '2020-08-17 16:43:59', '2020-08-17 16:43:59'),
(237, 0.00, 0, 34, '2020-08-17 16:44:00', '2020-10-13 10:20:25'),
(238, 0.00, 25, 35, '2020-08-17 16:50:05', '2020-08-17 16:50:05'),
(239, 0.00, 24, 35, '2020-08-17 16:50:05', '2020-09-12 17:28:47'),
(240, 0.00, 25, 35, '2020-08-17 16:50:06', '2020-08-17 16:50:06'),
(241, 0.00, 25, 35, '2020-08-17 16:50:06', '2020-08-17 16:50:06'),
(242, 0.00, 10, 36, '2020-08-17 16:57:18', '2020-08-17 16:57:18'),
(243, 0.00, 9, 36, '2020-08-17 16:57:19', '2020-10-22 14:01:49'),
(244, 0.00, 2, 36, '2020-08-17 16:57:19', '2020-10-13 10:19:23'),
(245, 0.00, 0, 36, '2020-08-17 16:57:21', '2020-10-13 10:19:22'),
(246, 0.00, 25, 37, '2020-08-17 17:49:56', '2020-08-17 17:49:56'),
(247, 0.00, 24, 37, '2020-08-17 17:49:57', '2020-08-17 17:49:57'),
(248, 0.00, 25, 37, '2020-08-17 17:49:57', '2020-08-17 17:49:57'),
(249, 0.00, 25, 37, '2020-08-17 17:49:58', '2020-08-17 17:49:58'),
(250, 0.00, 25, 38, '2020-08-17 18:04:17', '2020-08-17 18:04:17'),
(251, 0.00, 24, 38, '2020-08-17 18:04:17', '2020-08-17 18:04:17'),
(252, 0.00, 25, 38, '2020-08-17 18:04:18', '2020-08-17 18:04:18'),
(253, 0.00, 25, 38, '2020-08-17 18:04:18', '2020-08-17 18:04:18'),
(255, 0.00, 9, 39, '2020-08-17 18:07:20', '2020-08-17 18:07:20'),
(256, 0.00, 10, 39, '2020-08-17 18:07:21', '2020-08-17 18:07:21'),
(271, 0.00, 10, 39, '2020-08-17 18:07:44', '2020-08-17 18:07:44'),
(272, 0.00, 10, 40, '2020-08-17 18:10:58', '2020-08-17 18:10:58'),
(273, 0.00, 8, 40, '2020-08-17 18:11:00', '2020-10-22 14:10:15'),
(274, 0.00, 10, 40, '2020-08-17 18:11:01', '2020-08-17 18:11:01'),
(275, 0.00, 10, 41, '2020-08-17 18:13:13', '2020-08-17 18:13:13'),
(276, 0.00, 10, 41, '2020-08-17 18:13:14', '2020-08-17 18:13:14'),
(277, 0.00, 9, 41, '2020-08-17 18:13:15', '2020-08-17 18:13:15'),
(278, 0.00, 10, 42, '2020-08-18 10:06:22', '2020-08-18 10:06:23'),
(279, 0.00, 10, 42, '2020-08-18 10:06:24', '2020-08-18 10:06:24'),
(281, 0.00, 10, 44, '2020-08-18 10:09:01', '2020-08-18 10:09:01'),
(282, 0.00, 10, 44, '2020-08-18 10:09:02', '2020-08-18 10:09:02'),
(286, 0.00, 18, 43, '2020-08-18 10:09:52', '2020-08-18 10:09:52'),
(287, 0.00, 25, 43, '2020-08-18 10:09:53', '2020-08-18 10:09:53'),
(293, 0.00, 10, 45, '2020-08-18 10:11:44', '2020-08-18 10:11:44'),
(294, 0.00, 10, 45, '2020-08-18 10:11:45', '2020-08-18 10:11:45'),
(295, 0.00, 10, 45, '2020-08-18 10:11:46', '2020-08-18 10:11:46'),
(296, 0.00, 10, 47, '2020-08-18 10:16:10', '2020-08-18 10:16:10'),
(300, 0.00, 2, 47, '2020-08-18 10:16:11', '2020-10-22 14:08:20'),
(302, 0.00, 16, 46, '2020-08-18 10:16:13', '2020-08-18 10:16:13'),
(303, 0.00, 8, 47, '2020-08-18 10:16:13', '2020-10-22 14:08:20'),
(304, 0.00, 2, 46, '2020-08-18 10:16:13', '2020-08-18 10:16:13'),
(305, 0.00, 52, 48, '2020-08-18 10:18:17', '2020-08-18 10:18:17'),
(306, 0.00, 49, 48, '2020-08-18 10:18:29', '2020-08-18 10:18:29'),
(307, 0.00, 11, 48, '2020-08-18 10:19:53', '2020-11-10 10:44:11'),
(308, 0.00, 40, 48, '2020-08-18 10:19:57', '2020-11-10 10:44:11'),
(309, 0.00, 24, 48, '2020-08-18 10:19:58', '2020-08-18 10:19:58'),
(310, 0.00, 24, 48, '2020-08-18 10:19:58', '2020-08-18 10:19:58'),
(316, 0.00, 3, 49, '2020-08-18 10:20:12', '2020-10-22 14:07:32'),
(318, 0.00, 8, 49, '2020-08-18 10:20:13', '2020-10-22 14:07:34'),
(320, 0.00, 10, 50, '2020-08-18 10:22:48', '2020-08-18 10:22:48'),
(321, 0.00, 10, 50, '2020-08-18 10:22:49', '2020-08-18 10:22:49'),
(322, 0.00, 10, 50, '2020-08-18 10:22:50', '2020-08-18 10:22:50'),
(323, 0.00, 10, 51, '2020-08-18 10:26:08', '2020-08-18 10:26:08'),
(324, 0.00, 0, 51, '2020-08-18 10:26:08', '2020-10-13 10:19:50'),
(325, 0.00, 1, 52, '2020-08-18 10:37:05', '2020-08-18 10:37:05'),
(326, 0.00, 1, 52, '2020-08-18 10:37:06', '2020-08-18 10:37:06'),
(328, 0.00, 26, 53, '2020-08-18 10:50:10', '2020-08-18 10:50:10'),
(329, 0.00, 18, 53, '2020-08-18 10:50:11', '2020-08-18 10:50:11'),
(330, 0.00, 34, 53, '2020-08-18 10:50:12', '2020-08-18 10:50:12'),
(332, 0.00, 42, 54, '2020-08-18 10:55:50', '2020-08-18 10:55:50'),
(333, 0.00, 59, 54, '2020-08-18 10:55:51', '2020-08-18 10:55:51'),
(334, 0.00, 16, 54, '2020-08-18 10:55:52', '2020-08-18 10:55:52'),
(335, 0.00, 24, 54, '2020-08-18 10:55:52', '2020-08-18 10:55:52'),
(336, 0.00, 72, 55, '2020-08-18 11:03:02', '2020-08-18 11:03:02'),
(337, 0.00, 81, 55, '2020-08-18 11:03:03', '2020-08-18 11:03:03'),
(338, 0.00, 80, 55, '2020-08-18 11:03:03', '2020-08-18 11:03:03'),
(339, 0.00, 76, 55, '2020-08-18 11:03:04', '2020-08-18 11:03:04'),
(340, 0.00, 78, 55, '2020-08-18 11:03:04', '2020-08-18 11:03:04'),
(341, 0.00, 12, 56, '2020-08-18 11:09:17', '2020-08-18 11:09:17'),
(342, 0.00, 18, 56, '2020-08-18 11:09:18', '2020-08-18 11:09:18'),
(343, 0.00, 22, 56, '2020-08-18 11:09:19', '2020-08-18 11:09:19'),
(344, 0.00, 12, 56, '2020-08-18 11:09:30', '2020-08-18 11:09:30'),
(345, 0.00, 4, 57, '2020-08-18 11:14:19', '2020-08-18 11:14:19'),
(346, 0.00, 28, 57, '2020-08-18 11:14:47', '2020-08-18 11:14:47'),
(347, 0.00, 10, 57, '2020-08-18 11:14:48', '2020-08-18 11:14:48'),
(348, 0.00, 24, 57, '2020-08-18 11:14:49', '2020-08-18 11:14:49'),
(350, 0.00, 57, 58, '2020-08-18 11:32:50', '2020-08-18 11:32:50'),
(351, 0.00, 33, 58, '2020-08-18 11:32:51', '2020-08-18 11:32:51'),
(352, 0.00, 36, 58, '2020-08-18 11:32:52', '2020-08-18 11:32:52'),
(353, 0.00, 26, 58, '2020-08-18 11:32:53', '2020-08-18 11:32:53'),
(354, 0.00, 28, 58, '2020-08-18 11:32:53', '2020-08-18 11:32:53'),
(355, 0.00, 39, 59, '2020-08-18 11:38:20', '2020-08-18 11:38:20'),
(356, 0.00, 1, 60, '2020-08-18 11:38:35', '2020-08-18 11:38:35'),
(357, 0.00, 1, 60, '2020-08-18 11:38:36', '2020-08-18 11:38:36'),
(358, 0.00, 1, 60, '2020-08-18 11:38:37', '2020-08-18 11:38:37'),
(359, 0.00, 1, 60, '2020-08-18 11:38:38', '2020-08-18 11:38:38'),
(360, 0.00, 27, 59, '2020-08-18 11:39:13', '2020-09-26 17:49:08'),
(361, 0.00, 38, 59, '2020-08-18 11:39:13', '2020-08-18 11:39:13'),
(362, 0.00, 72, 59, '2020-08-18 11:39:14', '2020-08-18 11:39:14'),
(363, 0.00, 72, 59, '2020-08-18 11:39:14', '2020-08-18 11:39:14'),
(364, 0.00, 12, 61, '2020-08-18 11:42:07', '2020-08-18 11:42:07'),
(365, 0.00, 11, 61, '2020-08-18 11:42:09', '2020-08-18 11:42:09'),
(366, 0.00, 9, 61, '2020-08-18 11:42:09', '2020-08-18 11:42:09'),
(367, 0.00, 5, 61, '2020-08-18 11:42:09', '2020-08-18 11:42:09'),
(368, 0.00, 80, 62, '2020-08-18 11:50:28', '2020-08-18 11:50:28'),
(369, 0.00, 72, 62, '2020-08-18 11:50:29', '2020-08-18 11:50:29'),
(370, 0.00, 14, 62, '2020-08-18 11:50:29', '2020-08-18 11:50:29'),
(371, 0.00, 15, 63, '2020-08-18 11:55:04', '2020-08-18 11:55:04'),
(372, 0.00, 20, 63, '2020-08-18 11:55:05', '2020-08-18 11:55:05'),
(373, 0.00, 52, 63, '2020-08-18 11:55:05', '2020-08-18 11:55:05'),
(374, 0.00, 22, 63, '2020-08-18 11:55:06', '2020-08-18 11:55:06'),
(375, 0.00, 1, 64, '2020-08-18 12:05:25', '2020-08-18 12:05:25'),
(376, 0.00, 1, 64, '2020-08-18 12:05:26', '2020-08-18 12:05:26'),
(377, 0.00, 1, 64, '2020-08-18 12:05:27', '2020-08-18 12:05:27'),
(378, 0.00, 2, 64, '2020-08-18 12:05:28', '2020-08-18 12:05:28'),
(379, 0.00, 2, 64, '2020-08-18 12:05:29', '2020-08-18 12:05:29'),
(380, 0.00, 2, 64, '2020-08-18 12:05:30', '2020-08-18 12:05:30'),
(381, 0.00, 1, 64, '2020-08-18 12:05:31', '2020-08-18 12:05:31'),
(382, 0.00, 1, 64, '2020-08-18 12:05:32', '2020-08-18 12:05:32'),
(383, 0.00, 1, 64, '2020-08-18 12:05:33', '2020-08-18 12:05:33'),
(384, 0.00, 1, 64, '2020-08-18 12:05:34', '2020-08-18 12:05:34'),
(385, 0.00, 1, 64, '2020-08-18 12:05:35', '2020-08-18 12:05:35'),
(386, 0.00, 1, 64, '2020-08-18 12:05:36', '2020-08-18 12:05:36'),
(387, 0.00, 1, 64, '2020-08-18 12:05:37', '2020-08-18 12:05:37'),
(388, 0.00, 1, 64, '2020-08-18 12:05:38', '2020-08-18 12:05:38'),
(389, 0.00, 1, 65, '2020-08-18 12:22:58', '2020-08-18 12:22:58'),
(390, 0.00, 1, 65, '2020-08-18 12:23:02', '2020-08-18 12:23:02'),
(391, 0.00, 1, 65, '2020-08-18 12:23:03', '2020-08-18 12:23:03'),
(392, 0.00, 2, 65, '2020-08-18 12:23:04', '2020-08-18 12:23:04'),
(393, 0.00, 2, 65, '2020-08-18 12:23:06', '2020-08-18 12:23:06'),
(394, 0.00, 2, 65, '2020-08-18 12:23:07', '2020-08-18 12:23:07'),
(395, 0.00, 1, 65, '2020-08-18 12:23:09', '2020-08-18 12:23:09'),
(396, 0.00, 1, 65, '2020-08-18 12:23:10', '2020-08-18 12:23:10'),
(397, 0.00, 1, 65, '2020-08-18 12:23:11', '2020-08-18 12:23:11'),
(398, 0.00, 1, 65, '2020-08-18 12:23:12', '2020-08-18 12:23:12'),
(399, 0.00, 1, 65, '2020-08-18 12:23:13', '2020-08-18 12:23:13'),
(400, 0.00, 1, 65, '2020-08-18 12:23:14', '2020-08-18 12:23:14'),
(403, 0.00, 1, 66, '2020-08-18 12:26:53', '2020-08-18 12:26:53'),
(427, 0.00, 1, 66, '2020-08-18 12:27:14', '2020-08-18 12:27:14'),
(428, 0.00, 35, 67, '2020-08-18 12:31:12', '2020-08-18 12:31:12'),
(429, 0.00, 48, 67, '2020-08-18 12:31:12', '2020-08-18 12:31:12'),
(430, 0.00, 71, 67, '2020-08-18 12:31:13', '2020-11-10 09:51:56'),
(431, 0.00, 71, 67, '2020-08-18 12:31:13', '2020-11-11 22:59:10'),
(432, 0.00, 23, 68, '2020-08-18 12:37:37', '2020-08-18 12:37:37'),
(433, 0.00, 64, 68, '2020-08-18 12:37:37', '2020-08-18 12:37:37'),
(434, 0.00, 48, 68, '2020-08-18 12:37:38', '2020-08-18 12:37:38'),
(435, 0.00, 1, 69, '2020-08-18 12:38:18', '2020-08-18 12:38:18'),
(436, 0.00, 2, 69, '2020-08-18 12:38:19', '2020-08-18 12:38:19'),
(437, 0.00, 1, 69, '2020-08-18 12:38:20', '2020-08-18 12:38:20'),
(438, 0.00, 1, 69, '2020-08-18 12:38:21', '2020-08-18 12:38:21'),
(439, 0.00, 1, 69, '2020-08-18 12:38:22', '2020-08-18 12:38:22'),
(440, 0.00, 1, 69, '2020-08-18 12:38:23', '2020-08-18 12:38:23'),
(441, 0.00, 1, 69, '2020-08-18 12:38:24', '2020-08-18 12:38:24'),
(442, 0.00, 1, 69, '2020-08-18 12:38:25', '2020-08-18 12:38:25'),
(443, 0.00, 1, 69, '2020-08-18 12:38:26', '2020-08-18 12:38:26'),
(444, 0.00, 1, 69, '2020-08-18 12:38:27', '2020-08-18 12:38:27'),
(445, 0.00, 1, 70, '2020-08-18 12:42:38', '2020-08-18 12:42:38'),
(446, 0.00, 1, 70, '2020-08-18 12:42:39', '2020-08-18 12:42:39'),
(447, 0.00, 1, 70, '2020-08-18 12:42:40', '2020-08-18 12:42:40'),
(448, 0.00, 1, 70, '2020-08-18 12:42:41', '2020-08-18 12:42:41'),
(449, 0.00, 1, 70, '2020-08-18 12:42:42', '2020-08-18 12:42:42'),
(450, 0.00, 1, 70, '2020-08-18 12:42:43', '2020-08-18 12:42:43'),
(451, 0.00, 1, 70, '2020-08-18 12:42:43', '2020-08-18 12:42:43'),
(452, 0.00, 1, 70, '2020-08-18 12:42:44', '2020-08-18 12:42:44'),
(453, 0.00, 1, 70, '2020-08-18 12:42:45', '2020-08-18 12:42:45'),
(454, 0.00, 1, 71, '2020-08-18 12:49:24', '2020-08-18 12:49:24'),
(455, 0.00, 1, 71, '2020-08-18 12:49:25', '2020-08-18 12:49:25'),
(456, 0.00, 1, 71, '2020-08-18 12:49:26', '2020-08-18 12:49:26'),
(457, 0.00, 1, 71, '2020-08-18 12:49:27', '2020-08-18 12:49:27'),
(458, 0.00, 23, 72, '2020-08-18 13:08:35', '2020-11-08 15:48:14'),
(459, 0.00, 6, 72, '2020-08-18 13:08:35', '2020-08-18 13:08:35'),
(460, 0.00, 24, 72, '2020-08-18 13:08:36', '2020-08-18 13:08:36'),
(461, 0.00, 19, 72, '2020-08-18 13:08:36', '2020-08-18 13:08:36'),
(464, 0.00, 51, 73, '2020-08-18 13:13:45', '2020-09-27 22:02:24'),
(466, 0.00, 48, 73, '2020-08-18 13:14:59', '2020-08-18 13:14:59'),
(467, 0.00, 50, 74, '2020-08-18 13:20:39', '2020-11-11 22:59:11'),
(468, 0.00, 5, 74, '2020-08-18 13:20:40', '2020-08-18 13:20:40'),
(469, 0.00, 13, 75, '2020-08-18 13:30:23', '2020-08-18 13:30:23'),
(470, 0.00, 26, 75, '2020-08-18 13:30:25', '2020-08-18 13:30:25'),
(471, 0.00, 17, 76, '2020-08-18 13:39:05', '2020-08-18 13:39:05'),
(472, 0.00, 52, 76, '2020-08-18 13:39:13', '2020-08-18 13:39:13'),
(473, 0.00, 16, 77, '2020-08-18 13:41:43', '2020-08-18 13:41:43'),
(474, 0.00, 1, 77, '2020-08-18 13:41:44', '2020-08-18 13:41:44'),
(475, 0.00, 24, 77, '2020-08-18 13:41:45', '2020-08-18 13:41:45'),
(476, 0.00, 1, 78, '2020-08-18 13:55:24', '2020-08-18 13:55:24'),
(477, 0.00, 2, 78, '2020-08-18 13:55:25', '2020-08-18 13:55:25'),
(478, 0.00, 2, 78, '2020-08-18 13:55:26', '2020-08-18 13:55:26'),
(479, 0.00, 2, 78, '2020-08-18 13:55:26', '2020-08-18 13:55:26'),
(480, 0.00, 2, 78, '2020-08-18 13:55:27', '2020-08-18 13:55:27'),
(481, 0.00, 2, 78, '2020-08-18 13:55:28', '2020-08-18 13:55:28'),
(482, 0.00, 2, 78, '2020-08-18 13:55:28', '2020-08-18 13:55:28'),
(483, 0.00, 1, 78, '2020-08-18 13:55:29', '2020-08-18 13:55:29'),
(484, 0.00, 1, 78, '2020-08-18 13:55:31', '2020-08-18 13:55:31'),
(485, 0.00, 1, 78, '2020-08-18 13:55:32', '2020-08-18 13:55:32'),
(486, 0.00, 1, 80, '2020-08-18 14:18:40', '2020-08-18 14:18:40'),
(487, 0.00, 2, 80, '2020-08-18 14:18:43', '2020-08-18 14:18:43'),
(488, 0.00, 2, 80, '2020-08-18 14:18:44', '2020-08-18 14:18:44'),
(489, 0.00, 1, 80, '2020-08-18 14:18:45', '2020-08-18 14:18:45'),
(490, 0.00, 2, 80, '2020-08-18 14:18:46', '2020-08-18 14:18:46'),
(491, 0.00, 1, 80, '2020-08-18 14:18:48', '2020-08-18 14:18:48'),
(492, 0.00, 2, 80, '2020-08-18 14:18:49', '2020-08-18 14:18:49'),
(493, 0.00, 1, 80, '2020-08-18 14:18:49', '2020-08-18 14:18:49'),
(494, 0.00, 1, 80, '2020-08-18 14:18:50', '2020-08-18 14:18:50'),
(495, 0.00, 1, 80, '2020-08-18 14:18:51', '2020-08-18 14:18:51'),
(496, 0.00, 1, 80, '2020-08-18 14:18:52', '2020-08-18 14:18:52'),
(497, 0.00, 1, 82, '2020-08-18 14:39:57', '2020-08-18 14:39:57'),
(498, 0.00, 1, 82, '2020-08-18 14:39:58', '2020-08-18 14:39:58'),
(499, 0.00, 2, 82, '2020-08-18 14:40:11', '2020-08-18 14:40:11'),
(500, 0.00, 2, 82, '2020-08-18 14:40:13', '2020-08-18 14:40:13'),
(501, 0.00, 2, 82, '2020-08-18 14:40:15', '2020-08-18 14:40:15'),
(502, 0.00, 1, 82, '2020-08-18 14:40:16', '2020-08-18 14:40:16'),
(503, 0.00, 1, 82, '2020-08-18 14:40:16', '2020-08-18 14:40:16'),
(504, 0.00, 1, 82, '2020-08-18 14:40:17', '2020-08-18 14:40:17'),
(505, 0.00, 1, 82, '2020-08-18 14:40:18', '2020-08-18 14:40:18'),
(506, 0.00, 1, 83, '2020-08-18 14:46:49', '2020-08-18 14:46:49'),
(507, 0.00, 2, 83, '2020-08-18 14:46:50', '2020-08-18 14:46:50'),
(508, 0.00, 2, 83, '2020-08-18 14:46:51', '2020-08-18 14:46:51'),
(509, 0.00, 2, 83, '2020-08-18 14:46:52', '2020-08-18 14:46:52'),
(510, 0.00, 1, 83, '2020-08-18 14:46:53', '2020-08-18 14:46:53'),
(511, 0.00, 1, 83, '2020-08-18 14:46:54', '2020-08-18 14:46:54'),
(512, 0.00, 1, 84, '2020-08-18 14:52:11', '2020-08-18 14:52:11'),
(513, 0.00, 2, 84, '2020-08-18 14:52:11', '2020-08-18 14:52:11'),
(514, 0.00, 2, 84, '2020-08-18 14:52:12', '2020-08-18 14:52:12'),
(515, 0.00, 1, 84, '2020-08-18 14:52:13', '2020-08-18 14:52:13'),
(516, 0.00, 1, 85, '2020-08-18 14:58:18', '2020-08-18 14:58:18'),
(517, 0.00, 1, 85, '2020-08-18 14:58:19', '2020-08-18 14:58:19'),
(518, 0.00, 1, 85, '2020-08-18 14:58:19', '2020-08-18 14:58:19'),
(519, 0.00, 3, 85, '2020-08-18 14:58:20', '2020-08-18 14:58:20'),
(520, 0.00, 2, 85, '2020-08-18 14:58:21', '2020-08-18 14:58:21'),
(521, 0.00, 1, 85, '2020-08-18 14:58:21', '2020-08-18 14:58:21'),
(522, 0.00, 1, 85, '2020-08-18 14:58:22', '2020-08-18 14:58:22'),
(523, 0.00, 1, 85, '2020-08-18 14:58:23', '2020-08-18 14:58:23'),
(524, 0.00, 1, 85, '2020-08-18 14:58:23', '2020-08-18 14:58:23'),
(525, 0.00, 1, 85, '2020-08-18 14:58:24', '2020-08-18 14:58:24'),
(526, 0.00, 1, 86, '2020-08-18 15:08:03', '2020-08-18 15:08:03'),
(527, 0.00, 1, 86, '2020-08-18 15:08:04', '2020-08-18 15:08:04'),
(528, 0.00, 2, 86, '2020-08-18 15:08:06', '2020-08-18 15:08:06'),
(529, 0.00, 1, 86, '2020-08-18 15:08:07', '2020-08-18 15:08:07'),
(530, 0.00, 1, 86, '2020-08-18 15:08:09', '2020-08-18 15:08:09'),
(531, 0.00, 1, 86, '2020-08-18 15:08:10', '2020-08-18 15:08:10'),
(532, 0.00, 1, 86, '2020-08-18 15:08:11', '2020-08-18 15:08:11'),
(533, 0.00, 1, 86, '2020-08-18 15:08:14', '2020-08-18 15:08:14'),
(534, 0.00, 1, 86, '2020-08-18 15:08:16', '2020-08-18 15:08:16'),
(535, 0.00, 1, 87, '2020-08-18 15:12:23', '2020-08-18 15:12:23'),
(536, 0.00, 1, 87, '2020-08-18 15:12:23', '2020-08-18 15:12:23'),
(537, 0.00, 1, 87, '2020-08-18 15:12:24', '2020-08-18 15:12:24'),
(538, 0.00, 1, 87, '2020-08-18 15:12:25', '2020-08-18 15:12:25'),
(539, 0.00, 1, 87, '2020-08-18 15:12:25', '2020-08-18 15:12:25'),
(540, 0.00, 1, 87, '2020-08-18 15:12:26', '2020-08-18 15:12:26'),
(541, 0.00, 1, 87, '2020-08-18 15:12:27', '2020-08-18 15:12:27'),
(542, 0.00, 1, 87, '2020-08-18 15:12:28', '2020-08-18 15:12:28'),
(543, 0.00, 1, 87, '2020-08-18 15:12:28', '2020-08-18 15:12:28'),
(544, 0.00, 1, 87, '2020-08-18 15:12:29', '2020-08-18 15:12:29'),
(545, 0.00, 1, 88, '2020-08-18 15:16:31', '2020-08-18 15:16:31'),
(546, 0.00, 1, 88, '2020-08-18 15:16:32', '2020-08-18 15:16:32'),
(547, 0.00, 1, 88, '2020-08-18 15:16:33', '2020-08-18 15:16:33'),
(548, 0.00, 1, 88, '2020-08-18 15:16:34', '2020-08-18 15:16:34'),
(549, 0.00, 1, 88, '2020-08-18 15:16:34', '2020-08-18 15:16:34'),
(550, 0.00, 1, 88, '2020-08-18 15:16:35', '2020-08-18 15:16:35'),
(551, 0.00, 1, 88, '2020-08-18 15:16:36', '2020-08-18 15:16:36'),
(552, 0.00, 1, 88, '2020-08-18 15:16:36', '2020-08-18 15:16:36'),
(553, 0.00, 1, 88, '2020-08-18 15:16:37', '2020-08-18 15:16:37'),
(554, 0.00, 1, 89, '2020-08-18 15:23:57', '2020-08-18 15:23:57'),
(555, 0.00, 1, 89, '2020-08-18 15:23:57', '2020-08-18 15:23:57'),
(556, 0.00, 1, 89, '2020-08-18 15:23:58', '2020-08-18 15:23:58'),
(557, 0.00, 1, 89, '2020-08-18 15:23:59', '2020-08-18 15:23:59'),
(558, 0.00, 1, 89, '2020-08-18 15:23:59', '2020-08-18 15:23:59'),
(559, 0.00, 1, 90, '2020-08-18 15:28:56', '2020-08-18 15:28:56'),
(560, 0.00, 1, 90, '2020-08-18 15:28:56', '2020-08-18 15:28:56'),
(561, 0.00, 1, 90, '2020-08-18 15:28:57', '2020-08-18 15:28:57'),
(562, 0.00, 1, 90, '2020-08-18 15:28:57', '2020-08-18 15:28:57'),
(563, 0.00, 1, 90, '2020-08-18 15:28:58', '2020-08-18 15:28:58'),
(564, 0.00, 1, 90, '2020-08-18 15:28:59', '2020-08-18 15:28:59'),
(565, 0.00, 1, 90, '2020-08-18 15:28:59', '2020-08-18 15:28:59'),
(566, 0.00, 1, 90, '2020-08-18 15:29:00', '2020-08-18 15:29:00'),
(567, 0.00, 1, 90, '2020-08-18 15:29:01', '2020-08-18 15:29:01'),
(568, 0.00, 1, 90, '2020-08-18 15:29:01', '2020-08-18 15:29:01'),
(569, 0.00, 1, 90, '2020-08-18 15:29:03', '2020-08-18 15:29:04'),
(570, 0.00, 1, 91, '2020-08-18 15:32:51', '2020-08-18 15:32:51'),
(571, 0.00, 1, 91, '2020-08-18 15:32:52', '2020-08-18 15:32:52'),
(572, 0.00, 1, 91, '2020-08-18 15:32:53', '2020-08-18 15:32:53'),
(573, 0.00, 1, 92, '2020-08-18 15:37:24', '2020-08-18 15:37:24'),
(574, 0.00, 1, 92, '2020-08-18 15:37:24', '2020-08-18 15:37:24'),
(575, 0.00, 1, 92, '2020-08-18 15:37:25', '2020-08-18 15:37:25'),
(576, 0.00, 1, 92, '2020-08-18 15:37:26', '2020-08-18 15:37:26'),
(577, 0.00, 1, 93, '2020-08-18 15:40:56', '2020-08-18 15:40:56'),
(578, 0.00, 1, 93, '2020-08-18 15:40:57', '2020-08-18 15:40:57'),
(579, 0.00, 1, 93, '2020-08-18 15:40:57', '2020-08-18 15:40:57'),
(580, 0.00, 1, 93, '2020-08-18 15:40:58', '2020-08-18 15:40:58'),
(581, 0.00, 1, 93, '2020-08-18 15:40:59', '2020-08-18 15:40:59'),
(582, 0.00, 19, 94, '2020-08-19 15:10:37', '2020-11-10 00:47:49'),
(583, 0.00, 24, 94, '2020-08-19 15:10:39', '2020-08-19 15:10:39'),
(584, 0.00, 24, 94, '2020-08-19 15:10:41', '2020-08-19 15:10:41'),
(585, 0.00, 24, 95, '2020-08-19 15:26:14', '2020-08-19 15:26:14'),
(586, 0.00, 24, 95, '2020-08-19 15:26:15', '2020-08-19 15:26:15'),
(587, 0.00, 20, 95, '2020-08-19 15:26:16', '2020-11-10 09:51:56'),
(588, 0.00, 24, 95, '2020-08-19 15:26:17', '2020-08-19 15:26:17'),
(591, 0.00, 21, 96, '2020-08-19 16:13:49', '2020-10-12 21:12:21'),
(592, 0.00, 22, 96, '2020-08-19 16:13:49', '2020-08-19 16:13:49'),
(594, 0.00, 22, 96, '2020-08-19 16:14:01', '2020-08-19 16:14:01'),
(595, 0.00, 21, 97, '2020-08-19 16:18:04', '2020-10-12 21:12:21'),
(596, 0.00, 24, 97, '2020-08-19 16:18:05', '2020-08-19 16:18:05'),
(597, 0.00, 24, 97, '2020-08-19 16:18:06', '2020-08-19 16:18:06'),
(598, 0.00, 24, 98, '2020-08-19 16:44:44', '2020-08-19 16:44:44'),
(599, 0.00, 24, 98, '2020-08-19 16:44:45', '2020-08-19 16:44:45'),
(600, 0.00, 24, 98, '2020-08-19 16:44:46', '2020-08-19 16:44:46'),
(601, 0.00, 12, 98, '2020-08-19 16:44:47', '2020-08-19 16:44:47'),
(602, 0.00, 12, 98, '2020-08-19 16:44:48', '2020-08-19 16:44:48'),
(603, 0.00, 12, 99, '2020-08-19 16:47:21', '2020-08-19 16:47:21'),
(604, 0.00, 12, 99, '2020-08-19 16:47:23', '2020-08-19 16:47:23'),
(605, 0.00, 12, 99, '2020-08-19 16:47:27', '2020-08-19 16:47:28'),
(606, 0.00, 12, 100, '2020-08-19 16:50:59', '2020-08-19 16:50:59'),
(607, 0.00, 11, 100, '2020-08-19 16:51:02', '2020-11-11 22:59:11'),
(608, 0.00, 9, 100, '2020-08-19 16:51:14', '2020-11-10 09:51:57'),
(609, 0.00, 11, 100, '2020-08-19 16:51:15', '2020-11-09 18:54:16'),
(610, 0.00, 12, 100, '2020-08-19 16:51:19', '2020-08-19 16:51:19'),
(611, 0.00, 12, 101, '2020-08-19 16:53:33', '2020-08-19 16:53:33'),
(612, 0.00, 12, 101, '2020-08-19 16:53:38', '2020-08-19 16:53:38'),
(613, 0.00, 12, 101, '2020-08-19 16:53:40', '2020-08-19 16:53:40'),
(623, 0.00, 3, 102, '2020-09-01 17:50:38', '2020-09-01 17:50:38'),
(624, 0.00, 3, 102, '2020-09-01 17:50:39', '2020-09-01 17:50:39'),
(625, 0.00, 3, 102, '2020-09-01 17:50:39', '2020-09-01 17:50:39'),
(626, 0.00, 3, 102, '2020-09-01 17:50:40', '2020-09-01 17:50:40'),
(627, 0.00, 3, 102, '2020-09-01 17:50:41', '2020-09-01 17:50:41'),
(628, 0.00, 3, 102, '2020-09-01 17:50:42', '2020-09-01 17:50:42'),
(629, 0.00, 0, 102, '2020-09-01 19:06:52', '2020-09-01 19:06:52'),
(630, 0.00, 3, 103, '2020-09-01 19:14:06', '2020-09-01 19:14:06'),
(631, 0.00, 3, 103, '2020-09-01 19:14:07', '2020-09-01 19:14:07'),
(632, 0.00, 3, 103, '2020-09-01 19:14:07', '2020-09-01 19:14:07'),
(633, 0.00, 3, 103, '2020-09-01 19:14:08', '2020-09-01 19:14:08'),
(634, 0.00, 3, 103, '2020-09-01 19:14:08', '2020-09-01 19:14:08'),
(635, 0.00, 3, 103, '2020-09-01 19:14:09', '2020-09-01 19:14:09'),
(636, 0.00, 0, 103, '2020-09-01 19:14:10', '2020-09-01 19:14:10'),
(637, 0.00, 3, 104, '2020-09-01 19:18:13', '2020-09-01 19:18:13'),
(638, 0.00, 3, 104, '2020-09-01 19:18:15', '2020-09-01 19:18:15'),
(639, 0.00, 3, 104, '2020-09-01 19:18:17', '2020-09-01 19:18:17'),
(640, 0.00, 3, 104, '2020-09-01 19:18:20', '2020-09-01 19:18:20'),
(641, 0.00, 3, 104, '2020-09-01 19:18:22', '2020-09-01 19:18:22'),
(642, 0.00, 3, 104, '2020-09-01 19:18:24', '2020-09-01 19:18:24'),
(643, 0.00, 0, 104, '2020-09-01 19:18:31', '2020-09-01 19:18:31'),
(644, 0.00, 3, 105, '2020-09-01 19:23:44', '2020-09-01 19:23:44'),
(645, 0.00, 3, 105, '2020-09-01 19:23:45', '2020-09-01 19:23:45'),
(646, 0.00, 3, 105, '2020-09-01 19:23:45', '2020-09-01 19:23:45'),
(647, 0.00, 3, 105, '2020-09-01 19:23:45', '2020-09-01 19:23:45'),
(648, 0.00, 3, 105, '2020-09-01 19:23:46', '2020-09-01 19:23:46'),
(649, 0.00, 3, 105, '2020-09-01 19:23:46', '2020-09-01 19:23:46'),
(650, 0.00, 0, 105, '2020-09-01 19:23:48', '2020-09-01 19:23:48'),
(662, 0.00, 3, 106, '2020-09-01 19:45:48', '2020-09-01 19:45:48'),
(663, 0.00, 3, 106, '2020-09-01 19:45:48', '2020-09-01 19:45:48'),
(664, 0.00, 3, 106, '2020-09-01 19:45:48', '2020-09-01 19:45:48'),
(665, 0.00, 3, 106, '2020-09-01 19:46:28', '2020-09-01 19:46:28'),
(666, 0.00, 3, 106, '2020-09-01 19:46:29', '2020-09-01 19:46:29'),
(667, 0.00, 3, 106, '2020-09-01 19:46:29', '2020-09-01 19:46:29'),
(668, 0.00, 0, 106, '2020-09-01 19:46:30', '2020-09-01 19:46:30'),
(669, 0.00, 3, 107, '2020-09-01 19:55:06', '2020-09-01 19:55:06'),
(670, 0.00, 3, 107, '2020-09-01 19:55:06', '2020-09-01 19:55:06'),
(671, 0.00, 3, 107, '2020-09-01 19:55:07', '2020-09-01 19:55:07'),
(672, 0.00, 2, 107, '2020-09-01 19:55:08', '2020-09-01 20:01:37'),
(673, 0.00, 3, 107, '2020-09-01 19:55:09', '2020-09-01 19:55:09'),
(674, 0.00, 3, 107, '2020-09-01 19:55:10', '2020-09-01 19:55:10'),
(675, 0.00, 0, 107, '2020-09-01 19:55:11', '2020-09-01 19:55:11'),
(676, 0.00, 3, 108, '2020-09-01 20:18:32', '2020-09-01 20:18:32'),
(677, 0.00, 3, 108, '2020-09-01 20:18:32', '2020-09-01 20:18:32'),
(678, 0.00, 3, 108, '2020-09-01 20:18:33', '2020-09-01 20:18:33'),
(679, 0.00, 3, 108, '2020-09-01 20:18:34', '2020-09-01 20:18:34'),
(680, 0.00, 3, 108, '2020-09-01 20:18:34', '2020-09-01 20:18:34'),
(681, 0.00, 3, 108, '2020-09-01 20:18:35', '2020-09-01 20:18:35'),
(682, 0.00, 0, 108, '2020-09-01 20:18:36', '2020-09-01 20:18:36'),
(683, 0.00, 3, 109, '2020-09-01 20:26:17', '2020-09-01 20:26:17'),
(684, 0.00, 3, 109, '2020-09-01 20:26:18', '2020-09-01 20:26:18'),
(685, 0.00, 3, 109, '2020-09-01 20:26:18', '2020-09-01 20:26:18'),
(686, 0.00, 3, 109, '2020-09-01 20:26:19', '2020-09-01 20:26:19'),
(687, 0.00, 3, 109, '2020-09-01 20:26:19', '2020-09-01 20:26:19'),
(688, 0.00, 3, 109, '2020-09-01 20:26:20', '2020-09-01 20:26:20'),
(689, 0.00, 0, 109, '2020-09-01 20:26:20', '2020-09-01 20:26:20'),
(690, 0.00, 3, 110, '2020-09-01 20:31:41', '2020-09-01 20:31:41'),
(691, 0.00, 3, 110, '2020-09-01 20:31:41', '2020-09-01 20:31:41'),
(692, 0.00, 3, 110, '2020-09-01 20:31:44', '2020-09-01 20:31:44'),
(693, 0.00, 3, 110, '2020-09-01 20:31:46', '2020-09-01 20:31:46'),
(694, 0.00, 3, 110, '2020-09-01 20:31:48', '2020-09-01 20:31:48'),
(695, 0.00, 3, 110, '2020-09-01 20:31:51', '2020-09-01 20:31:51'),
(696, 0.00, 0, 110, '2020-09-01 20:31:54', '2020-09-01 20:31:54'),
(697, 0.00, 3, 111, '2020-09-01 20:39:13', '2020-09-01 20:39:13'),
(698, 0.00, 3, 111, '2020-09-01 20:39:13', '2020-09-01 20:39:13'),
(699, 0.00, 3, 111, '2020-09-01 20:39:13', '2020-09-01 20:39:13'),
(700, 0.00, 3, 111, '2020-09-01 20:39:14', '2020-09-01 20:39:14'),
(701, 0.00, 3, 111, '2020-09-01 20:39:22', '2020-09-01 20:39:22'),
(702, 0.00, 3, 111, '2020-09-01 20:39:38', '2020-09-01 20:39:38'),
(703, 0.00, 3, 111, '2020-09-01 20:39:39', '2020-09-01 20:39:39'),
(704, 0.00, 3, 112, '2020-09-01 20:49:27', '2020-09-01 20:49:27'),
(705, 0.00, 3, 112, '2020-09-01 20:49:28', '2020-09-01 20:49:28'),
(706, 0.00, 3, 112, '2020-09-01 20:49:28', '2020-09-01 20:49:28'),
(707, 0.00, 3, 112, '2020-09-01 20:49:29', '2020-09-01 20:49:29'),
(708, 0.00, 3, 112, '2020-09-01 20:49:29', '2020-09-01 20:49:29'),
(709, 0.00, 3, 112, '2020-09-01 20:49:30', '2020-09-01 20:49:30'),
(710, 0.00, 0, 112, '2020-09-01 20:49:30', '2020-09-01 20:49:30'),
(711, 0.00, 3, 113, '2020-09-01 22:42:21', '2020-09-01 22:42:21'),
(712, 0.00, 3, 113, '2020-09-01 22:42:21', '2020-09-01 22:42:21'),
(713, 0.00, 3, 113, '2020-09-01 22:42:22', '2020-09-01 22:42:22'),
(714, 0.00, 3, 113, '2020-09-01 22:42:23', '2020-09-01 22:42:23'),
(715, 0.00, 3, 113, '2020-09-01 22:42:23', '2020-09-01 22:42:23'),
(716, 0.00, 3, 113, '2020-09-01 22:42:24', '2020-09-01 22:42:24'),
(717, 0.00, 0, 113, '2020-09-01 22:42:24', '2020-09-01 22:42:39'),
(718, 0.00, 3, 114, '2020-09-01 22:48:08', '2020-09-01 22:48:08'),
(719, 0.00, 3, 114, '2020-09-01 22:48:09', '2020-09-01 22:48:09'),
(720, 0.00, 3, 114, '2020-09-01 22:48:09', '2020-09-01 22:48:09'),
(721, 0.00, 3, 114, '2020-09-01 22:48:10', '2020-09-01 22:48:10'),
(722, 0.00, 3, 114, '2020-09-01 22:48:10', '2020-09-01 22:48:10'),
(723, 0.00, 3, 114, '2020-09-01 22:48:11', '2020-09-01 22:48:11'),
(724, 0.00, 0, 114, '2020-09-01 22:48:11', '2020-09-01 22:48:11'),
(725, 0.00, 3, 115, '2020-09-01 22:55:22', '2020-09-01 22:55:22'),
(726, 0.00, 3, 115, '2020-09-01 22:55:23', '2020-09-01 22:55:23'),
(727, 0.00, 3, 115, '2020-09-01 22:55:24', '2020-09-01 22:55:24'),
(728, 0.00, 3, 115, '2020-09-01 22:55:24', '2020-09-01 22:55:24'),
(729, 0.00, 3, 115, '2020-09-01 22:55:25', '2020-09-01 22:55:25'),
(730, 0.00, 3, 115, '2020-09-01 22:55:25', '2020-09-01 22:55:25'),
(731, 0.00, 0, 115, '2020-09-01 22:55:26', '2020-09-01 22:55:26'),
(737, 0.00, 3, 116, '2020-09-01 23:02:44', '2020-09-01 23:02:44'),
(738, 0.00, 3, 116, '2020-09-01 23:04:08', '2020-09-01 23:04:08'),
(739, 0.00, 3, 116, '2020-09-01 23:04:08', '2020-09-01 23:04:08'),
(740, 0.00, 3, 116, '2020-09-01 23:04:10', '2020-09-01 23:04:10'),
(741, 0.00, 3, 116, '2020-09-01 23:04:12', '2020-09-01 23:04:12'),
(742, 0.00, 3, 116, '2020-09-01 23:04:14', '2020-09-01 23:04:14'),
(743, 0.00, 0, 116, '2020-09-01 23:04:18', '2020-09-01 23:04:18'),
(744, 0.00, 3, 117, '2020-09-01 23:19:17', '2020-09-01 23:19:17'),
(745, 0.00, 3, 117, '2020-09-01 23:19:22', '2020-09-01 23:19:22'),
(746, 0.00, 3, 117, '2020-09-01 23:19:24', '2020-09-01 23:19:24'),
(747, 0.00, 3, 117, '2020-09-01 23:19:28', '2020-09-01 23:19:28'),
(748, 0.00, 3, 117, '2020-09-01 23:19:30', '2020-09-01 23:19:30'),
(749, 0.00, 3, 117, '2020-09-01 23:19:32', '2020-09-01 23:19:32'),
(750, 0.00, 0, 117, '2020-09-01 23:19:35', '2020-09-01 23:19:35'),
(751, 0.00, 3, 118, '2020-09-01 23:27:46', '2020-09-01 23:27:46'),
(752, 0.00, 3, 118, '2020-09-01 23:27:47', '2020-09-01 23:27:47'),
(753, 0.00, 3, 118, '2020-09-01 23:27:47', '2020-09-01 23:27:47'),
(754, 0.00, 2, 118, '2020-09-01 23:27:47', '2020-09-01 23:27:47'),
(755, 0.00, 3, 118, '2020-09-01 23:27:48', '2020-09-01 23:27:48'),
(756, 0.00, 3, 118, '2020-09-01 23:27:49', '2020-09-01 23:27:49'),
(757, 0.00, 3, 118, '2020-09-01 23:27:49', '2020-09-01 23:27:49'),
(758, 0.00, 3, 119, '2020-09-01 23:34:56', '2020-09-01 23:34:56'),
(759, 0.00, 3, 119, '2020-09-01 23:34:56', '2020-09-01 23:34:56'),
(760, 0.00, 3, 119, '2020-09-01 23:34:58', '2020-09-01 23:34:58'),
(761, 0.00, 3, 119, '2020-09-01 23:35:04', '2020-09-01 23:35:04'),
(762, 0.00, 3, 119, '2020-09-01 23:35:07', '2020-09-01 23:35:07'),
(763, 0.00, 3, 119, '2020-09-01 23:35:11', '2020-09-01 23:35:13'),
(764, 0.00, 0, 119, '2020-09-01 23:35:15', '2020-09-01 23:35:15'),
(765, 0.00, 3, 120, '2020-09-01 23:41:28', '2020-09-01 23:41:28'),
(766, 0.00, 3, 120, '2020-09-01 23:41:29', '2020-09-01 23:41:29'),
(767, 0.00, 3, 120, '2020-09-01 23:41:29', '2020-09-01 23:41:29'),
(768, 0.00, 3, 120, '2020-09-01 23:41:31', '2020-09-01 23:41:31'),
(769, 0.00, 3, 120, '2020-09-01 23:41:31', '2020-09-01 23:41:31'),
(770, 0.00, 3, 120, '2020-09-01 23:41:32', '2020-09-01 23:41:32'),
(771, 0.00, 0, 120, '2020-09-01 23:41:32', '2020-09-01 23:41:32'),
(785, 0.00, 3, 121, '2020-09-01 23:47:38', '2020-09-01 23:47:38'),
(786, 0.00, 3, 121, '2020-09-01 23:47:39', '2020-09-01 23:47:39'),
(787, 0.00, 3, 121, '2020-09-01 23:47:39', '2020-09-01 23:47:39'),
(788, 0.00, 3, 121, '2020-09-01 23:47:40', '2020-09-01 23:47:40'),
(789, 0.00, 3, 121, '2020-09-01 23:47:40', '2020-09-01 23:47:40'),
(790, 0.00, 3, 121, '2020-09-01 23:47:40', '2020-09-01 23:47:40'),
(791, 0.00, 0, 121, '2020-09-01 23:47:41', '2020-09-01 23:47:41'),
(793, 0.00, 3, 122, '2020-09-02 00:08:13', '2020-09-02 00:08:13'),
(794, 0.00, 3, 122, '2020-09-02 00:08:13', '2020-09-02 00:08:13'),
(795, 0.00, 3, 122, '2020-09-02 00:08:14', '2020-09-02 00:08:14'),
(796, 0.00, 3, 122, '2020-09-02 00:08:15', '2020-09-02 00:08:15'),
(797, 0.00, 3, 122, '2020-09-02 00:08:15', '2020-09-02 00:08:15'),
(798, 0.00, 3, 122, '2020-09-02 00:08:16', '2020-09-02 00:08:16'),
(799, 0.00, 0, 122, '2020-09-02 00:08:17', '2020-09-02 00:08:17'),
(800, 0.00, 3, 123, '2020-09-02 00:13:45', '2020-09-02 00:13:45'),
(801, 0.00, 3, 123, '2020-09-02 00:13:45', '2020-09-02 00:13:45'),
(802, 0.00, 3, 123, '2020-09-02 00:13:46', '2020-09-02 00:13:46'),
(803, 0.00, 3, 123, '2020-09-02 00:13:47', '2020-09-02 00:13:47'),
(804, 0.00, 3, 123, '2020-09-02 00:13:48', '2020-09-02 00:13:48'),
(805, 0.00, 3, 123, '2020-09-02 00:13:48', '2020-09-02 00:13:48'),
(806, 0.00, 0, 123, '2020-09-02 00:13:49', '2020-09-02 00:13:49'),
(807, 0.00, 3, 124, '2020-09-02 00:20:47', '2020-09-02 00:20:47'),
(808, 0.00, 3, 124, '2020-09-02 00:20:51', '2020-09-02 00:20:51'),
(809, 0.00, 3, 124, '2020-09-02 00:20:58', '2020-09-02 00:20:58'),
(810, 0.00, 3, 124, '2020-09-02 00:20:58', '2020-09-02 00:20:58'),
(811, 0.00, 3, 124, '2020-09-02 00:20:59', '2020-09-02 00:20:59'),
(812, 0.00, 3, 124, '2020-09-02 00:20:59', '2020-09-02 00:20:59'),
(813, 0.00, 0, 124, '2020-09-02 00:21:00', '2020-09-02 00:21:04'),
(814, 0.00, 3, 125, '2020-09-02 00:30:30', '2020-09-02 00:30:30'),
(815, 0.00, 3, 125, '2020-09-02 00:30:32', '2020-09-02 00:30:32'),
(816, 0.00, 3, 125, '2020-09-02 00:30:34', '2020-09-02 00:30:34'),
(817, 0.00, 3, 125, '2020-09-02 00:30:36', '2020-09-02 00:30:36'),
(818, 0.00, 3, 125, '2020-09-02 00:30:38', '2020-09-02 00:30:38'),
(819, 0.00, 3, 125, '2020-09-02 00:30:40', '2020-09-02 00:30:40'),
(820, 0.00, 0, 125, '2020-09-02 00:30:44', '2020-09-02 00:30:44'),
(824, 0.00, 3, 126, '2020-09-02 00:37:49', '2020-09-02 00:37:49'),
(825, 0.00, 3, 126, '2020-09-02 00:37:50', '2020-09-02 00:37:50'),
(826, 0.00, 3, 126, '2020-09-02 00:37:50', '2020-09-02 00:37:50'),
(827, 0.00, 3, 126, '2020-09-02 00:37:51', '2020-09-02 00:37:51'),
(828, 0.00, 3, 126, '2020-09-02 00:37:51', '2020-09-02 00:37:51'),
(829, 0.00, 3, 126, '2020-09-02 00:37:52', '2020-09-02 00:37:52'),
(830, 0.00, 0, 126, '2020-09-02 00:37:52', '2020-09-02 00:37:52'),
(834, 0.00, 3, 127, '2020-09-02 00:57:54', '2020-09-02 00:57:54'),
(835, 0.00, 3, 127, '2020-09-02 00:57:54', '2020-09-02 00:57:54'),
(836, 0.00, 3, 127, '2020-09-02 00:57:54', '2020-09-02 00:57:54'),
(837, 0.00, 3, 127, '2020-09-02 00:57:55', '2020-09-02 00:57:55'),
(838, 0.00, 3, 127, '2020-09-02 00:57:55', '2020-09-02 00:57:55'),
(839, 0.00, 3, 127, '2020-09-02 00:57:56', '2020-09-02 00:57:56'),
(840, 0.00, 0, 127, '2020-09-02 00:57:57', '2020-09-02 00:58:01'),
(852, 0.00, 3, 128, '2020-09-02 01:09:02', '2020-09-02 01:09:02'),
(853, 0.00, 3, 128, '2020-09-02 01:09:02', '2020-09-02 01:09:02'),
(854, 0.00, 3, 128, '2020-09-02 01:09:02', '2020-09-02 01:09:02'),
(855, 0.00, 3, 128, '2020-09-02 01:09:03', '2020-09-02 01:09:03'),
(856, 0.00, 3, 128, '2020-09-02 01:09:03', '2020-09-02 01:09:03'),
(857, 0.00, 3, 128, '2020-09-02 01:09:05', '2020-09-02 01:09:05'),
(858, 0.00, 3, 128, '2020-09-02 01:09:05', '2020-09-02 01:09:05'),
(859, 0.00, 3, 128, '2020-09-02 01:09:05', '2020-09-02 01:09:05'),
(860, 0.00, 3, 128, '2020-09-02 01:09:06', '2020-09-02 01:09:06'),
(861, 0.00, 3, 128, '2020-09-02 01:09:22', '2020-09-02 01:09:22'),
(862, 0.00, 3, 128, '2020-09-02 01:09:25', '2020-09-02 01:09:25'),
(863, 0.00, 3, 128, '2020-09-02 01:09:28', '2020-09-02 01:09:28'),
(864, 0.00, 3, 128, '2020-09-02 01:09:30', '2020-09-02 01:09:30'),
(865, 0.00, 0, 128, '2020-09-02 01:09:36', '2020-09-02 01:09:36'),
(871, 0.00, 3, 129, '2020-09-02 01:23:10', '2020-09-02 01:23:10'),
(872, 0.00, 3, 129, '2020-09-02 01:23:11', '2020-09-02 01:23:11'),
(873, 0.00, 3, 129, '2020-09-02 01:23:12', '2020-09-02 01:23:12'),
(874, 0.00, 3, 129, '2020-09-02 01:23:12', '2020-09-02 01:23:12'),
(875, 0.00, 3, 129, '2020-09-02 01:23:13', '2020-09-02 01:23:13'),
(876, 0.00, 3, 129, '2020-09-02 01:23:14', '2020-09-02 01:23:14'),
(877, 0.00, 0, 129, '2020-09-02 01:23:15', '2020-09-02 01:23:15'),
(878, 0.00, 3, 130, '2020-09-02 17:48:53', '2020-09-02 17:48:53'),
(879, 0.00, 3, 130, '2020-09-02 17:48:54', '2020-09-02 17:48:54'),
(880, 0.00, 3, 130, '2020-09-02 17:48:55', '2020-09-02 17:48:55'),
(881, 0.00, 3, 130, '2020-09-02 17:48:55', '2020-09-02 17:48:55'),
(882, 0.00, 3, 130, '2020-09-02 17:48:56', '2020-09-02 17:48:56'),
(883, 0.00, 3, 130, '2020-09-02 17:48:57', '2020-09-02 17:48:57'),
(884, 0.00, 0, 130, '2020-09-02 17:49:00', '2020-09-02 17:49:00'),
(885, 0.00, 3, 131, '2020-09-02 17:54:16', '2020-09-02 17:54:16'),
(886, 0.00, 3, 131, '2020-09-02 17:54:18', '2020-09-02 17:54:18'),
(887, 0.00, 3, 131, '2020-09-02 17:54:20', '2020-09-02 17:54:20'),
(888, 0.00, 3, 131, '2020-09-02 17:54:22', '2020-09-02 17:54:22'),
(889, 0.00, 3, 131, '2020-09-02 17:54:24', '2020-09-02 17:54:24'),
(890, 0.00, 3, 131, '2020-09-02 17:54:26', '2020-09-02 17:54:26'),
(891, 0.00, 0, 131, '2020-09-02 17:54:29', '2020-09-02 17:54:29'),
(902, 0.00, 3, 132, '2020-09-02 18:15:37', '2020-09-02 18:15:37'),
(903, 0.00, 3, 132, '2020-09-02 18:15:39', '2020-09-02 18:15:39'),
(904, 0.00, 3, 132, '2020-09-02 18:15:41', '2020-09-02 18:15:49'),
(905, 0.00, 3, 132, '2020-09-02 18:15:51', '2020-09-02 18:15:51'),
(906, 0.00, 3, 132, '2020-09-02 18:15:53', '2020-09-02 18:15:53'),
(907, 0.00, 3, 132, '2020-09-02 18:15:55', '2020-09-02 18:15:55'),
(908, 0.00, 0, 132, '2020-09-02 18:15:58', '2020-09-02 18:15:58'),
(911, 0.00, 3, 133, '2020-09-02 18:22:48', '2020-09-02 18:22:48'),
(912, 0.00, 3, 133, '2020-09-02 18:22:48', '2020-09-02 18:22:48'),
(913, 0.00, 3, 133, '2020-09-02 18:22:52', '2020-09-02 18:22:52'),
(914, 0.00, 3, 133, '2020-09-02 18:22:59', '2020-09-02 18:22:59'),
(915, 0.00, 3, 133, '2020-09-02 18:23:00', '2020-09-02 18:23:00'),
(916, 0.00, 3, 133, '2020-09-02 18:23:05', '2020-09-02 18:23:05'),
(917, 0.00, 3, 133, '2020-09-02 18:23:07', '2020-09-02 18:23:07'),
(918, 0.00, 0, 133, '2020-09-02 18:23:11', '2020-09-02 18:23:11'),
(919, 0.00, 3, 134, '2020-09-02 18:28:39', '2020-09-02 18:28:39'),
(920, 0.00, 3, 134, '2020-09-02 18:28:40', '2020-09-02 18:28:40'),
(921, 0.00, 3, 134, '2020-09-02 18:28:46', '2020-09-02 18:28:46'),
(922, 0.00, 3, 134, '2020-09-02 18:28:47', '2020-09-02 18:28:47'),
(923, 0.00, 3, 134, '2020-09-02 18:28:51', '2020-09-02 18:28:51'),
(924, 0.00, 3, 134, '2020-09-02 18:28:52', '2020-09-02 18:28:52'),
(925, 0.00, 3, 134, '2020-09-02 18:28:55', '2020-09-02 18:28:55'),
(926, 0.00, 0, 134, '2020-09-02 18:29:09', '2020-09-02 18:29:09'),
(936, 0.00, 3, 135, '2020-09-02 18:44:15', '2020-09-02 18:44:15'),
(937, 0.00, 3, 135, '2020-09-02 18:44:19', '2020-09-02 18:44:19'),
(938, 0.00, 3, 135, '2020-09-02 18:44:23', '2020-09-02 18:44:23'),
(939, 0.00, 3, 135, '2020-09-02 18:44:26', '2020-09-02 18:44:26'),
(940, 0.00, 3, 135, '2020-09-02 18:44:45', '2020-09-02 18:44:45'),
(941, 0.00, 3, 135, '2020-09-02 18:44:49', '2020-09-02 18:44:49'),
(942, 0.00, 0, 135, '2020-09-02 18:44:53', '2020-09-02 18:44:53'),
(943, 0.00, 3, 136, '2020-09-02 18:52:19', '2020-09-02 18:52:19'),
(944, 0.00, 3, 136, '2020-09-02 18:52:38', '2020-09-02 18:52:38'),
(945, 0.00, 1, 136, '2020-09-02 18:52:45', '2020-09-02 18:52:45'),
(946, 0.00, 3, 136, '2020-09-02 18:53:07', '2020-09-02 18:53:07'),
(947, 0.00, 3, 136, '2020-09-02 18:53:08', '2020-09-02 18:53:08'),
(948, 0.00, 3, 136, '2020-09-02 18:53:09', '2020-09-02 18:53:09'),
(950, 0.00, 3, 137, '2020-09-02 19:05:26', '2020-09-02 19:05:26'),
(951, 0.00, 3, 137, '2020-09-02 19:05:26', '2020-09-02 19:05:26'),
(952, 0.00, 3, 137, '2020-09-02 19:05:27', '2020-09-02 19:05:27'),
(953, 0.00, 3, 137, '2020-09-02 19:05:28', '2020-09-02 19:05:28'),
(954, 0.00, 3, 137, '2020-09-02 19:05:28', '2020-09-02 19:05:28'),
(955, 0.00, 3, 137, '2020-09-02 19:05:29', '2020-09-02 19:05:29'),
(956, 0.00, 0, 137, '2020-09-02 19:05:30', '2020-09-02 19:05:47'),
(957, 0.00, 3, 138, '2020-09-02 19:14:42', '2020-09-02 19:14:42'),
(958, 0.00, 3, 138, '2020-09-02 19:14:48', '2020-09-02 19:14:48'),
(959, 0.00, 3, 138, '2020-09-02 19:14:51', '2020-09-02 19:14:51'),
(960, 0.00, 3, 138, '2020-09-02 19:14:52', '2020-09-02 19:14:52'),
(961, 0.00, 3, 138, '2020-09-02 19:14:54', '2020-09-02 19:14:54'),
(962, 0.00, 3, 138, '2020-09-02 19:14:57', '2020-09-02 19:14:57'),
(963, 0.00, 0, 138, '2020-09-02 19:14:59', '2020-09-02 19:14:59'),
(978, 0.00, 3, 139, '2020-09-02 19:35:37', '2020-09-02 19:35:37'),
(979, 0.00, 3, 139, '2020-09-02 19:36:28', '2020-09-02 19:36:28'),
(980, 0.00, 3, 139, '2020-09-02 19:36:36', '2020-09-02 19:36:36'),
(981, 0.00, 3, 139, '2020-09-02 19:36:36', '2020-09-02 19:36:36'),
(982, 0.00, 3, 139, '2020-09-02 19:36:37', '2020-09-02 19:36:37'),
(983, 0.00, 3, 139, '2020-09-02 19:36:39', '2020-09-02 19:36:39'),
(984, 0.00, 0, 139, '2020-09-02 19:36:41', '2020-09-02 19:36:41'),
(985, 0.00, 3, 140, '2020-09-02 19:40:13', '2020-09-02 19:40:13'),
(986, 0.00, 3, 140, '2020-09-02 19:40:31', '2020-09-02 19:40:31'),
(987, 0.00, 3, 140, '2020-09-02 19:40:40', '2020-09-02 19:40:40'),
(988, 0.00, 3, 140, '2020-09-02 19:40:51', '2020-09-02 19:40:51'),
(989, 0.00, 3, 140, '2020-09-02 19:41:23', '2020-09-02 19:41:23'),
(990, 0.00, 3, 140, '2020-09-02 19:41:24', '2020-09-02 19:41:24'),
(991, 0.00, 0, 140, '2020-09-02 19:41:25', '2020-09-02 19:41:25'),
(992, 0.00, 3, 141, '2020-09-02 19:55:46', '2020-09-02 19:55:46'),
(993, 0.00, 3, 141, '2020-09-02 19:55:56', '2020-09-02 19:55:56'),
(994, 0.00, 3, 141, '2020-09-02 19:56:16', '2020-09-02 19:56:16'),
(995, 0.00, 3, 141, '2020-09-02 19:57:00', '2020-09-02 19:57:00'),
(996, 0.00, 3, 141, '2020-09-02 19:57:01', '2020-09-02 19:57:01'),
(997, 0.00, 3, 141, '2020-09-02 19:57:02', '2020-09-02 19:57:02'),
(998, 0.00, 0, 141, '2020-09-02 19:57:20', '2020-09-02 19:57:20'),
(999, 0.00, 3, 142, '2020-09-02 20:01:04', '2020-09-02 20:01:04'),
(1000, 0.00, 3, 142, '2020-09-02 20:01:48', '2020-09-02 20:01:48'),
(1001, 0.00, 3, 142, '2020-09-02 20:01:50', '2020-09-02 20:01:50'),
(1002, 0.00, 3, 142, '2020-09-02 20:01:52', '2020-09-02 20:01:52'),
(1004, 0.00, 3, 142, '2020-09-02 20:01:56', '2020-09-02 20:01:56'),
(1005, 0.00, 3, 142, '2020-09-02 20:01:56', '2020-09-02 20:01:56'),
(1006, 0.00, 3, 142, '2020-09-02 20:01:58', '2020-09-02 20:01:58'),
(1007, 0.00, 3, 142, '2020-09-02 20:02:22', '2020-09-02 20:02:22'),
(1008, 0.00, 3, 142, '2020-09-02 20:02:25', '2020-09-02 20:02:25'),
(1009, 0.00, 0, 142, '2020-09-02 20:02:30', '2020-09-02 20:02:30'),
(1010, 0.00, 3, 143, '2020-09-02 20:12:21', '2020-09-02 20:12:21'),
(1011, 0.00, 3, 143, '2020-09-02 20:12:22', '2020-09-02 20:12:22'),
(1012, 0.00, 3, 143, '2020-09-02 20:12:22', '2020-09-02 20:12:22'),
(1013, 0.00, 3, 143, '2020-09-02 20:12:23', '2020-09-02 20:12:23'),
(1014, 0.00, 3, 143, '2020-09-02 20:12:26', '2020-09-02 20:12:26'),
(1015, 0.00, 3, 143, '2020-09-02 20:12:27', '2020-09-02 20:12:27'),
(1016, 0.00, 0, 143, '2020-09-02 20:12:30', '2020-09-02 20:12:30'),
(1017, 0.00, 3, 144, '2020-09-02 20:29:19', '2020-09-02 20:29:19'),
(1018, 0.00, 3, 144, '2020-09-02 20:29:32', '2020-09-02 20:29:32'),
(1019, 0.00, 3, 144, '2020-09-02 20:29:34', '2020-09-02 20:29:34'),
(1020, 0.00, 3, 144, '2020-09-02 20:29:36', '2020-09-02 20:29:36'),
(1021, 0.00, 3, 144, '2020-09-02 20:29:38', '2020-09-02 20:29:38'),
(1022, 0.00, 3, 144, '2020-09-02 20:29:40', '2020-09-02 20:29:40'),
(1023, 0.00, 0, 144, '2020-09-02 20:29:43', '2020-09-02 20:29:43'),
(1024, 0.00, 3, 145, '2020-09-02 20:32:52', '2020-09-02 20:32:52'),
(1025, 0.00, 3, 145, '2020-09-02 20:33:06', '2020-09-02 20:33:06'),
(1026, 0.00, 3, 145, '2020-09-02 20:33:08', '2020-09-02 20:33:08'),
(1027, 0.00, 3, 145, '2020-09-02 20:33:10', '2020-09-02 20:33:10'),
(1028, 0.00, 3, 145, '2020-09-02 20:33:13', '2020-09-02 20:33:13'),
(1029, 0.00, 3, 145, '2020-09-02 20:33:16', '2020-09-02 20:33:16'),
(1030, 0.00, 0, 145, '2020-09-02 20:33:18', '2020-09-02 20:33:18'),
(1031, 0.00, 3, 146, '2020-09-02 22:34:12', '2020-09-02 22:34:12');
INSERT INTO `feature_options` (`id`, `price`, `count`, `feature_id`, `created_at`, `updated_at`) VALUES
(1032, 0.00, 3, 146, '2020-09-02 22:34:49', '2020-09-02 22:34:49'),
(1033, 0.00, 3, 146, '2020-09-02 22:34:50', '2020-09-02 22:34:50'),
(1034, 0.00, 3, 146, '2020-09-02 22:34:51', '2020-09-02 22:34:51'),
(1035, 0.00, 3, 146, '2020-09-02 22:34:51', '2020-09-02 22:34:51'),
(1036, 0.00, 3, 146, '2020-09-02 22:34:52', '2020-09-02 22:34:52'),
(1037, 0.00, 0, 146, '2020-09-02 22:34:58', '2020-09-02 22:34:58'),
(1040, 0.00, 3, 147, '2020-09-02 22:40:02', '2020-09-02 22:40:02'),
(1041, 0.00, 3, 147, '2020-09-02 22:40:41', '2020-09-02 22:40:41'),
(1042, 0.00, 3, 147, '2020-09-02 22:40:48', '2020-09-02 22:40:48'),
(1043, 0.00, 3, 147, '2020-09-02 22:40:51', '2020-09-02 22:40:51'),
(1044, 0.00, 3, 147, '2020-09-02 22:40:53', '2020-09-02 22:40:53'),
(1045, 0.00, 3, 147, '2020-09-02 22:40:57', '2020-09-02 22:40:57'),
(1046, 0.00, 0, 147, '2020-09-02 22:41:06', '2020-09-02 22:41:06'),
(1047, 0.00, 3, 148, '2020-09-02 22:45:06', '2020-09-02 22:45:06'),
(1048, 0.00, 3, 148, '2020-09-02 22:45:12', '2020-09-02 22:45:12'),
(1049, 0.00, 3, 148, '2020-09-02 22:45:14', '2020-09-02 22:45:14'),
(1050, 0.00, 3, 148, '2020-09-02 22:45:16', '2020-09-02 22:45:16'),
(1051, 0.00, 3, 148, '2020-09-02 22:45:18', '2020-09-02 22:45:18'),
(1052, 0.00, 3, 148, '2020-09-02 22:45:20', '2020-09-02 22:45:20'),
(1053, 0.00, 0, 148, '2020-09-02 22:45:22', '2020-09-02 22:45:22'),
(1054, 0.00, 3, 149, '2020-09-02 22:53:14', '2020-09-02 22:53:14'),
(1055, 0.00, 3, 149, '2020-09-02 22:53:16', '2020-09-02 22:53:16'),
(1056, 0.00, 3, 149, '2020-09-02 22:53:22', '2020-09-02 22:53:22'),
(1057, 0.00, 3, 149, '2020-09-02 22:53:24', '2020-09-02 22:53:24'),
(1058, 0.00, 3, 149, '2020-09-02 22:53:26', '2020-09-02 22:53:26'),
(1059, 0.00, 3, 149, '2020-09-02 22:53:28', '2020-09-02 22:53:28'),
(1060, 0.00, 0, 149, '2020-09-02 22:53:32', '2020-09-02 22:53:32'),
(1061, 0.00, 3, 150, '2020-09-02 23:08:52', '2020-09-02 23:09:00'),
(1062, 0.00, 3, 150, '2020-09-02 23:09:03', '2020-09-02 23:09:03'),
(1063, 0.00, 3, 150, '2020-09-02 23:09:04', '2020-09-02 23:09:04'),
(1064, 0.00, 3, 150, '2020-09-02 23:09:06', '2020-09-02 23:09:06'),
(1065, 0.00, 3, 150, '2020-09-02 23:09:08', '2020-09-02 23:09:08'),
(1066, 0.00, 3, 150, '2020-09-02 23:09:11', '2020-09-02 23:09:11'),
(1067, 0.00, 0, 150, '2020-09-02 23:09:17', '2020-09-02 23:09:17'),
(1089, 0.00, 3, 152, '2020-09-02 23:36:41', '2020-09-02 23:36:41'),
(1090, 0.00, 3, 152, '2020-09-02 23:37:28', '2020-09-02 23:37:28'),
(1091, 0.00, 3, 152, '2020-09-02 23:37:28', '2020-09-02 23:37:28'),
(1092, 0.00, 3, 152, '2020-09-02 23:37:32', '2020-09-02 23:37:32'),
(1093, 0.00, 3, 152, '2020-09-02 23:37:33', '2020-09-02 23:37:33'),
(1094, 0.00, 3, 152, '2020-09-02 23:37:36', '2020-09-02 23:37:36'),
(1095, 0.00, 0, 152, '2020-09-02 23:37:38', '2020-09-02 23:37:38'),
(1096, 0.00, 3, 153, '2020-09-02 23:40:22', '2020-09-02 23:40:22'),
(1097, 0.00, 3, 153, '2020-09-02 23:41:02', '2020-09-02 23:41:02'),
(1098, 0.00, 3, 153, '2020-09-02 23:41:04', '2020-09-02 23:41:04'),
(1099, 0.00, 3, 153, '2020-09-02 23:41:07', '2020-09-02 23:41:07'),
(1100, 0.00, 3, 153, '2020-09-02 23:41:09', '2020-09-02 23:41:09'),
(1101, 0.00, 3, 153, '2020-09-02 23:41:12', '2020-09-02 23:41:12'),
(1102, 0.00, 0, 153, '2020-09-02 23:41:15', '2020-09-02 23:41:15'),
(1103, 0.00, 3, 154, '2020-09-02 23:45:13', '2020-09-02 23:45:13'),
(1104, 0.00, 3, 154, '2020-09-02 23:45:20', '2020-09-02 23:45:20'),
(1105, 0.00, 3, 154, '2020-09-02 23:45:58', '2020-09-02 23:45:58'),
(1106, 0.00, 3, 154, '2020-09-02 23:46:00', '2020-09-02 23:46:00'),
(1107, 0.00, 3, 154, '2020-09-02 23:46:04', '2020-09-02 23:46:04'),
(1108, 0.00, 3, 154, '2020-09-02 23:46:06', '2020-09-02 23:46:06'),
(1109, 0.00, 0, 154, '2020-09-02 23:46:09', '2020-09-02 23:46:09'),
(1110, 0.00, 3, 155, '2020-09-02 23:59:52', '2020-09-02 23:59:52'),
(1111, 0.00, 3, 155, '2020-09-02 23:59:53', '2020-09-02 23:59:53'),
(1112, 0.00, 3, 155, '2020-09-02 23:59:55', '2020-09-02 23:59:55'),
(1113, 0.00, 3, 155, '2020-09-02 23:59:57', '2020-09-02 23:59:57'),
(1114, 0.00, 3, 155, '2020-09-02 23:59:59', '2020-09-02 23:59:59'),
(1115, 0.00, 3, 155, '2020-09-03 00:00:02', '2020-09-03 00:00:02'),
(1116, 0.00, 0, 155, '2020-09-03 00:00:05', '2020-09-03 00:00:05'),
(1117, 0.00, 4, 156, '2020-09-08 16:00:57', '2020-09-08 16:00:57'),
(1118, 0.00, 4, 156, '2020-09-08 16:01:19', '2020-09-08 16:01:19'),
(1119, 0.00, 4, 156, '2020-09-08 16:01:21', '2020-09-08 16:01:21'),
(1120, 0.00, 4, 156, '2020-09-08 16:01:23', '2020-09-08 16:01:23'),
(1121, 0.00, 4, 156, '2020-09-08 16:01:27', '2020-09-08 16:01:27'),
(1122, 0.00, 4, 156, '2020-09-08 16:01:29', '2020-09-08 16:01:29'),
(1123, 0.00, 4, 157, '2020-09-08 16:27:06', '2020-09-08 16:27:06'),
(1124, 0.00, 4, 157, '2020-09-08 16:27:55', '2020-09-08 16:27:55'),
(1125, 0.00, 4, 157, '2020-09-08 16:27:57', '2020-09-08 16:27:57'),
(1126, 0.00, 4, 157, '2020-09-08 16:27:59', '2020-09-08 16:27:59'),
(1127, 0.00, 4, 157, '2020-09-08 16:28:02', '2020-09-08 16:28:02'),
(1128, 0.00, 4, 157, '2020-09-08 16:28:04', '2020-09-08 16:28:04'),
(1129, 0.00, 4, 158, '2020-09-08 16:45:08', '2020-09-08 16:45:08'),
(1130, 0.00, 4, 158, '2020-09-08 16:45:45', '2020-09-08 16:45:45'),
(1131, 0.00, 4, 158, '2020-09-08 16:45:46', '2020-09-08 16:45:46'),
(1132, 0.00, 4, 158, '2020-09-08 16:45:46', '2020-09-08 16:45:46'),
(1133, 0.00, 4, 158, '2020-09-08 16:45:47', '2020-09-08 16:45:47'),
(1134, 0.00, 4, 158, '2020-09-08 16:45:47', '2020-09-08 16:45:47'),
(1135, 0.00, 4, 159, '2020-09-08 20:29:25', '2020-09-08 20:29:25'),
(1136, 0.00, 4, 159, '2020-09-08 20:30:05', '2020-09-08 20:30:05'),
(1137, 0.00, 4, 159, '2020-09-08 20:30:07', '2020-09-08 20:30:07'),
(1138, 0.00, 4, 159, '2020-09-08 20:30:10', '2020-09-08 20:30:10'),
(1139, 0.00, 4, 159, '2020-09-08 20:30:12', '2020-09-08 20:30:12'),
(1140, 0.00, 4, 159, '2020-09-08 20:30:14', '2020-09-08 20:30:14'),
(1141, 0.00, 4, 160, '2020-09-08 20:37:01', '2020-09-08 20:37:01'),
(1142, 0.00, 4, 160, '2020-09-08 20:37:34', '2020-09-08 20:37:34'),
(1143, 0.00, 4, 160, '2020-09-08 20:37:35', '2020-09-08 20:37:35'),
(1144, 0.00, 4, 160, '2020-09-08 20:37:36', '2020-09-08 20:37:36'),
(1145, 0.00, 4, 160, '2020-09-08 20:37:38', '2020-09-08 20:37:38'),
(1147, 0.00, 4, 160, '2020-09-08 20:46:23', '2020-09-08 20:46:23'),
(1154, 0.00, 4, 161, '2020-09-08 22:09:12', '2020-09-08 22:09:12'),
(1155, 0.00, 4, 161, '2020-09-08 22:09:46', '2020-09-08 22:09:46'),
(1156, 0.00, 4, 161, '2020-09-08 22:09:48', '2020-09-08 22:09:48'),
(1157, 0.00, 4, 161, '2020-09-08 22:09:52', '2020-09-08 22:09:52'),
(1158, 0.00, 4, 161, '2020-09-08 22:09:56', '2020-09-08 22:09:56'),
(1159, 0.00, 4, 161, '2020-09-08 22:09:58', '2020-09-08 22:09:58'),
(1160, 0.00, 4, 162, '2020-09-08 22:17:37', '2020-09-08 22:17:37'),
(1161, 0.00, 4, 162, '2020-09-08 22:18:08', '2020-09-08 22:18:08'),
(1162, 0.00, 4, 162, '2020-09-08 22:18:10', '2020-09-08 22:18:10'),
(1163, 0.00, 4, 162, '2020-09-08 22:18:12', '2020-09-08 22:18:12'),
(1164, 0.00, 4, 162, '2020-09-08 22:18:14', '2020-09-08 22:18:14'),
(1165, 0.00, 4, 162, '2020-09-08 22:18:17', '2020-09-08 22:18:17'),
(1166, 0.00, 4, 163, '2020-09-08 22:24:16', '2020-09-08 22:24:16'),
(1167, 0.00, 4, 163, '2020-09-08 22:24:54', '2020-09-08 22:24:54'),
(1168, 0.00, 4, 163, '2020-09-08 22:24:57', '2020-09-08 22:24:57'),
(1169, 0.00, 4, 163, '2020-09-08 22:24:59', '2020-09-08 22:24:59'),
(1170, 0.00, 4, 163, '2020-09-08 22:25:02', '2020-09-08 22:25:02'),
(1171, 0.00, 4, 163, '2020-09-08 22:25:04', '2020-09-08 22:25:04'),
(1172, 0.00, 4, 164, '2020-09-08 22:43:01', '2020-09-08 22:43:01'),
(1173, 0.00, 4, 164, '2020-09-08 22:43:33', '2020-09-08 22:43:33'),
(1174, 0.00, 4, 164, '2020-09-08 22:43:35', '2020-09-08 22:43:35'),
(1175, 0.00, 4, 164, '2020-09-08 22:43:37', '2020-09-08 22:43:37'),
(1176, 0.00, 4, 164, '2020-09-08 22:43:40', '2020-09-08 22:43:40'),
(1177, 0.00, 4, 164, '2020-09-08 22:43:41', '2020-09-08 22:43:41'),
(1180, 0.00, 4, 165, '2020-09-08 23:04:07', '2020-09-08 23:04:07'),
(1193, 0.00, 4, 165, '2020-09-08 23:06:17', '2020-09-08 23:06:28'),
(1194, 0.00, 4, 165, '2020-09-08 23:06:19', '2020-09-08 23:06:27'),
(1195, 0.00, 4, 165, '2020-09-08 23:06:26', '2020-09-08 23:06:26'),
(1196, 0.00, 4, 165, '2020-09-08 23:06:31', '2020-09-08 23:06:31'),
(1197, 0.00, 4, 165, '2020-09-08 23:06:33', '2020-09-08 23:06:33'),
(1198, 0.00, 4, 166, '2020-09-08 23:12:47', '2020-09-08 23:12:47'),
(1199, 0.00, 4, 166, '2020-09-08 23:13:18', '2020-09-08 23:13:18'),
(1200, 0.00, 4, 166, '2020-09-08 23:13:20', '2020-09-08 23:13:20'),
(1201, 0.00, 4, 166, '2020-09-08 23:13:24', '2020-09-08 23:13:24'),
(1202, 0.00, 4, 166, '2020-09-08 23:13:26', '2020-09-08 23:13:26'),
(1203, 0.00, 4, 166, '2020-09-08 23:13:28', '2020-09-08 23:13:28'),
(1204, 0.00, 4, 167, '2020-09-08 23:29:57', '2020-09-08 23:29:57'),
(1205, 0.00, 4, 167, '2020-09-08 23:30:37', '2020-09-08 23:30:37'),
(1206, 0.00, 4, 167, '2020-09-08 23:30:39', '2020-09-08 23:30:39'),
(1207, 0.00, 4, 167, '2020-09-08 23:30:41', '2020-09-08 23:30:41'),
(1208, 0.00, 4, 167, '2020-09-08 23:30:44', '2020-09-08 23:30:44'),
(1209, 0.00, 4, 167, '2020-09-08 23:30:46', '2020-09-08 23:30:46'),
(1210, 0.00, 4, 168, '2020-09-08 23:39:31', '2020-09-08 23:39:31'),
(1211, 0.00, 4, 168, '2020-09-08 23:39:58', '2020-09-08 23:39:58'),
(1212, 0.00, 4, 168, '2020-09-08 23:40:01', '2020-09-08 23:40:01'),
(1213, 0.00, 4, 168, '2020-09-08 23:40:03', '2020-09-08 23:40:03'),
(1214, 0.00, 4, 168, '2020-09-08 23:40:06', '2020-09-08 23:40:06'),
(1215, 0.00, 4, 168, '2020-09-08 23:40:08', '2020-09-08 23:40:08'),
(1216, 0.00, 4, 169, '2020-09-08 23:48:16', '2020-09-08 23:48:16'),
(1217, 0.00, 4, 169, '2020-09-08 23:49:36', '2020-09-08 23:49:36'),
(1218, 0.00, 4, 169, '2020-09-08 23:49:52', '2020-09-08 23:49:52'),
(1219, 0.00, 4, 169, '2020-09-08 23:49:54', '2020-09-08 23:49:54'),
(1220, 0.00, 4, 169, '2020-09-08 23:49:56', '2020-09-08 23:49:56'),
(1221, 0.00, 4, 169, '2020-09-08 23:49:59', '2020-09-08 23:49:59'),
(1222, 0.00, 4, 170, '2020-09-09 00:04:07', '2020-09-09 00:04:07'),
(1223, 0.00, 4, 170, '2020-09-09 00:04:38', '2020-09-09 00:04:38'),
(1224, 0.00, 4, 170, '2020-09-09 00:04:39', '2020-09-09 00:04:39'),
(1225, 0.00, 4, 170, '2020-09-09 00:04:41', '2020-09-09 00:04:41'),
(1226, 0.00, 4, 170, '2020-09-09 00:04:46', '2020-09-09 00:04:46'),
(1229, 0.00, 4, 171, '2020-09-09 00:23:33', '2020-09-09 00:23:33'),
(1230, 0.00, 4, 171, '2020-09-09 00:24:08', '2020-09-09 00:24:08'),
(1231, 0.00, 4, 171, '2020-09-09 00:24:10', '2020-09-09 00:24:10'),
(1232, 0.00, 4, 171, '2020-09-09 00:24:12', '2020-09-09 00:24:12'),
(1233, 0.00, 4, 171, '2020-09-09 00:24:14', '2020-09-09 00:24:14'),
(1234, 0.00, 4, 171, '2020-09-09 00:24:16', '2020-09-09 00:24:16'),
(1235, 0.00, 4, 172, '2020-09-09 00:34:50', '2020-09-09 00:34:50'),
(1236, 0.00, 4, 172, '2020-09-09 00:35:26', '2020-09-09 00:35:26'),
(1237, 0.00, 4, 172, '2020-09-09 00:35:27', '2020-09-09 00:35:27'),
(1238, 0.00, 4, 172, '2020-09-09 00:35:27', '2020-09-09 00:35:27'),
(1239, 0.00, 4, 172, '2020-09-09 00:35:31', '2020-09-09 00:35:31'),
(1240, 0.00, 4, 172, '2020-09-09 00:36:51', '2020-09-09 00:36:51'),
(1241, 0.00, 4, 173, '2020-09-09 00:57:53', '2020-09-09 00:57:53'),
(1242, 0.00, 4, 173, '2020-09-09 00:58:02', '2020-09-09 00:58:02'),
(1243, 0.00, 4, 173, '2020-09-09 00:58:51', '2020-09-09 00:58:51'),
(1244, 0.00, 4, 173, '2020-09-09 00:58:51', '2020-09-09 00:58:51'),
(1245, 0.00, 4, 173, '2020-09-09 00:58:52', '2020-09-09 00:58:52'),
(1252, 0.00, 4, 174, '2020-09-09 20:20:13', '2020-09-09 20:20:13'),
(1253, 0.00, 4, 174, '2020-09-09 20:20:47', '2020-09-09 20:20:47'),
(1254, 0.00, 4, 174, '2020-09-09 20:20:47', '2020-09-09 20:20:47'),
(1255, 0.00, 4, 174, '2020-09-09 20:20:50', '2020-09-09 20:20:50'),
(1256, 0.00, 4, 174, '2020-09-09 20:20:52', '2020-09-09 20:20:52'),
(1257, 0.00, 4, 174, '2020-09-09 20:20:54', '2020-09-09 20:20:54'),
(1259, 0.00, 4, 175, '2020-09-09 20:27:52', '2020-09-09 20:27:52'),
(1260, 0.00, 4, 175, '2020-09-09 20:28:22', '2020-09-09 20:28:22'),
(1261, 0.00, 4, 175, '2020-09-09 20:28:26', '2020-09-09 20:28:26'),
(1262, 0.00, 4, 175, '2020-09-09 20:28:28', '2020-09-09 20:28:28'),
(1263, 0.00, 4, 175, '2020-09-09 20:28:30', '2020-09-09 20:28:30'),
(1264, 0.00, 4, 175, '2020-09-09 20:28:33', '2020-09-09 20:28:33'),
(1267, 0.00, 4, 176, '2020-09-09 20:44:41', '2020-09-09 20:44:41'),
(1268, 0.00, 4, 176, '2020-09-09 20:45:12', '2020-09-09 20:45:12'),
(1269, 0.00, 4, 176, '2020-09-09 20:45:14', '2020-09-09 20:45:14'),
(1270, 0.00, 4, 176, '2020-09-09 20:45:34', '2020-09-09 20:45:34'),
(1271, 0.00, 4, 176, '2020-09-09 20:45:38', '2020-09-09 20:45:38'),
(1272, 0.00, 4, 177, '2020-09-09 20:50:42', '2020-09-09 20:50:42'),
(1273, 0.00, 4, 177, '2020-09-09 20:51:12', '2020-09-09 20:51:12'),
(1274, 0.00, 4, 177, '2020-09-09 20:51:13', '2020-09-09 20:51:13'),
(1275, 0.00, 4, 177, '2020-09-09 20:51:13', '2020-09-09 20:51:13'),
(1276, 0.00, 4, 177, '2020-09-09 20:51:14', '2020-09-09 20:51:14'),
(1277, 0.00, 0, 178, '2020-09-17 16:42:27', '2020-09-17 16:42:27'),
(1278, 0.00, 1, 178, '2020-09-17 16:42:45', '2020-09-17 16:42:45'),
(1279, 0.00, 1, 178, '2020-09-17 16:43:05', '2020-09-17 16:43:05'),
(1280, 0.00, 1, 178, '2020-09-17 16:43:29', '2020-09-17 16:43:29'),
(1281, 0.00, 1, 178, '2020-09-17 16:43:48', '2020-09-17 16:43:48'),
(1282, 0.00, 1, 178, '2020-09-17 16:43:57', '2020-09-17 16:43:57'),
(1283, 0.00, 1, 178, '2020-09-17 16:44:09', '2020-09-17 16:44:09'),
(1284, 0.00, 1, 179, '2020-09-17 16:50:30', '2020-09-17 16:50:30'),
(1285, 0.00, 1, 179, '2020-09-17 16:50:51', '2020-09-17 16:50:51'),
(1286, 0.00, 1, 179, '2020-09-17 16:51:06', '2020-09-17 16:51:06'),
(1287, 0.00, 1, 179, '2020-09-17 16:51:18', '2020-09-17 16:51:18'),
(1288, 0.00, 1, 179, '2020-09-17 16:51:34', '2020-09-17 16:51:34'),
(1289, 0.00, 1, 179, '2020-09-17 16:51:46', '2020-09-17 16:51:46'),
(1290, 0.00, 1, 179, '2020-09-17 16:52:04', '2020-09-17 16:52:04'),
(1291, 0.00, 1, 180, '2020-09-17 16:58:02', '2020-09-17 16:58:02'),
(1292, 0.00, 1, 180, '2020-09-17 16:58:15', '2020-09-17 16:58:15'),
(1293, 0.00, 0, 180, '2020-09-17 16:58:27', '2020-09-17 16:58:27'),
(1294, 0.00, 1, 180, '2020-09-17 16:58:42', '2020-09-17 16:58:42'),
(1295, 0.00, 1, 180, '2020-09-17 16:58:55', '2020-09-17 16:58:55'),
(1296, 0.00, 1, 180, '2020-09-17 16:59:07', '2020-09-17 16:59:07'),
(1297, 0.00, 1, 180, '2020-09-17 16:59:19', '2020-09-17 16:59:19'),
(1298, 0.00, 1, 181, '2020-09-17 17:03:14', '2020-09-17 17:03:14'),
(1299, 0.00, 1, 181, '2020-09-17 17:03:27', '2020-09-17 17:03:27'),
(1300, 0.00, 1, 181, '2020-09-17 17:03:41', '2020-09-17 17:03:41'),
(1301, 0.00, 1, 181, '2020-09-17 17:03:55', '2020-09-17 17:03:55'),
(1302, 0.00, 1, 181, '2020-09-17 17:04:10', '2020-09-17 17:04:10'),
(1303, 0.00, 1, 181, '2020-09-17 17:04:27', '2020-09-17 17:04:27'),
(1304, 0.00, 1, 181, '2020-09-17 17:04:39', '2020-09-17 17:04:39'),
(1305, 0.00, 0, 182, '2020-09-17 17:09:25', '2020-09-17 17:09:25'),
(1306, 0.00, 1, 182, '2020-09-17 17:09:37', '2020-09-17 17:09:37'),
(1307, 0.00, 1, 182, '2020-09-17 17:09:56', '2020-09-17 17:09:56'),
(1308, 0.00, 1, 182, '2020-09-17 17:10:09', '2020-09-17 17:10:09'),
(1309, 0.00, 1, 182, '2020-09-17 17:10:21', '2020-09-17 17:10:21'),
(1310, 0.00, 1, 182, '2020-09-17 17:10:34', '2020-09-17 17:10:34'),
(1311, 0.00, 1, 182, '2020-09-17 17:10:45', '2020-09-17 17:10:45'),
(1312, 0.00, 1, 183, '2020-09-17 17:15:12', '2020-09-17 17:15:12'),
(1313, 0.00, 1, 183, '2020-09-17 17:15:29', '2020-09-17 17:15:29'),
(1314, 0.00, 1, 183, '2020-09-17 17:15:41', '2020-09-17 17:15:41'),
(1315, 0.00, 1, 183, '2020-09-17 17:15:56', '2020-09-17 17:15:56'),
(1316, 0.00, 1, 183, '2020-09-17 17:16:08', '2020-09-17 17:16:08'),
(1317, 0.00, 1, 183, '2020-09-17 17:16:21', '2020-09-17 17:16:21'),
(1318, 0.00, 1, 183, '2020-09-17 17:16:34', '2020-09-17 17:16:34'),
(1319, 0.00, 0, 184, '2020-09-17 17:22:13', '2020-09-17 17:22:13'),
(1320, 0.00, 1, 184, '2020-09-17 17:22:29', '2020-09-17 17:22:29'),
(1321, 0.00, 1, 184, '2020-09-17 17:22:41', '2020-09-17 17:22:41'),
(1322, 0.00, 1, 184, '2020-09-17 17:22:51', '2020-09-17 17:22:51'),
(1323, 0.00, 1, 184, '2020-09-17 17:23:08', '2020-09-17 17:23:08'),
(1324, 0.00, 1, 184, '2020-09-17 17:23:18', '2020-09-17 17:23:18'),
(1325, 0.00, 1, 184, '2020-09-17 17:23:28', '2020-09-17 17:23:28'),
(1326, 0.00, 0, 185, '2020-09-17 17:29:17', '2020-09-17 17:29:17'),
(1327, 0.00, 0, 185, '2020-09-17 17:29:29', '2020-09-17 17:29:29'),
(1328, 0.00, 1, 185, '2020-09-17 17:29:42', '2020-09-17 17:29:42'),
(1329, 0.00, 1, 185, '2020-09-17 17:29:54', '2020-09-17 17:29:54'),
(1330, 0.00, 1, 185, '2020-09-17 17:30:07', '2020-09-17 17:30:07'),
(1331, 0.00, 1, 185, '2020-09-17 17:30:19', '2020-09-17 17:30:19'),
(1332, 0.00, 1, 185, '2020-09-17 17:30:29', '2020-09-17 17:30:29'),
(1333, 0.00, 0, 186, '2020-09-17 17:34:11', '2020-09-17 17:34:11'),
(1334, 0.00, 0, 186, '2020-09-17 17:34:21', '2020-09-17 17:34:21'),
(1335, 0.00, 1, 186, '2020-09-17 17:34:32', '2020-09-17 17:34:32'),
(1336, 0.00, 1, 186, '2020-09-17 17:34:44', '2020-09-17 17:34:44'),
(1337, 0.00, 1, 186, '2020-09-17 17:34:56', '2020-09-17 17:34:56'),
(1338, 0.00, 1, 186, '2020-09-17 17:35:07', '2020-09-17 17:35:07'),
(1339, 0.00, 1, 186, '2020-09-17 17:35:18', '2020-09-17 17:35:18'),
(1340, 0.00, 0, 187, '2020-09-17 17:38:28', '2020-09-17 17:38:28'),
(1341, 0.00, 0, 187, '2020-09-17 17:38:44', '2020-09-17 17:38:44'),
(1342, 0.00, 1, 187, '2020-09-17 17:38:54', '2020-09-17 17:38:54'),
(1343, 0.00, 1, 187, '2020-09-17 17:39:04', '2020-09-17 17:39:04'),
(1344, 0.00, 1, 187, '2020-09-17 17:39:18', '2020-09-17 17:39:18'),
(1345, 0.00, 1, 187, '2020-09-17 17:39:28', '2020-09-17 17:39:28'),
(1346, 0.00, 1, 187, '2020-09-17 17:39:39', '2020-09-17 17:39:39'),
(1347, 0.00, 0, 188, '2020-09-17 17:53:14', '2020-09-17 17:53:14'),
(1348, 0.00, 1, 188, '2020-09-17 17:53:41', '2020-09-17 17:53:41'),
(1349, 0.00, 1, 188, '2020-09-17 17:53:43', '2020-09-17 17:53:43'),
(1350, 0.00, 1, 188, '2020-09-17 17:53:44', '2020-09-17 17:53:44'),
(1351, 0.00, 1, 188, '2020-09-17 17:53:46', '2020-09-17 17:53:46'),
(1352, 0.00, 1, 188, '2020-09-17 17:53:48', '2020-09-17 17:53:48'),
(1353, 0.00, 1, 188, '2020-09-17 17:53:51', '2020-09-17 17:53:51'),
(1354, 0.00, 1, 189, '2020-09-17 17:57:29', '2020-09-17 17:57:29'),
(1355, 0.00, 1, 189, '2020-09-17 17:57:30', '2020-09-17 17:57:30'),
(1356, 0.00, 1, 189, '2020-09-17 17:57:32', '2020-09-17 17:57:32'),
(1357, 0.00, 1, 189, '2020-09-17 17:57:34', '2020-09-17 17:57:34'),
(1358, 0.00, 1, 189, '2020-09-17 17:57:37', '2020-09-17 17:57:37'),
(1359, 0.00, 1, 189, '2020-09-17 17:57:39', '2020-09-17 17:57:39'),
(1360, 0.00, 1, 189, '2020-09-17 17:57:41', '2020-09-17 17:57:41'),
(1361, 0.00, 0, 190, '2020-09-17 18:01:12', '2020-09-17 18:01:12'),
(1362, 0.00, 1, 190, '2020-09-17 18:01:22', '2020-09-17 18:01:22'),
(1363, 0.00, 1, 190, '2020-09-17 18:01:23', '2020-09-17 18:01:23'),
(1364, 0.00, 1, 190, '2020-09-17 18:01:23', '2020-09-17 18:01:23'),
(1365, 0.00, 1, 190, '2020-09-17 18:01:24', '2020-09-17 18:01:24'),
(1366, 0.00, 1, 190, '2020-09-17 18:01:24', '2020-09-17 18:01:24'),
(1367, 0.00, 0, 190, '2020-09-17 18:01:27', '2020-09-17 18:01:27'),
(1368, 0.00, 0, 191, '2020-09-17 18:07:06', '2020-09-17 18:07:06'),
(1369, 0.00, 1, 191, '2020-09-17 18:07:28', '2020-09-17 18:07:28'),
(1370, 0.00, 1, 191, '2020-09-17 18:07:29', '2020-09-17 18:07:29'),
(1371, 0.00, 1, 191, '2020-09-17 18:07:29', '2020-09-17 18:07:29'),
(1372, 0.00, 1, 191, '2020-09-17 18:07:30', '2020-09-17 18:07:30'),
(1373, 0.00, 1, 191, '2020-09-17 18:07:31', '2020-09-17 18:07:31'),
(1374, 0.00, 1, 191, '2020-09-17 18:07:31', '2020-09-17 18:07:31'),
(1375, 0.00, 0, 192, '2020-09-17 18:27:33', '2020-09-17 18:27:33'),
(1376, 0.00, 1, 192, '2020-09-17 18:27:50', '2020-09-17 18:27:50'),
(1377, 0.00, 1, 192, '2020-09-17 18:27:50', '2020-09-17 18:27:50'),
(1378, 0.00, 1, 192, '2020-09-17 18:27:58', '2020-09-17 18:27:58'),
(1379, 0.00, 1, 192, '2020-09-17 18:27:58', '2020-09-17 18:27:58'),
(1380, 0.00, 1, 192, '2020-09-17 18:27:59', '2020-09-17 18:27:59'),
(1381, 0.00, 1, 192, '2020-09-17 18:28:02', '2020-09-17 18:28:02'),
(1382, 0.00, 0, 193, '2020-09-17 18:32:22', '2020-09-17 18:32:22'),
(1383, 0.00, 1, 193, '2020-09-17 18:32:33', '2020-09-17 18:32:33'),
(1384, 0.00, 1, 193, '2020-09-17 18:32:34', '2020-09-17 18:32:34'),
(1385, 0.00, 1, 193, '2020-09-17 18:32:35', '2020-09-17 18:32:35'),
(1386, 0.00, 1, 193, '2020-09-17 18:32:35', '2020-09-17 18:32:35'),
(1387, 0.00, 1, 193, '2020-09-17 18:32:38', '2020-09-17 18:32:38'),
(1388, 0.00, 1, 193, '2020-09-17 18:32:39', '2020-09-17 18:32:39'),
(1389, 0.00, 0, 194, '2020-09-17 18:37:09', '2020-09-17 18:37:09'),
(1390, 0.00, 1, 194, '2020-09-17 18:37:24', '2020-09-17 18:37:24'),
(1391, 0.00, 1, 194, '2020-09-17 18:37:27', '2020-09-17 18:37:27'),
(1392, 0.00, 1, 194, '2020-09-17 18:37:29', '2020-09-17 18:37:29'),
(1393, 0.00, 1, 194, '2020-09-17 18:37:35', '2020-09-17 18:37:35'),
(1394, 0.00, 1, 194, '2020-09-17 18:37:37', '2020-09-17 18:37:37'),
(1395, 0.00, 1, 194, '2020-09-17 18:37:39', '2020-09-17 18:37:39'),
(1407, 0.00, 0, 195, '2020-09-17 18:43:49', '2020-09-17 18:43:49'),
(1408, 0.00, 1, 195, '2020-09-17 18:44:28', '2020-09-17 18:44:28'),
(1409, 0.00, 1, 195, '2020-09-17 18:44:30', '2020-09-17 18:44:30'),
(1410, 0.00, 1, 195, '2020-09-17 18:44:33', '2020-09-17 18:44:33'),
(1411, 0.00, 1, 195, '2020-09-17 18:44:35', '2020-09-17 18:44:35'),
(1412, 0.00, 1, 195, '2020-09-17 18:44:37', '2020-09-17 18:44:37'),
(1413, 0.00, 1, 195, '2020-09-17 18:44:39', '2020-09-17 18:44:39'),
(1414, 0.00, 0, 196, '2020-09-17 18:51:41', '2020-09-17 18:51:42'),
(1415, 0.00, 0, 196, '2020-09-17 18:51:42', '2020-09-17 18:51:42'),
(1416, 0.00, 0, 196, '2020-09-17 18:51:42', '2020-09-17 18:51:42'),
(1417, 0.00, 1, 196, '2020-09-17 18:51:51', '2020-09-17 18:51:51'),
(1418, 0.00, 1, 196, '2020-09-17 18:51:56', '2020-09-17 18:51:56'),
(1419, 0.00, 1, 196, '2020-09-17 18:51:58', '2020-09-17 18:51:58'),
(1420, 0.00, 1, 196, '2020-09-17 18:52:00', '2020-09-17 18:52:00'),
(1421, 0.00, 1, 196, '2020-09-17 18:52:02', '2020-09-17 18:52:02'),
(1422, 0.00, 0, 196, '2020-09-17 18:52:03', '2020-09-17 18:52:03'),
(1423, 0.00, 0, 197, '2020-09-17 22:20:34', '2020-09-17 22:20:34'),
(1424, 0.00, 1, 197, '2020-09-17 22:20:47', '2020-09-17 22:20:47'),
(1425, 0.00, 1, 197, '2020-09-17 22:20:57', '2020-09-17 22:20:57'),
(1426, 0.00, 1, 197, '2020-09-17 22:21:06', '2020-09-17 22:21:06'),
(1427, 0.00, 1, 197, '2020-09-17 22:21:18', '2020-09-17 22:21:18'),
(1428, 0.00, 1, 197, '2020-09-17 22:21:31', '2020-09-17 22:21:31'),
(1429, 0.00, 1, 197, '2020-09-17 22:21:43', '2020-09-17 22:21:43'),
(1430, 0.00, 1, 198, '2020-09-17 22:28:03', '2020-09-17 22:28:03'),
(1431, 0.00, 1, 198, '2020-09-17 22:28:19', '2020-09-17 22:28:19'),
(1432, 0.00, 1, 198, '2020-09-17 22:28:34', '2020-09-17 22:28:34'),
(1433, 0.00, 1, 198, '2020-09-17 22:28:48', '2020-09-17 22:28:48'),
(1434, 0.00, 1, 198, '2020-09-17 22:29:02', '2020-09-17 22:29:02'),
(1435, 0.00, 1, 198, '2020-09-17 22:29:15', '2020-09-17 22:29:15'),
(1436, 0.00, 1, 198, '2020-09-17 22:29:29', '2020-09-17 22:29:29'),
(1437, 0.00, 0, 199, '2020-09-17 22:35:54', '2020-09-17 22:35:54'),
(1438, 0.00, 1, 199, '2020-09-17 22:36:08', '2020-09-17 22:36:08'),
(1439, 0.00, 1, 199, '2020-09-17 22:36:21', '2020-09-17 22:36:21'),
(1440, 0.00, 1, 199, '2020-09-17 22:36:33', '2020-09-17 22:36:33'),
(1441, 0.00, 1, 199, '2020-09-17 22:36:48', '2020-09-17 22:36:48'),
(1442, 0.00, 1, 199, '2020-09-17 22:37:01', '2020-09-17 22:37:01'),
(1443, 0.00, 1, 199, '2020-09-17 22:37:16', '2020-09-17 22:37:16'),
(1463, 0.00, 0, 200, '2020-09-17 22:50:13', '2020-09-17 22:50:13'),
(1464, 0.00, 0, 200, '2020-09-17 22:50:27', '2020-09-17 22:50:27'),
(1465, 0.00, 1, 200, '2020-09-17 22:50:44', '2020-09-17 22:50:44'),
(1466, 0.00, 1, 200, '2020-09-17 22:51:38', '2020-09-17 22:51:38'),
(1467, 0.00, 1, 200, '2020-09-17 22:51:51', '2020-09-17 22:51:51'),
(1468, 0.00, 1, 200, '2020-09-17 22:52:06', '2020-09-17 22:52:06'),
(1469, 0.00, 1, 200, '2020-09-17 22:52:25', '2020-09-17 22:52:25'),
(1470, 0.00, 1, 201, '2020-09-17 22:56:55', '2020-09-17 22:56:55'),
(1471, 0.00, 1, 201, '2020-09-17 22:57:41', '2020-09-17 22:57:41'),
(1472, 0.00, 1, 201, '2020-09-17 22:57:54', '2020-09-17 22:57:54'),
(1473, 0.00, 1, 201, '2020-09-17 22:58:05', '2020-09-17 22:58:05'),
(1474, 0.00, 1, 201, '2020-09-17 22:58:16', '2020-09-17 22:58:16'),
(1475, 0.00, 1, 201, '2020-09-17 22:58:29', '2020-09-17 22:58:29'),
(1476, 0.00, 1, 201, '2020-09-17 22:58:46', '2020-09-17 22:58:46'),
(1477, 0.00, 0, 202, '2020-09-17 23:05:07', '2020-09-17 23:05:07'),
(1478, 0.00, 0, 202, '2020-09-17 23:05:19', '2020-09-17 23:05:19'),
(1479, 0.00, 1, 202, '2020-09-17 23:05:30', '2020-09-17 23:05:30'),
(1480, 0.00, 1, 202, '2020-09-17 23:05:41', '2020-09-17 23:05:41'),
(1481, 0.00, 1, 202, '2020-09-17 23:05:52', '2020-09-17 23:05:52'),
(1482, 0.00, 1, 202, '2020-09-17 23:06:05', '2020-09-17 23:06:05'),
(1483, 0.00, 1, 202, '2020-09-17 23:06:28', '2020-09-17 23:06:28'),
(1484, 0.00, 1, 203, '2020-09-17 23:14:40', '2020-09-17 23:14:40'),
(1485, 0.00, 1, 203, '2020-09-17 23:14:56', '2020-09-17 23:14:56'),
(1486, 0.00, 1, 203, '2020-09-17 23:15:07', '2020-09-17 23:15:07'),
(1487, 0.00, 1, 203, '2020-09-17 23:15:17', '2020-09-17 23:15:17'),
(1488, 0.00, 1, 203, '2020-09-17 23:15:29', '2020-09-17 23:15:29'),
(1489, 0.00, 1, 203, '2020-09-17 23:15:38', '2020-09-17 23:15:38'),
(1490, 0.00, 1, 203, '2020-09-17 23:15:47', '2020-09-17 23:15:47'),
(1491, 0.00, 1, 204, '2020-09-17 23:21:49', '2020-09-17 23:21:49'),
(1492, 0.00, 1, 204, '2020-09-17 23:21:59', '2020-09-17 23:21:59'),
(1493, 0.00, 1, 204, '2020-09-17 23:22:11', '2020-09-17 23:22:11'),
(1494, 0.00, 1, 204, '2020-09-17 23:22:21', '2020-09-17 23:22:21'),
(1495, 0.00, 1, 204, '2020-09-17 23:22:31', '2020-09-17 23:22:31'),
(1496, 0.00, 1, 204, '2020-09-17 23:22:40', '2020-09-17 23:22:40'),
(1497, 0.00, 0, 204, '2020-09-17 23:22:50', '2020-09-17 23:22:50'),
(1498, 0.00, 0, 205, '2020-09-17 23:28:52', '2020-09-17 23:28:52'),
(1499, 0.00, 1, 205, '2020-09-17 23:28:54', '2020-09-17 23:28:54'),
(1500, 0.00, 1, 205, '2020-09-17 23:28:55', '2020-09-17 23:28:55'),
(1501, 0.00, 1, 205, '2020-09-17 23:28:56', '2020-09-17 23:28:56'),
(1502, 0.00, 1, 205, '2020-09-17 23:28:57', '2020-09-17 23:28:57'),
(1503, 0.00, 0, 205, '2020-09-17 23:28:58', '2020-09-17 23:28:58'),
(1504, 0.00, 1, 205, '2020-09-17 23:29:00', '2020-09-17 23:29:00'),
(1505, 0.00, 1, 206, '2020-09-17 23:33:15', '2020-09-17 23:33:15'),
(1506, 0.00, 1, 206, '2020-09-17 23:33:25', '2020-09-17 23:33:25'),
(1507, 0.00, 1, 206, '2020-09-17 23:33:36', '2020-09-17 23:33:36'),
(1508, 0.00, 1, 206, '2020-09-17 23:33:46', '2020-09-17 23:33:46'),
(1509, 0.00, 1, 206, '2020-09-17 23:33:55', '2020-09-17 23:33:55'),
(1510, 0.00, 1, 206, '2020-09-17 23:34:04', '2020-09-17 23:34:04'),
(1511, 0.00, 1, 206, '2020-09-17 23:34:12', '2020-09-17 23:34:12'),
(1512, 0.00, 1, 207, '2020-09-17 23:39:22', '2020-09-17 23:39:22'),
(1513, 0.00, 0, 207, '2020-09-17 23:39:31', '2020-09-17 23:39:31'),
(1514, 0.00, 1, 207, '2020-09-17 23:39:40', '2020-09-17 23:39:40'),
(1515, 0.00, 1, 207, '2020-09-17 23:39:49', '2020-09-17 23:39:49'),
(1516, 0.00, 1, 207, '2020-09-17 23:39:58', '2020-09-17 23:39:58'),
(1517, 0.00, 1, 207, '2020-09-17 23:40:07', '2020-09-17 23:40:07'),
(1518, 0.00, 1, 207, '2020-09-17 23:40:38', '2020-09-17 23:40:38'),
(1519, 0.00, 1, 208, '2020-09-17 23:45:35', '2020-09-17 23:45:35'),
(1520, 0.00, 0, 208, '2020-09-17 23:45:46', '2020-09-17 23:45:46'),
(1521, 0.00, 1, 208, '2020-09-17 23:46:09', '2020-09-17 23:46:09'),
(1522, 0.00, 1, 208, '2020-09-17 23:46:18', '2020-09-17 23:46:18'),
(1523, 0.00, 1, 208, '2020-09-17 23:46:27', '2020-09-17 23:46:27'),
(1524, 0.00, 1, 208, '2020-09-17 23:46:42', '2020-09-17 23:46:42'),
(1525, 0.00, 1, 208, '2020-09-17 23:46:52', '2020-09-17 23:46:52'),
(1526, 0.00, 1, 209, '2020-09-17 23:52:57', '2020-09-17 23:52:57'),
(1527, 0.00, 0, 209, '2020-09-17 23:52:59', '2020-09-17 23:52:59'),
(1528, 0.00, 1, 209, '2020-09-17 23:53:09', '2020-09-17 23:53:09'),
(1529, 0.00, 1, 209, '2020-09-17 23:53:18', '2020-09-17 23:53:18'),
(1530, 0.00, 1, 209, '2020-09-17 23:53:25', '2020-09-17 23:53:25'),
(1531, 0.00, 1, 209, '2020-09-17 23:53:35', '2020-09-17 23:53:35'),
(1532, 0.00, 1, 209, '2020-09-17 23:53:52', '2020-09-17 23:53:52'),
(1533, 0.00, 1, 210, '2020-09-18 00:02:46', '2020-09-18 00:02:46'),
(1534, 0.00, 0, 210, '2020-09-18 00:03:06', '2020-09-18 00:03:06'),
(1535, 0.00, 1, 210, '2020-09-18 00:03:16', '2020-09-18 00:03:16'),
(1536, 0.00, 1, 210, '2020-09-18 00:03:26', '2020-09-18 00:03:26'),
(1537, 0.00, 1, 210, '2020-09-18 00:03:38', '2020-09-18 00:03:38'),
(1538, 0.00, 1, 210, '2020-09-18 00:03:51', '2020-09-18 00:03:51'),
(1539, 0.00, 1, 210, '2020-09-18 00:04:15', '2020-09-18 00:04:15'),
(1540, 0.00, 1, 211, '2020-09-18 00:09:22', '2020-09-18 00:09:22'),
(1541, 0.00, 0, 211, '2020-09-18 00:09:33', '2020-09-18 00:09:33'),
(1542, 0.00, 1, 211, '2020-09-18 00:09:44', '2020-09-18 00:09:44'),
(1543, 0.00, 1, 211, '2020-09-18 00:09:58', '2020-09-18 00:09:58'),
(1544, 0.00, 1, 211, '2020-09-18 00:10:13', '2020-09-18 00:10:13'),
(1545, 0.00, 1, 211, '2020-09-18 00:10:31', '2020-09-18 00:10:31'),
(1546, 0.00, 1, 211, '2020-09-18 00:10:41', '2020-09-18 00:10:41'),
(1547, 0.00, 1, 212, '2020-09-18 00:15:22', '2020-09-18 00:15:22'),
(1548, 0.00, 1, 212, '2020-09-18 00:15:34', '2020-09-18 00:15:34'),
(1549, 0.00, 1, 212, '2020-09-18 00:15:44', '2020-09-18 00:15:44'),
(1550, 0.00, 1, 212, '2020-09-18 00:15:55', '2020-09-18 00:15:55'),
(1551, 0.00, 1, 212, '2020-09-18 00:16:05', '2020-09-18 00:16:05'),
(1552, 0.00, 1, 212, '2020-09-18 00:16:18', '2020-09-18 00:16:18'),
(1553, 0.00, 1, 212, '2020-09-18 00:16:28', '2020-09-18 00:16:28'),
(1554, 0.00, 1, 213, '2020-09-18 00:20:17', '2020-09-18 00:20:17'),
(1555, 0.00, 1, 213, '2020-09-18 00:20:34', '2020-09-18 00:20:34'),
(1556, 0.00, 1, 213, '2020-09-18 00:20:45', '2020-09-18 00:20:45'),
(1557, 0.00, 1, 213, '2020-09-18 00:20:56', '2020-09-18 00:20:56'),
(1558, 0.00, 1, 213, '2020-09-18 00:21:12', '2020-09-18 00:21:12'),
(1559, 0.00, 1, 213, '2020-09-18 00:21:12', '2020-09-18 00:21:12'),
(1560, 0.00, 1, 213, '2020-09-18 00:21:22', '2020-09-18 00:21:22'),
(1561, 0.00, 1, 213, '2020-09-18 00:21:34', '2020-09-18 00:21:34'),
(1562, 0.00, 1, 214, '2020-09-18 00:27:05', '2020-09-18 00:27:05'),
(1563, 0.00, 1, 214, '2020-09-18 00:27:17', '2020-09-18 00:27:17'),
(1564, 0.00, 1, 214, '2020-09-18 00:27:27', '2020-09-18 00:27:27'),
(1565, 0.00, 1, 214, '2020-09-18 00:27:38', '2020-09-18 00:27:38'),
(1566, 0.00, 1, 214, '2020-09-18 00:27:51', '2020-09-18 00:27:51'),
(1567, 0.00, 1, 214, '2020-09-18 00:28:02', '2020-09-18 00:28:02'),
(1568, 0.00, 1, 214, '2020-09-18 00:28:17', '2020-09-18 00:28:17'),
(1569, 0.00, 1, 215, '2020-09-18 00:35:02', '2020-09-18 00:35:02'),
(1570, 0.00, 1, 215, '2020-09-18 00:35:02', '2020-09-18 00:35:02'),
(1571, 0.00, 1, 215, '2020-09-18 00:35:03', '2020-09-18 00:35:03'),
(1572, 0.00, 1, 215, '2020-09-18 00:35:05', '2020-09-18 00:35:05'),
(1573, 0.00, 1, 215, '2020-09-18 00:35:06', '2020-09-18 00:35:06'),
(1574, 0.00, 1, 215, '2020-09-18 00:35:08', '2020-09-18 00:35:08'),
(1575, 0.00, 1, 215, '2020-09-18 00:35:08', '2020-09-18 00:35:08'),
(1596, 0.00, 1, 217, '2020-09-18 00:46:22', '2020-09-18 00:46:22'),
(1597, 0.00, 1, 217, '2020-09-18 00:47:08', '2020-09-18 00:47:08'),
(1598, 0.00, 1, 217, '2020-09-18 00:47:17', '2020-09-18 00:47:17'),
(1599, 0.00, 1, 217, '2020-09-18 00:47:27', '2020-09-18 00:47:27'),
(1600, 0.00, 1, 217, '2020-09-18 00:47:37', '2020-09-18 00:47:37'),
(1601, 0.00, 0, 217, '2020-09-18 00:47:50', '2020-09-18 00:47:50'),
(1602, 0.00, 0, 217, '2020-09-18 00:47:50', '2020-09-18 00:47:50'),
(1603, 0.00, 1, 217, '2020-09-18 00:48:04', '2020-09-18 00:48:04'),
(1604, 0.00, 1, 218, '2020-09-18 01:02:18', '2020-09-18 01:02:18'),
(1605, 0.00, 1, 218, '2020-09-18 01:02:29', '2020-09-18 01:02:29'),
(1606, 0.00, 1, 218, '2020-09-18 01:02:39', '2020-09-18 01:02:39'),
(1607, 0.00, 1, 218, '2020-09-18 01:02:49', '2020-09-18 01:02:49'),
(1608, 0.00, 1, 218, '2020-09-18 01:02:50', '2020-09-18 01:02:50'),
(1609, 0.00, 1, 218, '2020-09-18 01:02:52', '2020-09-18 01:02:52'),
(1610, 0.00, 1, 218, '2020-09-18 01:03:03', '2020-09-18 01:03:03'),
(1611, 0.00, 1, 218, '2020-09-18 01:03:16', '2020-09-18 01:03:16'),
(1612, 0.00, 1, 218, '2020-09-18 01:03:25', '2020-09-18 01:03:25'),
(1613, 0.00, 55, 219, '2020-09-19 12:08:26', '2020-11-10 16:42:17'),
(1614, 0.00, 35, 219, '2020-09-19 12:08:35', '2020-09-19 12:57:36'),
(1615, 0.00, 34, 219, '2020-09-19 12:08:45', '2020-09-19 12:57:39'),
(1616, 0.00, 25, 219, '2020-09-19 12:08:55', '2020-11-11 22:59:10'),
(1617, 0.00, 28, 219, '2020-09-19 12:09:04', '2020-09-19 12:57:46'),
(1640, 0.00, 45, 220, '2020-09-19 12:29:01', '2020-09-19 12:29:01'),
(1641, 0.00, 42, 220, '2020-09-19 12:29:13', '2020-09-19 12:29:13'),
(1642, 0.00, 21, 220, '2020-09-19 12:29:23', '2020-09-19 12:29:23'),
(1643, 0.00, 33, 221, '2020-09-19 12:33:02', '2020-09-19 12:33:02'),
(1644, 0.00, 21, 221, '2020-09-19 12:33:18', '2020-09-19 12:33:18'),
(1645, 0.00, 21, 221, '2020-09-19 12:33:29', '2020-09-19 12:33:29'),
(1646, 0.00, 12, 222, '2020-09-19 12:35:40', '2020-09-19 12:35:40'),
(1647, 0.00, 9, 222, '2020-09-19 12:35:49', '2020-09-19 12:35:49'),
(1648, 0.00, 1, 222, '2020-09-19 12:35:58', '2020-09-19 12:35:58'),
(1649, 0.00, 9, 222, '2020-09-19 12:36:07', '2020-09-19 12:36:07'),
(1650, 0.00, 5, 223, '2020-09-19 12:42:27', '2020-09-19 12:42:27'),
(1651, 0.00, 5, 223, '2020-09-19 12:42:35', '2020-09-26 17:49:08'),
(1652, 0.00, 15, 223, '2020-09-19 12:42:43', '2020-11-09 19:04:06'),
(1653, 0.00, 5, 223, '2020-09-19 12:42:53', '2020-11-09 18:52:18'),
(1654, 0.00, 11, 224, '2020-09-19 12:46:47', '2020-09-19 12:46:47'),
(1655, 0.00, 15, 224, '2020-09-19 12:46:55', '2020-09-26 17:49:08'),
(1656, 0.00, 23, 224, '2020-09-19 12:47:04', '2020-11-09 18:56:42'),
(1657, 0.00, 27, 224, '2020-09-19 12:47:15', '2020-09-19 12:47:15'),
(1658, 0.00, 26, 225, '2020-09-19 12:49:57', '2020-09-19 12:49:57'),
(1659, 0.00, 24, 225, '2020-09-19 12:50:05', '2020-09-19 12:50:05'),
(1660, 0.00, 3, 225, '2020-09-19 12:50:16', '2020-11-10 16:42:17'),
(1661, 0.00, 13, 226, '2020-09-19 12:53:43', '2020-09-19 12:53:43'),
(1662, 0.00, 9, 226, '2020-09-19 12:53:47', '2020-09-26 17:49:08'),
(1663, 0.00, 12, 226, '2020-09-19 12:53:51', '2020-09-19 12:53:51'),
(1664, 0.00, 22, 226, '2020-09-19 12:53:55', '2020-11-10 00:47:49'),
(1665, 0.00, 9, 226, '2020-09-19 12:53:59', '2020-11-11 22:59:10'),
(1666, 0.00, 3, 227, '2020-09-19 12:56:04', '2020-11-14 16:37:05'),
(1667, 0.00, 9, 227, '2020-09-19 12:56:13', '2020-09-19 12:56:13'),
(1668, 0.00, 3, 227, '2020-09-19 12:56:23', '2020-11-09 18:52:18'),
(1680, 0.00, 1, 228, '2020-09-20 21:11:42', '2020-09-20 21:11:42'),
(1681, 0.00, 1, 228, '2020-09-20 21:11:50', '2020-09-20 21:11:50'),
(1682, 0.00, 1, 228, '2020-09-20 21:12:27', '2020-09-20 21:12:27'),
(1683, 0.00, 1, 228, '2020-09-20 21:12:30', '2020-09-20 21:12:30'),
(1684, 0.00, 1, 228, '2020-09-20 21:12:30', '2020-09-20 21:12:30'),
(1685, 0.00, 1, 228, '2020-09-20 21:12:31', '2020-09-20 21:12:31'),
(1686, 0.00, 1, 228, '2020-09-20 21:12:31', '2020-09-20 21:12:31'),
(1687, 0.00, 1, 228, '2020-09-20 21:12:31', '2020-09-20 21:12:31'),
(1688, 0.00, 1, 228, '2020-09-20 21:12:31', '2020-09-20 21:12:31'),
(1689, 0.00, 1, 228, '2020-09-20 21:12:32', '2020-09-20 21:12:37'),
(1690, 0.00, 1, 228, '2020-09-20 21:12:33', '2020-09-20 21:12:33'),
(1691, 0.00, 1, 228, '2020-09-20 21:12:33', '2020-09-20 21:12:33'),
(1692, 0.00, 1, 228, '2020-09-20 21:12:34', '2020-09-20 21:12:34'),
(1693, 0.00, 1, 228, '2020-09-20 21:12:34', '2020-09-20 21:12:34'),
(1694, 0.00, 1, 228, '2020-09-20 21:12:44', '2020-09-20 21:12:44'),
(1695, 0.00, 1, 228, '2020-09-20 21:12:45', '2020-09-20 21:12:45'),
(1696, 0.00, 1, 228, '2020-09-20 21:12:45', '2020-09-20 21:12:45'),
(1697, 0.00, 1, 228, '2020-09-20 21:12:46', '2020-09-20 21:12:46'),
(1698, 0.00, 1, 228, '2020-09-20 21:12:46', '2020-09-20 21:12:46'),
(1699, 0.00, 1, 228, '2020-09-20 21:12:48', '2020-09-20 21:12:48'),
(1700, 0.00, 1, 228, '2020-09-20 21:12:48', '2020-09-20 21:12:48'),
(1701, 0.00, 1, 229, '2020-09-20 21:15:09', '2020-09-20 21:15:09'),
(1702, 0.00, 1, 229, '2020-09-20 21:15:16', '2020-09-20 21:15:16'),
(1703, 0.00, 1, 229, '2020-09-20 21:15:51', '2020-09-20 21:15:51'),
(1704, 0.00, 1, 229, '2020-09-20 21:15:51', '2020-09-20 21:15:51'),
(1705, 0.00, 1, 229, '2020-09-20 21:15:52', '2020-09-20 21:15:52'),
(1706, 0.00, 1, 229, '2020-09-20 21:15:54', '2020-09-20 21:15:54'),
(1707, 0.00, 1, 229, '2020-09-20 21:15:56', '2020-09-20 21:15:56'),
(1723, 0.00, 1, 230, '2020-09-20 21:20:46', '2020-09-20 21:20:46'),
(1724, 0.00, 1, 230, '2020-09-20 21:21:17', '2020-09-20 21:21:17'),
(1725, 0.00, 1, 230, '2020-09-20 21:21:30', '2020-09-20 21:21:30'),
(1726, 0.00, 1, 230, '2020-09-20 21:21:32', '2020-09-20 21:21:32'),
(1727, 0.00, 1, 230, '2020-09-20 21:21:35', '2020-09-20 21:21:35'),
(1728, 0.00, 1, 230, '2020-09-20 21:21:37', '2020-09-20 21:21:37'),
(1729, 0.00, 1, 230, '2020-09-20 21:21:40', '2020-09-20 21:21:40'),
(1730, 0.00, 0, 231, '2020-09-20 21:32:24', '2020-09-20 21:32:44'),
(1731, 0.00, 1, 231, '2020-09-20 21:32:48', '2020-09-20 21:32:48'),
(1732, 0.00, 1, 231, '2020-09-20 21:32:52', '2020-09-20 21:32:52'),
(1733, 0.00, 1, 231, '2020-09-20 21:32:58', '2020-09-20 21:32:59'),
(1734, 0.00, 1, 231, '2020-09-20 21:32:58', '2020-09-20 21:32:58'),
(1735, 0.00, 1, 231, '2020-09-20 21:33:00', '2020-09-20 21:33:00'),
(1736, 0.00, 1, 231, '2020-09-20 21:33:02', '2020-09-20 21:33:02'),
(1737, 0.00, 1, 231, '2020-09-20 21:33:05', '2020-09-20 21:33:05'),
(1738, 0.00, 1, 232, '2020-09-20 21:37:05', '2020-09-20 21:37:05'),
(1739, 0.00, 1, 232, '2020-09-20 21:37:06', '2020-09-20 21:37:06'),
(1740, 0.00, 1, 232, '2020-09-20 21:37:06', '2020-09-20 21:37:06'),
(1741, 0.00, 1, 232, '2020-09-20 21:37:07', '2020-09-20 21:37:07'),
(1742, 0.00, 0, 232, '2020-09-20 21:37:08', '2020-09-20 21:37:08'),
(1743, 0.00, 1, 232, '2020-09-20 21:37:08', '2020-09-20 21:37:08'),
(1744, 0.00, 1, 232, '2020-09-20 21:37:09', '2020-09-20 21:37:09'),
(1745, 0.00, 1, 233, '2020-09-20 21:50:36', '2020-09-20 21:50:36'),
(1746, 0.00, 1, 233, '2020-09-20 21:50:38', '2020-09-20 21:50:38'),
(1747, 0.00, 1, 233, '2020-09-20 21:50:40', '2020-09-20 21:50:40'),
(1748, 0.00, 1, 233, '2020-09-20 21:50:42', '2020-09-20 21:50:42'),
(1749, 0.00, 1, 233, '2020-09-20 21:50:45', '2020-09-20 21:50:45'),
(1750, 0.00, 1, 233, '2020-09-20 21:50:47', '2020-09-20 21:50:47'),
(1751, 0.00, 1, 233, '2020-09-20 21:50:49', '2020-09-20 21:50:49'),
(1752, 0.00, 1, 234, '2020-09-20 21:53:23', '2020-09-20 21:53:23'),
(1753, 0.00, 1, 234, '2020-09-20 21:53:25', '2020-09-20 21:53:25'),
(1754, 0.00, 1, 234, '2020-09-20 21:53:27', '2020-09-20 21:53:27'),
(1755, 0.00, 1, 234, '2020-09-20 21:53:29', '2020-09-20 21:53:29'),
(1756, 0.00, 1, 234, '2020-09-20 21:53:31', '2020-09-20 21:53:31'),
(1757, 0.00, 1, 234, '2020-09-20 21:53:33', '2020-09-20 21:53:33'),
(1758, 0.00, 1, 234, '2020-09-20 21:53:36', '2020-09-20 21:53:36'),
(1760, 0.00, 0, 235, '2020-09-20 21:56:57', '2020-09-20 21:57:09'),
(1772, 0.00, 1, 236, '2020-09-20 22:00:19', '2020-09-20 22:00:19'),
(1773, 0.00, 0, 236, '2020-09-20 22:00:21', '2020-09-20 22:00:21'),
(1774, 0.00, 1, 236, '2020-09-20 22:00:23', '2020-09-20 22:00:23'),
(1775, 0.00, 1, 236, '2020-09-20 22:00:25', '2020-09-20 22:00:25'),
(1776, 0.00, 1, 236, '2020-09-20 22:00:28', '2020-09-20 22:00:28'),
(1777, 0.00, 1, 236, '2020-09-20 22:00:29', '2020-09-20 22:00:29'),
(1778, 0.00, 1, 236, '2020-09-20 22:00:32', '2020-09-20 22:00:32'),
(1812, 0.00, 1, 237, '2020-09-20 22:04:30', '2020-09-20 22:04:30'),
(1813, 0.00, 1, 237, '2020-09-20 22:05:34', '2020-09-20 22:05:34'),
(1814, 0.00, 1, 237, '2020-09-20 22:05:34', '2020-09-20 22:05:34'),
(1815, 0.00, 1, 237, '2020-09-20 22:05:38', '2020-09-20 22:05:38'),
(1816, 0.00, 1, 237, '2020-09-20 22:05:43', '2020-09-20 22:05:43'),
(1817, 0.00, 1, 237, '2020-09-20 22:05:45', '2020-09-20 22:05:45'),
(1818, 0.00, 0, 237, '2020-09-20 22:05:47', '2020-09-20 22:05:47'),
(1819, 0.00, 1, 238, '2020-09-20 22:09:09', '2020-09-20 22:09:09'),
(1820, 0.00, 1, 238, '2020-09-20 22:09:58', '2020-09-20 22:09:58'),
(1821, 0.00, 1, 238, '2020-09-20 22:09:59', '2020-09-20 22:09:59'),
(1822, 0.00, 1, 238, '2020-09-20 22:09:59', '2020-09-20 22:09:59'),
(1823, 0.00, 1, 238, '2020-09-20 22:10:00', '2020-09-20 22:10:00'),
(1824, 0.00, 1, 238, '2020-09-20 22:10:12', '2020-09-20 22:10:12'),
(1825, 0.00, 0, 238, '2020-09-20 22:10:14', '2020-09-20 22:10:14'),
(1826, 0.00, 1, 239, '2020-09-20 22:29:07', '2020-09-20 22:29:07'),
(1827, 0.00, 1, 239, '2020-09-20 22:29:17', '2020-09-20 22:29:17'),
(1828, 0.00, 1, 239, '2020-09-20 22:29:37', '2020-09-20 22:29:37'),
(1829, 0.00, 1, 239, '2020-09-20 22:29:53', '2020-09-20 22:29:53'),
(1830, 0.00, 1, 239, '2020-09-20 22:30:02', '2020-09-20 22:30:02'),
(1831, 0.00, 1, 239, '2020-09-20 22:30:14', '2020-09-20 22:30:14'),
(1832, 0.00, 1, 239, '2020-09-20 22:30:26', '2020-09-20 22:30:26'),
(1833, 0.00, 0, 240, '2020-09-20 22:34:35', '2020-09-20 22:34:35'),
(1834, 0.00, 0, 240, '2020-09-20 22:34:46', '2020-09-20 22:34:46'),
(1835, 0.00, 1, 240, '2020-09-20 22:34:56', '2020-09-20 22:34:56'),
(1836, 0.00, 1, 240, '2020-09-20 22:35:05', '2020-09-20 22:35:05'),
(1837, 0.00, 1, 240, '2020-09-20 22:35:19', '2020-09-20 22:35:19'),
(1838, 0.00, 1, 240, '2020-09-20 22:35:19', '2020-09-20 22:35:19'),
(1839, 0.00, 1, 240, '2020-09-20 22:35:28', '2020-09-20 22:35:28'),
(1840, 0.00, 1, 240, '2020-09-20 22:35:37', '2020-09-20 22:35:37'),
(1841, 0.00, 1, 240, '2020-09-20 22:35:53', '2020-09-20 22:35:53'),
(1842, 0.00, 1, 241, '2020-09-20 22:47:35', '2020-09-20 22:47:35'),
(1843, 0.00, 1, 241, '2020-09-20 22:47:36', '2020-09-20 22:47:36'),
(1844, 0.00, 1, 241, '2020-09-20 22:47:37', '2020-09-20 22:47:37'),
(1845, 0.00, 1, 241, '2020-09-20 22:47:38', '2020-09-20 22:47:38'),
(1846, 0.00, 1, 241, '2020-09-20 22:47:38', '2020-09-20 22:47:38'),
(1847, 0.00, 1, 241, '2020-09-20 22:47:40', '2020-09-20 22:47:40'),
(1848, 0.00, 1, 241, '2020-09-20 22:47:41', '2020-09-20 22:47:41'),
(1849, 0.00, 1, 242, '2020-09-20 22:51:36', '2020-09-20 22:51:36'),
(1850, 0.00, 1, 242, '2020-09-20 22:52:08', '2020-09-20 22:52:08'),
(1851, 0.00, 1, 242, '2020-09-20 22:52:19', '2020-09-20 22:52:19'),
(1852, 0.00, 1, 242, '2020-09-20 22:52:28', '2020-09-20 22:52:28'),
(1853, 0.00, 1, 242, '2020-09-20 22:52:38', '2020-09-20 22:52:38'),
(1854, 0.00, 1, 242, '2020-09-20 22:52:46', '2020-09-20 22:52:46'),
(1855, 0.00, 1, 242, '2020-09-20 22:52:55', '2020-09-20 22:52:55'),
(1856, 0.00, 1, 243, '2020-09-20 22:56:33', '2020-09-20 22:56:33'),
(1857, 0.00, 1, 243, '2020-09-20 22:56:44', '2020-09-20 22:56:44'),
(1858, 0.00, 1, 243, '2020-09-20 22:56:53', '2020-09-20 22:56:53'),
(1859, 0.00, 1, 243, '2020-09-20 22:57:04', '2020-09-20 22:57:04'),
(1860, 0.00, 1, 243, '2020-09-20 22:57:15', '2020-09-20 22:57:15'),
(1861, 0.00, 0, 243, '2020-09-20 22:57:24', '2020-09-20 22:57:24'),
(1862, 0.00, 1, 243, '2020-09-20 22:57:36', '2020-09-20 22:57:36'),
(1863, 0.00, 1, 244, '2020-09-20 23:01:48', '2020-09-20 23:01:48'),
(1864, 0.00, 1, 244, '2020-09-20 23:01:57', '2020-09-20 23:01:57'),
(1865, 0.00, 1, 244, '2020-09-20 23:02:06', '2020-09-20 23:02:06'),
(1866, 0.00, 1, 244, '2020-09-20 23:02:16', '2020-09-20 23:02:16'),
(1867, 0.00, 1, 244, '2020-09-20 23:02:28', '2020-09-20 23:02:28'),
(1868, 0.00, 0, 244, '2020-09-20 23:02:36', '2020-09-20 23:02:36'),
(1869, 0.00, 0, 244, '2020-09-20 23:02:45', '2020-09-20 23:02:45'),
(1870, 0.00, 1, 245, '2020-09-20 23:05:58', '2020-09-20 23:05:58'),
(1871, 0.00, 1, 245, '2020-09-20 23:06:09', '2020-09-20 23:06:09'),
(1872, 0.00, 1, 245, '2020-09-20 23:06:19', '2020-09-20 23:06:19'),
(1873, 0.00, 1, 245, '2020-09-20 23:06:29', '2020-09-20 23:06:29'),
(1874, 0.00, 1, 245, '2020-09-20 23:06:39', '2020-09-20 23:06:39'),
(1875, 0.00, 1, 245, '2020-09-20 23:06:48', '2020-09-20 23:06:48'),
(1876, 0.00, 1, 245, '2020-09-20 23:06:58', '2020-09-20 23:06:58'),
(1877, 0.00, 1, 246, '2020-09-20 23:10:24', '2020-09-20 23:10:24'),
(1878, 0.00, 1, 246, '2020-09-20 23:10:37', '2020-09-20 23:10:37'),
(1879, 0.00, 1, 246, '2020-09-20 23:10:47', '2020-09-20 23:10:47'),
(1880, 0.00, 1, 246, '2020-09-20 23:10:57', '2020-09-20 23:10:57'),
(1881, 0.00, 1, 246, '2020-09-20 23:11:07', '2020-09-20 23:11:07'),
(1882, 0.00, 0, 246, '2020-09-20 23:11:15', '2020-09-20 23:11:15'),
(1883, 0.00, 1, 246, '2020-09-20 23:11:25', '2020-09-20 23:11:25'),
(1884, 0.00, 1, 247, '2020-09-20 23:14:19', '2020-09-20 23:14:19'),
(1885, 0.00, 1, 247, '2020-09-20 23:14:28', '2020-09-20 23:14:28'),
(1886, 0.00, 1, 247, '2020-09-20 23:14:38', '2020-09-20 23:14:38'),
(1887, 0.00, 1, 247, '2020-09-20 23:14:47', '2020-09-20 23:14:47'),
(1888, 0.00, 1, 247, '2020-09-20 23:14:56', '2020-09-20 23:14:56'),
(1889, 0.00, 1, 247, '2020-09-20 23:15:18', '2020-09-20 23:15:18'),
(1890, 0.00, 1, 247, '2020-09-20 23:15:27', '2020-09-20 23:15:27'),
(1891, 0.00, 1, 248, '2020-09-20 23:18:49', '2020-09-20 23:18:49'),
(1892, 0.00, 1, 248, '2020-09-20 23:18:58', '2020-09-20 23:18:58'),
(1893, 0.00, 1, 248, '2020-09-20 23:19:07', '2020-09-20 23:19:07'),
(1894, 0.00, 1, 248, '2020-09-20 23:19:17', '2020-09-20 23:19:17'),
(1895, 0.00, 1, 248, '2020-09-20 23:19:26', '2020-09-20 23:19:26'),
(1896, 0.00, 1, 248, '2020-09-20 23:19:35', '2020-09-20 23:19:35'),
(1897, 0.00, 1, 248, '2020-09-20 23:19:44', '2020-09-20 23:19:44'),
(1898, 0.00, 1, 249, '2020-09-20 23:22:30', '2020-09-20 23:22:30'),
(1899, 0.00, 1, 249, '2020-09-20 23:22:38', '2020-09-20 23:22:38'),
(1900, 0.00, 1, 249, '2020-09-20 23:22:47', '2020-09-20 23:23:57'),
(1901, 0.00, 1, 249, '2020-09-20 23:22:56', '2020-09-20 23:23:58'),
(1902, 0.00, 1, 249, '2020-09-20 23:23:04', '2020-09-20 23:24:02'),
(1903, 0.00, 1, 249, '2020-09-20 23:24:12', '2020-09-20 23:24:12'),
(1904, 0.00, 1, 249, '2020-09-20 23:24:21', '2020-09-20 23:24:21'),
(1905, 0.00, 1, 250, '2020-09-20 23:27:46', '2020-09-20 23:27:46'),
(1906, 0.00, 0, 250, '2020-09-20 23:27:53', '2020-09-20 23:27:53'),
(1907, 0.00, 1, 250, '2020-09-20 23:28:03', '2020-09-20 23:28:03'),
(1908, 0.00, 1, 250, '2020-09-20 23:28:15', '2020-09-20 23:28:15'),
(1909, 0.00, 1, 250, '2020-09-20 23:28:23', '2020-09-20 23:28:23'),
(1910, 0.00, 0, 250, '2020-09-20 23:28:30', '2020-09-20 23:28:30'),
(1911, 0.00, 1, 250, '2020-09-20 23:28:38', '2020-09-20 23:28:38'),
(1912, 0.00, 1, 251, '2020-09-20 23:33:26', '2020-09-20 23:33:26'),
(1913, 0.00, 1, 251, '2020-09-20 23:33:35', '2020-09-20 23:33:35'),
(1914, 0.00, 1, 251, '2020-09-20 23:33:55', '2020-09-20 23:33:55'),
(1915, 0.00, 1, 251, '2020-09-20 23:34:05', '2020-09-20 23:34:05'),
(1916, 0.00, 1, 251, '2020-09-20 23:34:13', '2020-09-20 23:34:13'),
(1917, 0.00, 1, 251, '2020-09-20 23:34:22', '2020-09-20 23:34:22'),
(1918, 0.00, 1, 251, '2020-09-20 23:34:31', '2020-09-20 23:34:31'),
(1919, 0.00, 1, 252, '2020-09-20 23:37:06', '2020-09-20 23:37:06'),
(1920, 0.00, 1, 252, '2020-09-20 23:37:15', '2020-09-20 23:37:15'),
(1921, 0.00, 1, 252, '2020-09-20 23:37:22', '2020-09-20 23:37:22'),
(1922, 0.00, 1, 252, '2020-09-20 23:37:33', '2020-09-20 23:37:33'),
(1923, 0.00, 1, 252, '2020-09-20 23:37:41', '2020-09-20 23:37:41'),
(1924, 0.00, 1, 252, '2020-09-20 23:37:50', '2020-09-20 23:37:50'),
(1925, 0.00, 1, 252, '2020-09-20 23:37:58', '2020-09-20 23:37:58'),
(1926, 0.00, 1, 252, '2020-09-20 23:38:05', '2020-09-20 23:38:05'),
(1927, 0.00, 1, 252, '2020-09-20 23:38:14', '2020-09-20 23:38:14'),
(1928, 0.00, 1, 253, '2020-09-20 23:42:16', '2020-09-20 23:42:16'),
(1929, 0.00, 1, 253, '2020-09-20 23:42:24', '2020-09-20 23:42:24'),
(1930, 0.00, 1, 253, '2020-09-20 23:42:32', '2020-09-20 23:42:32'),
(1931, 0.00, 1, 253, '2020-09-20 23:42:39', '2020-09-20 23:42:39'),
(1932, 0.00, 1, 253, '2020-09-20 23:42:46', '2020-09-20 23:42:46'),
(1933, 0.00, 1, 253, '2020-09-20 23:42:56', '2020-09-20 23:42:56'),
(1934, 0.00, 1, 253, '2020-09-20 23:43:03', '2020-09-20 23:43:03'),
(1935, 0.00, 1, 253, '2020-09-20 23:43:15', '2020-09-20 23:43:15'),
(1936, 0.00, 0, 254, '2020-09-20 23:46:02', '2020-09-20 23:46:02'),
(1937, 0.00, 0, 254, '2020-09-20 23:46:09', '2020-09-20 23:46:09'),
(1938, 0.00, 1, 254, '2020-09-20 23:46:17', '2020-09-20 23:46:17'),
(1939, 0.00, 1, 254, '2020-09-20 23:46:26', '2020-09-20 23:46:26'),
(1940, 0.00, 1, 254, '2020-09-20 23:46:37', '2020-09-20 23:46:37'),
(1941, 0.00, 1, 254, '2020-09-20 23:46:46', '2020-09-20 23:46:46'),
(1942, 0.00, 1, 254, '2020-09-20 23:46:55', '2020-09-20 23:46:55'),
(1943, 0.00, 1, 255, '2020-09-20 23:50:04', '2020-09-20 23:50:04'),
(1944, 0.00, 1, 255, '2020-09-20 23:50:14', '2020-09-20 23:50:14'),
(1945, 0.00, 1, 255, '2020-09-20 23:50:23', '2020-09-20 23:50:23'),
(1946, 0.00, 1, 255, '2020-09-20 23:50:32', '2020-09-20 23:50:32'),
(1947, 0.00, 1, 255, '2020-09-20 23:50:40', '2020-09-20 23:50:40'),
(1948, 0.00, 1, 255, '2020-09-20 23:50:49', '2020-09-20 23:50:49'),
(1949, 0.00, 1, 255, '2020-09-20 23:51:13', '2020-09-20 23:51:13'),
(1950, 0.00, 0, 256, '2020-09-20 23:53:52', '2020-09-20 23:53:52'),
(1951, 0.00, 0, 256, '2020-09-20 23:54:02', '2020-09-20 23:54:02'),
(1952, 0.00, 1, 256, '2020-09-20 23:54:12', '2020-09-20 23:54:12'),
(1953, 0.00, 1, 256, '2020-09-20 23:54:21', '2020-09-20 23:54:21'),
(1954, 0.00, 1, 256, '2020-09-20 23:54:29', '2020-09-20 23:54:29'),
(1955, 0.00, 1, 256, '2020-09-20 23:54:38', '2020-09-20 23:54:38'),
(1956, 0.00, 1, 256, '2020-09-20 23:54:47', '2020-09-20 23:54:47'),
(1957, 0.00, 1, 257, '2020-09-20 23:58:08', '2020-09-20 23:58:08'),
(1958, 0.00, 1, 257, '2020-09-20 23:58:17', '2020-09-20 23:58:17'),
(1959, 0.00, 1, 257, '2020-09-20 23:58:27', '2020-09-20 23:58:27'),
(1960, 0.00, 1, 257, '2020-09-20 23:58:42', '2020-09-20 23:58:42'),
(1961, 0.00, 1, 257, '2020-09-20 23:58:51', '2020-09-20 23:58:51'),
(1962, 0.00, 1, 257, '2020-09-20 23:59:01', '2020-09-20 23:59:01'),
(1963, 0.00, 1, 257, '2020-09-20 23:59:10', '2020-09-20 23:59:10'),
(1964, 0.00, 1, 258, '2020-09-21 00:01:46', '2020-09-21 00:01:46'),
(1965, 0.00, 1, 258, '2020-09-21 00:01:55', '2020-09-21 00:01:55'),
(1966, 0.00, 1, 258, '2020-09-21 00:02:04', '2020-09-21 00:02:04'),
(1967, 0.00, 1, 258, '2020-09-21 00:02:13', '2020-09-21 00:02:13'),
(1968, 0.00, 1, 258, '2020-09-21 00:02:23', '2020-09-21 00:02:23'),
(1969, 0.00, 1, 258, '2020-09-21 00:02:35', '2020-09-21 00:02:35'),
(1970, 0.00, 1, 258, '2020-09-21 00:02:45', '2020-09-21 00:02:45'),
(1971, 0.00, 1, 259, '2020-09-21 00:05:53', '2020-09-21 00:05:53'),
(1972, 0.00, 1, 259, '2020-09-21 00:06:02', '2020-09-21 00:06:02'),
(1973, 0.00, 1, 259, '2020-09-21 00:06:10', '2020-09-21 00:06:10'),
(1974, 0.00, 1, 259, '2020-09-21 00:06:19', '2020-09-21 00:06:19'),
(1975, 0.00, 1, 259, '2020-09-21 00:06:30', '2020-09-21 00:06:30'),
(1976, 0.00, 1, 259, '2020-09-21 00:06:39', '2020-09-21 00:06:39'),
(1977, 0.00, 1, 259, '2020-09-21 00:06:48', '2020-09-21 00:06:48'),
(1978, 0.00, 0, 260, '2020-09-21 00:09:22', '2020-09-21 00:09:22'),
(1979, 0.00, 1, 260, '2020-09-21 00:09:30', '2020-09-21 00:09:30'),
(1980, 0.00, 1, 260, '2020-09-21 00:09:40', '2020-09-21 00:09:40'),
(1981, 0.00, 1, 260, '2020-09-21 00:09:51', '2020-09-21 00:09:51'),
(1982, 0.00, 1, 260, '2020-09-21 00:10:01', '2020-09-21 00:10:16'),
(1983, 0.00, 0, 260, '2020-09-21 00:10:26', '2020-09-21 00:10:26'),
(1984, 0.00, 0, 260, '2020-09-21 00:10:34', '2020-09-21 00:10:34');
INSERT INTO `feature_options` (`id`, `price`, `count`, `feature_id`, `created_at`, `updated_at`) VALUES
(1985, 0.00, 0, 261, '2020-09-21 02:45:51', '2020-09-21 02:45:51'),
(1986, 0.00, 1, 261, '2020-09-21 02:46:01', '2020-09-21 02:46:01'),
(1987, 0.00, 1, 261, '2020-09-21 02:46:14', '2020-09-21 02:46:14'),
(1988, 0.00, 1, 261, '2020-09-21 02:46:31', '2020-09-21 02:46:31'),
(1989, 0.00, 1, 261, '2020-09-21 02:46:42', '2020-09-21 02:46:42'),
(1990, 0.00, 0, 261, '2020-09-21 02:46:53', '2020-09-21 02:46:53'),
(1991, 0.00, 1, 261, '2020-09-21 02:47:04', '2020-09-21 02:47:04'),
(1992, 0.00, 1, 262, '2020-09-21 02:52:01', '2020-09-21 02:52:01'),
(1993, 0.00, 0, 262, '2020-09-21 02:52:11', '2020-09-21 02:52:11'),
(1994, 0.00, 1, 262, '2020-09-21 02:52:32', '2020-09-21 02:52:32'),
(1995, 0.00, 1, 262, '2020-09-21 02:52:45', '2020-09-21 02:52:45'),
(1996, 0.00, 1, 262, '2020-09-21 02:52:56', '2020-09-21 02:52:56'),
(1997, 0.00, 0, 262, '2020-09-21 02:53:08', '2020-09-21 02:53:08'),
(1998, 0.00, 0, 262, '2020-09-21 02:53:17', '2020-09-21 02:53:17'),
(1999, 0.00, 1, 263, '2020-09-21 02:59:04', '2020-09-21 02:59:04'),
(2000, 0.00, 1, 263, '2020-09-21 02:59:16', '2020-09-21 02:59:16'),
(2001, 0.00, 1, 263, '2020-09-21 02:59:29', '2020-09-21 02:59:29'),
(2002, 0.00, 1, 263, '2020-09-21 02:59:38', '2020-09-21 02:59:38'),
(2003, 0.00, 1, 263, '2020-09-21 02:59:50', '2020-09-21 02:59:50'),
(2004, 0.00, 1, 263, '2020-09-21 03:00:01', '2020-09-21 03:00:01'),
(2005, 0.00, 1, 263, '2020-09-21 03:00:11', '2020-09-21 03:00:11'),
(2006, 0.00, 1, 264, '2020-09-21 03:03:31', '2020-09-21 03:03:31'),
(2007, 0.00, 1, 264, '2020-09-21 03:03:47', '2020-09-21 03:03:47'),
(2008, 0.00, 1, 264, '2020-09-21 03:04:00', '2020-09-21 03:04:00'),
(2009, 0.00, 1, 264, '2020-09-21 03:04:11', '2020-09-21 03:04:11'),
(2010, 0.00, 1, 264, '2020-09-21 03:04:22', '2020-09-21 03:04:22'),
(2011, 0.00, 1, 264, '2020-09-21 03:04:32', '2020-09-21 03:04:32'),
(2012, 0.00, 1, 264, '2020-09-21 03:04:45', '2020-09-21 03:04:45'),
(2013, 0.00, 1, 265, '2020-09-21 03:08:12', '2020-09-21 03:08:12'),
(2014, 0.00, 0, 265, '2020-09-21 03:09:04', '2020-09-21 03:09:04'),
(2015, 0.00, 1, 265, '2020-09-21 03:09:18', '2020-09-21 03:09:18'),
(2016, 0.00, 1, 265, '2020-09-21 03:09:47', '2020-09-21 03:09:47'),
(2017, 0.00, 1, 265, '2020-09-21 03:09:51', '2020-09-21 03:09:51'),
(2018, 0.00, 1, 265, '2020-09-21 03:10:04', '2020-09-21 03:10:04'),
(2019, 0.00, 1, 265, '2020-09-21 03:10:06', '2020-09-21 03:10:06'),
(2020, 0.00, 1, 265, '2020-09-21 03:10:14', '2020-09-21 03:10:14'),
(2021, 0.00, 1, 265, '2020-09-21 03:10:25', '2020-09-21 03:10:25'),
(2022, 0.00, 1, 266, '2020-09-21 03:16:54', '2020-09-21 03:16:54'),
(2023, 0.00, 1, 266, '2020-09-21 03:17:06', '2020-09-21 03:17:06'),
(2024, 0.00, 1, 266, '2020-09-21 03:17:21', '2020-09-21 03:17:21'),
(2025, 0.00, 1, 266, '2020-09-21 03:17:31', '2020-09-21 03:17:31'),
(2026, 0.00, 1, 266, '2020-09-21 03:17:41', '2020-09-21 03:17:41'),
(2027, 0.00, 1, 266, '2020-09-21 03:17:52', '2020-09-21 03:17:52'),
(2028, 0.00, 1, 266, '2020-09-21 03:18:02', '2020-09-21 03:18:02'),
(2029, 0.00, 1, 267, '2020-09-21 03:21:15', '2020-09-21 03:21:15'),
(2030, 0.00, 0, 267, '2020-09-21 03:21:25', '2020-09-21 03:21:25'),
(2031, 0.00, 1, 267, '2020-09-21 03:21:45', '2020-09-21 03:21:45'),
(2032, 0.00, 1, 267, '2020-09-21 03:22:05', '2020-09-21 03:22:05'),
(2033, 0.00, 1, 267, '2020-09-21 03:22:44', '2020-09-21 03:22:44'),
(2034, 0.00, 1, 267, '2020-09-21 03:22:59', '2020-09-21 03:22:59'),
(2035, 0.00, 1, 267, '2020-09-21 03:23:10', '2020-09-21 03:23:10'),
(2036, 0.00, 1, 268, '2020-09-21 03:33:13', '2020-09-21 03:33:13'),
(2037, 0.00, 1, 268, '2020-09-21 03:33:26', '2020-09-21 03:33:26'),
(2038, 0.00, 1, 268, '2020-09-21 03:33:39', '2020-09-21 03:33:39'),
(2039, 0.00, 1, 268, '2020-09-21 03:33:49', '2020-09-21 03:33:49'),
(2040, 0.00, 1, 268, '2020-09-21 03:34:05', '2020-09-21 03:34:05'),
(2041, 0.00, 1, 268, '2020-09-21 03:34:18', '2020-09-21 03:34:18'),
(2042, 0.00, 1, 268, '2020-09-21 03:34:29', '2020-09-21 03:34:29'),
(2043, 0.00, 1, 269, '2020-09-21 03:38:23', '2020-09-21 03:38:23'),
(2044, 0.00, 1, 269, '2020-09-21 03:38:32', '2020-09-21 03:38:32'),
(2045, 0.00, 1, 269, '2020-09-21 03:38:45', '2020-09-21 03:38:45'),
(2046, 0.00, 1, 269, '2020-09-21 03:38:54', '2020-09-21 03:38:54'),
(2047, 0.00, 1, 269, '2020-09-21 03:39:02', '2020-09-21 03:39:02'),
(2048, 0.00, 1, 269, '2020-09-21 03:39:10', '2020-09-21 03:39:10'),
(2049, 0.00, 1, 269, '2020-09-21 03:39:19', '2020-09-21 03:39:19'),
(2050, 0.00, 1, 270, '2020-09-21 03:43:42', '2020-09-21 03:43:42'),
(2051, 0.00, 1, 270, '2020-09-21 03:43:52', '2020-09-21 03:43:52'),
(2052, 0.00, 1, 270, '2020-09-21 03:44:02', '2020-09-21 03:44:02'),
(2053, 0.00, 1, 270, '2020-09-21 03:44:11', '2020-09-21 03:44:11'),
(2054, 0.00, 1, 270, '2020-09-21 03:44:20', '2020-09-21 03:44:20'),
(2055, 0.00, 1, 270, '2020-09-21 03:44:27', '2020-09-21 03:44:27'),
(2056, 0.00, 1, 270, '2020-09-21 03:44:35', '2020-09-21 03:44:35'),
(2057, 0.00, 1, 271, '2020-09-21 03:49:04', '2020-09-21 03:49:04'),
(2058, 0.00, 1, 271, '2020-09-21 03:49:13', '2020-09-21 03:49:13'),
(2059, 0.00, 1, 271, '2020-09-21 03:49:27', '2020-09-21 03:49:27'),
(2060, 0.00, 1, 271, '2020-09-21 03:49:36', '2020-09-21 03:49:36'),
(2061, 0.00, 1, 271, '2020-09-21 03:49:44', '2020-09-21 03:49:44'),
(2062, 0.00, 1, 271, '2020-09-21 03:49:52', '2020-09-21 03:49:52'),
(2063, 0.00, 1, 271, '2020-09-21 03:50:02', '2020-09-21 03:50:02'),
(2064, 0.00, 1, 272, '2020-09-21 03:53:18', '2020-09-21 03:53:18'),
(2065, 0.00, 1, 272, '2020-09-21 03:53:29', '2020-09-21 03:53:29'),
(2066, 0.00, 1, 272, '2020-09-21 03:53:38', '2020-09-21 03:53:38'),
(2067, 0.00, 1, 272, '2020-09-21 03:53:47', '2020-09-21 03:53:47'),
(2068, 0.00, 1, 272, '2020-09-21 03:53:55', '2020-09-21 03:53:55'),
(2069, 0.00, 1, 272, '2020-09-21 03:54:02', '2020-09-21 03:54:02'),
(2070, 0.00, 1, 272, '2020-09-21 03:54:10', '2020-09-21 03:54:10'),
(2071, 0.00, 0, 273, '2020-09-21 03:58:00', '2020-09-21 03:58:00'),
(2072, 0.00, 1, 273, '2020-09-21 03:58:08', '2020-09-21 03:58:08'),
(2073, 0.00, 1, 273, '2020-09-21 03:58:17', '2020-09-21 03:58:17'),
(2074, 0.00, 1, 273, '2020-09-21 03:58:24', '2020-09-21 03:58:24'),
(2075, 0.00, 1, 273, '2020-09-21 03:58:35', '2020-09-21 03:58:35'),
(2076, 0.00, 1, 273, '2020-09-21 03:58:43', '2020-09-21 03:58:43'),
(2077, 0.00, 0, 273, '2020-09-21 03:58:50', '2020-09-21 03:58:50'),
(2078, 0.00, 1, 274, '2020-09-21 04:02:01', '2020-09-21 04:02:01'),
(2079, 0.00, 1, 274, '2020-09-21 04:02:31', '2020-09-21 04:02:31'),
(2080, 0.00, 1, 274, '2020-09-21 04:02:41', '2020-09-21 04:02:41'),
(2081, 0.00, 1, 274, '2020-09-21 04:02:49', '2020-09-21 04:02:49'),
(2082, 0.00, 1, 274, '2020-09-21 04:02:59', '2020-09-21 04:02:59'),
(2083, 0.00, 1, 274, '2020-09-21 04:03:08', '2020-09-21 04:03:08'),
(2084, 0.00, 1, 274, '2020-09-21 04:03:16', '2020-09-21 04:03:16'),
(2085, 0.00, 1, 275, '2020-09-21 04:07:04', '2020-09-21 04:07:04'),
(2086, 0.00, 0, 275, '2020-09-21 04:07:12', '2020-09-21 04:07:12'),
(2087, 0.00, 1, 275, '2020-09-21 04:07:20', '2020-09-21 04:07:20'),
(2088, 0.00, 1, 275, '2020-09-21 04:07:27', '2020-09-21 04:07:27'),
(2089, 0.00, 1, 275, '2020-09-21 04:07:36', '2020-09-21 04:07:36'),
(2090, 0.00, 1, 275, '2020-09-21 04:07:44', '2020-09-21 04:07:44'),
(2091, 0.00, 1, 275, '2020-09-21 04:07:55', '2020-09-21 04:07:55'),
(2092, 0.00, 1, 276, '2020-09-21 04:10:49', '2020-09-21 04:10:49'),
(2093, 0.00, 0, 276, '2020-09-21 04:10:56', '2020-09-21 04:10:56'),
(2094, 0.00, 0, 276, '2020-09-21 04:11:06', '2020-09-21 04:11:06'),
(2095, 0.00, 1, 276, '2020-09-21 04:11:17', '2020-09-21 04:11:17'),
(2096, 0.00, 1, 276, '2020-09-21 04:11:27', '2020-09-21 04:11:27'),
(2097, 0.00, 1, 276, '2020-09-21 04:11:37', '2020-09-21 04:11:37'),
(2098, 0.00, 0, 276, '2020-09-21 04:11:45', '2020-09-21 04:11:45'),
(2099, 0.00, 0, 277, '2020-09-21 04:14:27', '2020-09-21 04:14:27'),
(2100, 0.00, 1, 277, '2020-09-21 04:14:36', '2020-09-21 04:14:36'),
(2101, 0.00, 1, 277, '2020-09-21 04:14:43', '2020-09-21 04:14:43'),
(2102, 0.00, 1, 277, '2020-09-21 04:14:52', '2020-09-21 04:14:52'),
(2103, 0.00, 1, 277, '2020-09-21 04:15:01', '2020-09-21 04:15:01'),
(2104, 0.00, 1, 277, '2020-09-21 04:15:10', '2020-09-21 04:15:10'),
(2105, 0.00, 1, 277, '2020-09-21 04:15:19', '2020-09-21 04:15:19'),
(2106, 0.00, 1, 278, '2020-09-21 04:18:26', '2020-09-21 04:18:26'),
(2107, 0.00, 0, 278, '2020-09-21 04:18:34', '2020-09-21 04:18:34'),
(2108, 0.00, 1, 278, '2020-09-21 04:18:46', '2020-09-21 04:18:46'),
(2109, 0.00, 1, 278, '2020-09-21 04:18:56', '2020-09-21 04:18:56'),
(2110, 0.00, 1, 278, '2020-09-21 04:19:04', '2020-09-21 04:19:04'),
(2111, 0.00, 1, 278, '2020-09-21 04:19:11', '2020-09-21 04:19:11'),
(2112, 0.00, 1, 278, '2020-09-21 04:19:20', '2020-09-21 04:19:20'),
(2113, 0.00, 1, 279, '2020-09-21 04:21:46', '2020-09-21 04:21:46'),
(2114, 0.00, 1, 279, '2020-09-21 04:21:55', '2020-09-21 04:21:55'),
(2115, 0.00, 1, 279, '2020-09-21 04:22:03', '2020-09-21 04:22:03'),
(2116, 0.00, 1, 279, '2020-09-21 04:22:16', '2020-09-21 04:22:16'),
(2117, 0.00, 1, 279, '2020-09-21 04:22:23', '2020-09-21 04:22:23'),
(2118, 0.00, 1, 279, '2020-09-21 04:22:30', '2020-09-21 04:22:30'),
(2119, 0.00, 1, 279, '2020-09-21 04:22:40', '2020-09-21 04:22:40'),
(2120, 0.00, 1, 280, '2020-09-21 04:25:29', '2020-09-21 04:25:29'),
(2121, 0.00, 1, 280, '2020-09-21 04:25:37', '2020-09-21 04:25:37'),
(2122, 0.00, 1, 280, '2020-09-21 04:25:45', '2020-09-21 04:25:45'),
(2123, 0.00, 1, 280, '2020-09-21 04:25:54', '2020-09-21 04:25:54'),
(2124, 0.00, 1, 280, '2020-09-21 04:26:01', '2020-09-21 04:26:01'),
(2125, 0.00, 1, 280, '2020-09-21 04:26:08', '2020-09-21 04:26:08'),
(2126, 0.00, 1, 280, '2020-09-21 04:26:29', '2020-09-21 04:26:29'),
(2127, 0.00, 1, 281, '2020-09-21 18:16:36', '2020-09-21 18:16:36'),
(2128, 0.00, 1, 281, '2020-09-21 18:16:46', '2020-09-21 18:16:46'),
(2129, 0.00, 1, 281, '2020-09-21 18:16:55', '2020-09-21 18:16:55'),
(2130, 0.00, 1, 281, '2020-09-21 18:17:02', '2020-09-21 18:17:02'),
(2131, 0.00, 1, 281, '2020-09-21 18:17:10', '2020-09-21 18:17:10'),
(2132, 0.00, 1, 281, '2020-09-21 18:17:18', '2020-09-21 18:17:18'),
(2133, 0.00, 1, 281, '2020-09-21 18:17:28', '2020-09-21 18:17:28'),
(2134, 0.00, 1, 282, '2020-09-21 18:20:53', '2020-09-21 18:20:53'),
(2135, 0.00, 0, 282, '2020-09-21 18:21:01', '2020-09-21 18:21:01'),
(2136, 0.00, 0, 282, '2020-09-21 18:21:09', '2020-09-21 18:21:09'),
(2137, 0.00, 1, 282, '2020-09-21 18:22:13', '2020-09-21 18:22:13'),
(2138, 0.00, 1, 282, '2020-09-21 18:22:21', '2020-09-21 18:22:21'),
(2139, 0.00, 1, 282, '2020-09-21 18:22:28', '2020-09-21 18:22:28'),
(2140, 0.00, 1, 282, '2020-09-21 18:22:37', '2020-09-21 18:22:37'),
(2141, 0.00, 1, 283, '2020-09-21 18:25:05', '2020-09-21 18:25:05'),
(2142, 0.00, 1, 283, '2020-09-21 18:25:13', '2020-09-21 18:25:13'),
(2143, 0.00, 1, 283, '2020-09-21 18:25:21', '2020-09-21 18:25:21'),
(2144, 0.00, 1, 283, '2020-09-21 18:25:29', '2020-09-21 18:25:29'),
(2145, 0.00, 1, 283, '2020-09-21 18:25:38', '2020-09-21 18:25:38'),
(2146, 0.00, 1, 283, '2020-09-21 18:25:45', '2020-09-21 18:25:45'),
(2147, 0.00, 1, 283, '2020-09-21 18:25:52', '2020-09-21 18:25:52'),
(2148, 0.00, 1, 284, '2020-09-21 18:29:08', '2020-09-21 18:29:08'),
(2149, 0.00, 1, 284, '2020-09-21 18:29:16', '2020-09-21 18:29:16'),
(2150, 0.00, 1, 284, '2020-09-21 18:29:25', '2020-09-21 18:29:25'),
(2151, 0.00, 1, 284, '2020-09-21 18:29:33', '2020-09-21 18:29:33'),
(2152, 0.00, 1, 284, '2020-09-21 18:29:44', '2020-09-21 18:29:44'),
(2153, 0.00, 1, 284, '2020-09-21 18:29:53', '2020-09-21 18:29:53'),
(2154, 0.00, 1, 284, '2020-09-21 18:30:03', '2020-09-21 18:30:03'),
(2155, 0.00, 1, 285, '2020-09-21 18:33:58', '2020-09-21 18:33:58'),
(2156, 0.00, 1, 285, '2020-09-21 18:34:07', '2020-09-21 18:34:07'),
(2157, 0.00, 1, 285, '2020-09-21 18:34:17', '2020-09-21 18:34:17'),
(2158, 0.00, 1, 285, '2020-09-21 18:34:25', '2020-09-21 18:34:25'),
(2159, 0.00, 1, 285, '2020-09-21 18:35:23', '2020-09-21 18:35:23'),
(2160, 0.00, 1, 285, '2020-09-21 18:35:30', '2020-09-21 18:35:30'),
(2161, 0.00, 1, 285, '2020-09-21 18:35:40', '2020-09-21 18:35:40'),
(2162, 0.00, 0, 286, '2020-09-21 18:38:57', '2020-09-21 18:38:57'),
(2163, 0.00, 1, 286, '2020-09-21 18:39:04', '2020-09-21 18:39:04'),
(2164, 0.00, 1, 286, '2020-09-21 18:39:27', '2020-09-21 18:39:27'),
(2165, 0.00, 1, 286, '2020-09-21 18:39:38', '2020-09-21 18:39:38'),
(2166, 0.00, 1, 286, '2020-09-21 18:39:46', '2020-09-21 18:39:46'),
(2167, 0.00, 1, 286, '2020-09-21 18:39:52', '2020-09-21 18:39:52'),
(2168, 0.00, 1, 286, '2020-09-21 18:40:00', '2020-09-21 18:40:00'),
(2169, 0.00, 1, 287, '2020-09-21 18:42:27', '2020-09-21 18:42:27'),
(2170, 0.00, 1, 287, '2020-09-21 18:42:59', '2020-09-21 18:42:59'),
(2171, 0.00, 1, 287, '2020-09-21 18:43:16', '2020-09-21 18:43:16'),
(2172, 0.00, 1, 287, '2020-09-21 18:43:30', '2020-09-21 18:43:30'),
(2173, 0.00, 1, 287, '2020-09-21 18:43:39', '2020-09-21 18:43:39'),
(2174, 0.00, 1, 287, '2020-09-21 18:43:49', '2020-09-21 18:43:49'),
(2175, 0.00, 1, 287, '2020-09-21 18:43:58', '2020-09-21 18:43:58'),
(2176, 0.00, 1, 288, '2020-09-21 18:47:40', '2020-09-21 18:47:40'),
(2177, 0.00, 1, 288, '2020-09-21 18:47:48', '2020-09-21 18:47:48'),
(2178, 0.00, 1, 288, '2020-09-21 18:47:58', '2020-09-21 18:47:58'),
(2179, 0.00, 1, 288, '2020-09-21 18:48:06', '2020-09-21 18:48:06'),
(2180, 0.00, 1, 288, '2020-09-21 18:48:15', '2020-09-21 18:48:15'),
(2181, 0.00, 1, 288, '2020-09-21 18:48:23', '2020-09-21 18:48:23'),
(2182, 0.00, 1, 288, '2020-09-21 18:48:39', '2020-09-21 18:48:39'),
(2183, 0.00, 1, 288, '2020-09-21 18:48:39', '2020-09-21 18:48:39'),
(2184, 0.00, 1, 289, '2020-09-21 18:52:38', '2020-09-21 18:52:38'),
(2185, 0.00, 1, 289, '2020-09-21 18:52:51', '2020-09-21 18:52:51'),
(2186, 0.00, 1, 289, '2020-09-21 18:52:59', '2020-09-21 18:52:59'),
(2187, 0.00, 1, 289, '2020-09-21 18:53:09', '2020-09-21 18:53:09'),
(2188, 0.00, 1, 289, '2020-09-21 18:53:26', '2020-09-21 18:53:26'),
(2189, 0.00, 1, 289, '2020-09-21 18:53:32', '2020-09-21 18:53:32'),
(2190, 0.00, 1, 289, '2020-09-21 18:53:41', '2020-09-21 18:53:41'),
(2191, 0.00, 1, 290, '2020-09-21 18:57:04', '2020-09-21 18:57:04'),
(2192, 0.00, 1, 290, '2020-09-21 18:57:36', '2020-09-21 18:57:36'),
(2193, 0.00, 1, 290, '2020-09-21 18:57:51', '2020-09-21 18:57:51'),
(2194, 0.00, 1, 290, '2020-09-21 18:57:51', '2020-09-21 18:57:51'),
(2195, 0.00, 1, 290, '2020-09-21 18:58:02', '2020-09-21 18:58:02'),
(2196, 0.00, 1, 290, '2020-09-21 18:58:24', '2020-09-21 18:58:24'),
(2197, 0.00, 1, 290, '2020-09-21 18:58:34', '2020-09-21 18:58:34'),
(2198, 0.00, 1, 290, '2020-09-21 18:58:45', '2020-09-21 18:58:45'),
(2199, 0.00, 0, 291, '2020-09-21 19:04:41', '2020-09-21 19:05:13'),
(2200, 0.00, 1, 291, '2020-09-21 19:05:29', '2020-09-21 19:05:29'),
(2201, 0.00, 1, 291, '2020-09-21 19:05:42', '2020-09-21 19:05:42'),
(2202, 0.00, 1, 291, '2020-09-21 19:05:50', '2020-09-21 19:05:50'),
(2203, 0.00, 1, 291, '2020-09-21 19:05:59', '2020-09-21 19:05:59'),
(2204, 0.00, 1, 291, '2020-09-21 19:06:08', '2020-09-21 19:06:08'),
(2205, 0.00, 1, 291, '2020-09-21 19:06:15', '2020-09-21 19:06:15'),
(2206, 0.00, 1, 292, '2020-09-21 19:10:07', '2020-09-21 19:10:07'),
(2207, 0.00, 1, 292, '2020-09-21 19:10:17', '2020-09-21 19:10:17'),
(2208, 0.00, 1, 292, '2020-09-21 19:10:26', '2020-09-21 19:10:26'),
(2209, 0.00, 1, 292, '2020-09-21 19:10:36', '2020-09-21 19:10:36'),
(2210, 0.00, 1, 292, '2020-09-21 19:10:49', '2020-09-21 19:10:49'),
(2211, 0.00, 1, 292, '2020-09-21 19:11:03', '2020-09-21 19:11:03'),
(2212, 0.00, 1, 292, '2020-09-21 19:11:13', '2020-09-21 19:11:13'),
(2213, 0.00, 1, 293, '2020-09-21 19:19:16', '2020-09-21 19:19:16'),
(2214, 0.00, 1, 293, '2020-09-21 19:19:23', '2020-09-21 19:19:23'),
(2215, 0.00, 1, 293, '2020-09-21 19:19:40', '2020-09-21 19:19:40'),
(2216, 0.00, 1, 293, '2020-09-21 19:19:53', '2020-09-21 19:19:53'),
(2217, 0.00, 1, 293, '2020-09-21 19:20:02', '2020-09-21 19:20:02'),
(2218, 0.00, 1, 293, '2020-09-21 19:20:10', '2020-09-21 19:20:10'),
(2219, 0.00, 1, 293, '2020-09-21 19:20:17', '2020-09-21 19:20:17'),
(2220, 0.00, 1, 294, '2020-09-21 19:55:41', '2020-09-21 19:55:41'),
(2221, 0.00, 1, 294, '2020-09-21 19:55:48', '2020-09-21 19:55:48'),
(2222, 0.00, 1, 294, '2020-09-21 19:55:57', '2020-09-21 19:55:57'),
(2223, 0.00, 1, 294, '2020-09-21 19:56:06', '2020-09-21 19:56:06'),
(2224, 0.00, 1, 294, '2020-09-21 19:56:15', '2020-09-21 19:56:15'),
(2225, 0.00, 1, 294, '2020-09-21 19:56:24', '2020-09-21 19:56:24'),
(2226, 0.00, 1, 294, '2020-09-21 19:56:37', '2020-09-21 19:56:37'),
(2227, 0.00, 1, 295, '2020-09-21 20:01:32', '2020-09-21 20:01:32'),
(2228, 0.00, 1, 295, '2020-09-21 20:01:43', '2020-09-21 20:01:43'),
(2229, 0.00, 1, 295, '2020-09-21 20:01:55', '2020-09-21 20:01:55'),
(2230, 0.00, 1, 295, '2020-09-21 20:02:06', '2020-09-21 20:02:06'),
(2231, 0.00, 1, 295, '2020-09-21 20:02:17', '2020-09-21 20:02:17'),
(2232, 0.00, 1, 295, '2020-09-21 20:03:11', '2020-09-21 20:03:11'),
(2233, 0.00, 1, 295, '2020-09-21 20:03:18', '2020-09-21 20:03:18'),
(2234, 0.00, 1, 296, '2020-09-21 20:09:06', '2020-09-21 20:09:06'),
(2235, 0.00, 0, 296, '2020-09-21 20:09:16', '2020-09-21 20:09:16'),
(2236, 0.00, 1, 296, '2020-09-21 20:09:44', '2020-09-21 20:09:44'),
(2237, 0.00, 1, 296, '2020-09-21 20:09:53', '2020-09-21 20:09:53'),
(2238, 0.00, 1, 296, '2020-09-21 20:10:00', '2020-09-21 20:10:00'),
(2239, 0.00, 1, 296, '2020-09-21 20:10:06', '2020-09-21 20:10:06'),
(2240, 0.00, 1, 296, '2020-09-21 20:10:13', '2020-09-21 20:10:13'),
(2241, 0.00, 1, 297, '2020-09-21 20:16:07', '2020-09-21 20:16:07'),
(2242, 0.00, 1, 297, '2020-09-21 20:16:15', '2020-09-21 20:16:15'),
(2243, 0.00, 1, 297, '2020-09-21 20:16:23', '2020-09-21 20:16:23'),
(2244, 0.00, 1, 297, '2020-09-21 20:16:30', '2020-09-21 20:16:30'),
(2245, 0.00, 1, 297, '2020-09-21 20:16:39', '2020-09-21 20:16:39'),
(2246, 0.00, 1, 297, '2020-09-21 20:16:45', '2020-09-21 20:16:45'),
(2247, 0.00, 1, 297, '2020-09-21 20:16:53', '2020-09-21 20:16:53'),
(2249, 0.00, 1, 298, '2020-09-21 20:20:42', '2020-09-21 20:20:42'),
(2250, 0.00, 0, 298, '2020-09-21 20:20:50', '2020-09-21 20:20:50'),
(2251, 0.00, 1, 298, '2020-09-21 20:21:26', '2020-09-21 20:21:26'),
(2252, 0.00, 1, 298, '2020-09-21 20:21:34', '2020-09-21 20:21:34'),
(2253, 0.00, 0, 298, '2020-09-21 20:21:41', '2020-09-21 20:21:41'),
(2254, 0.00, 0, 298, '2020-09-21 20:21:49', '2020-09-21 20:21:49'),
(2255, 0.00, 0, 298, '2020-09-21 20:21:57', '2020-09-21 20:21:57'),
(2256, 0.00, 1, 299, '2020-09-21 20:29:52', '2020-09-21 20:29:52'),
(2257, 0.00, 1, 299, '2020-09-21 20:30:01', '2020-09-21 20:30:01'),
(2258, 0.00, 1, 299, '2020-09-21 20:30:07', '2020-09-21 20:30:07'),
(2259, 0.00, 1, 299, '2020-09-21 20:30:16', '2020-09-21 20:30:16'),
(2260, 0.00, 1, 299, '2020-09-21 20:30:41', '2020-09-21 20:30:41'),
(2261, 0.00, 1, 299, '2020-09-21 20:30:48', '2020-09-21 20:30:48'),
(2262, 0.00, 1, 299, '2020-09-21 20:31:06', '2020-09-21 20:31:06'),
(2263, 0.00, 1, 299, '2020-09-21 20:31:06', '2020-09-21 20:31:06'),
(2264, 0.00, 1, 299, '2020-09-21 20:31:21', '2020-09-21 20:31:21'),
(2265, 0.00, 1, 299, '2020-09-21 20:31:21', '2020-09-21 20:31:21'),
(2266, 0.00, 1, 299, '2020-09-21 20:31:21', '2020-09-21 20:31:21'),
(2267, 0.00, 1, 299, '2020-09-21 20:31:21', '2020-09-21 20:31:21'),
(2268, 0.00, 1, 299, '2020-09-21 20:31:21', '2020-09-21 20:31:21'),
(2269, 0.00, 1, 300, '2020-09-21 20:36:44', '2020-09-21 20:36:44'),
(2270, 0.00, 0, 300, '2020-09-21 20:36:45', '2020-09-21 20:36:45'),
(2271, 0.00, 1, 300, '2020-09-21 20:36:46', '2020-09-21 20:36:46'),
(2272, 0.00, 1, 300, '2020-09-21 20:36:47', '2020-09-21 20:36:47'),
(2273, 0.00, 1, 300, '2020-09-21 20:36:48', '2020-09-21 20:36:48'),
(2274, 0.00, 0, 300, '2020-09-21 20:36:49', '2020-09-21 20:36:49'),
(2275, 0.00, 1, 300, '2020-09-21 20:36:50', '2020-09-21 20:36:50'),
(2276, 0.00, 1, 301, '2020-09-22 01:11:46', '2020-09-22 01:11:46'),
(2277, 0.00, 1, 301, '2020-09-22 01:11:55', '2020-09-22 01:11:55'),
(2278, 0.00, 1, 301, '2020-09-22 01:11:57', '2020-09-22 01:11:57'),
(2279, 0.00, 1, 301, '2020-09-22 01:12:14', '2020-09-22 01:12:14'),
(2280, 0.00, 1, 301, '2020-09-22 01:12:24', '2020-09-22 01:12:24'),
(2281, 0.00, 1, 301, '2020-09-22 01:12:33', '2020-09-22 01:12:33'),
(2282, 0.00, 1, 301, '2020-09-22 01:12:47', '2020-09-22 01:12:47'),
(2283, 0.00, 1, 301, '2020-09-22 01:13:10', '2020-09-22 01:13:10'),
(2284, 0.00, 1, 302, '2020-09-22 01:16:33', '2020-09-22 01:16:33'),
(2285, 0.00, 1, 302, '2020-09-22 01:16:42', '2020-09-22 01:16:42'),
(2286, 0.00, 1, 302, '2020-09-22 01:16:54', '2020-09-22 01:16:54'),
(2287, 0.00, 1, 302, '2020-09-22 01:17:04', '2020-09-22 01:17:04'),
(2288, 0.00, 1, 302, '2020-09-22 01:17:14', '2020-09-22 01:17:14'),
(2289, 0.00, 1, 302, '2020-09-22 01:17:21', '2020-09-22 01:17:21'),
(2290, 0.00, 0, 302, '2020-09-22 01:17:29', '2020-09-22 01:17:29'),
(2291, 0.00, 1, 303, '2020-09-22 01:20:40', '2020-09-22 01:20:40'),
(2292, 0.00, 1, 303, '2020-09-22 01:20:51', '2020-09-22 01:20:51'),
(2293, 0.00, 1, 303, '2020-09-22 01:21:03', '2020-09-22 01:21:03'),
(2294, 0.00, 1, 303, '2020-09-22 01:21:13', '2020-09-22 01:21:13'),
(2295, 0.00, 1, 303, '2020-09-22 01:21:23', '2020-09-22 01:21:23'),
(2296, 0.00, 1, 303, '2020-09-22 01:21:38', '2020-09-22 01:21:38'),
(2297, 0.00, 0, 303, '2020-09-22 01:21:49', '2020-09-22 01:21:49'),
(2298, 0.00, 1, 304, '2020-09-22 01:26:17', '2020-09-22 01:26:17'),
(2299, 0.00, 1, 304, '2020-09-22 01:26:25', '2020-09-22 01:26:25'),
(2300, 0.00, 1, 304, '2020-09-22 01:26:38', '2020-09-22 01:26:38'),
(2301, 0.00, 1, 304, '2020-09-22 01:26:47', '2020-09-22 01:26:47'),
(2302, 0.00, 1, 304, '2020-09-22 01:26:56', '2020-09-22 01:26:56'),
(2303, 0.00, 1, 304, '2020-09-22 01:27:04', '2020-09-22 01:27:04'),
(2304, 0.00, 0, 304, '2020-09-22 01:27:12', '2020-09-22 01:27:12'),
(2305, 0.00, 1, 305, '2020-09-22 01:30:36', '2020-09-22 01:30:36'),
(2306, 0.00, 1, 305, '2020-09-22 01:30:46', '2020-09-22 01:30:46'),
(2307, 0.00, 1, 305, '2020-09-22 01:30:59', '2020-09-22 01:30:59'),
(2308, 0.00, 1, 305, '2020-09-22 01:31:10', '2020-09-22 01:31:10'),
(2309, 0.00, 1, 305, '2020-09-22 01:31:18', '2020-09-22 01:31:18'),
(2310, 0.00, 1, 305, '2020-09-22 01:31:26', '2020-09-22 01:31:26'),
(2311, 0.00, 1, 305, '2020-09-22 01:31:36', '2020-09-22 01:31:36'),
(2312, 0.00, 1, 306, '2020-09-22 01:35:57', '2020-09-22 01:35:57'),
(2313, 0.00, 1, 306, '2020-09-22 01:36:15', '2020-09-22 01:36:15'),
(2314, 0.00, 1, 306, '2020-09-22 01:36:27', '2020-09-22 01:36:27'),
(2315, 0.00, 1, 306, '2020-09-22 01:36:39', '2020-09-22 01:36:39'),
(2316, 0.00, 1, 306, '2020-09-22 01:36:52', '2020-09-22 01:36:52'),
(2317, 0.00, 1, 306, '2020-09-22 01:37:01', '2020-09-22 01:37:01'),
(2318, 0.00, 1, 306, '2020-09-22 01:37:10', '2020-09-22 01:37:10'),
(2319, 0.00, 1, 307, '2020-09-22 01:52:19', '2020-09-22 01:52:19'),
(2320, 0.00, 1, 307, '2020-09-22 01:52:28', '2020-09-22 01:52:28'),
(2321, 0.00, 1, 307, '2020-09-22 01:52:37', '2020-09-22 01:52:37'),
(2322, 0.00, 1, 307, '2020-09-22 01:52:55', '2020-09-22 01:52:55'),
(2323, 0.00, 1, 307, '2020-09-22 01:53:05', '2020-09-22 01:53:05'),
(2324, 0.00, 1, 307, '2020-09-22 01:53:18', '2020-09-22 01:53:18'),
(2325, 0.00, 1, 307, '2020-09-22 01:53:26', '2020-09-22 01:53:26'),
(2326, 0.00, 1, 308, '2020-09-22 01:56:46', '2020-09-22 01:56:46'),
(2327, 0.00, 1, 308, '2020-09-22 01:56:56', '2020-09-22 01:56:56'),
(2328, 0.00, 1, 308, '2020-09-22 01:57:05', '2020-09-22 01:57:05'),
(2329, 0.00, 1, 308, '2020-09-22 01:57:17', '2020-09-22 01:57:17'),
(2330, 0.00, 1, 308, '2020-09-22 01:57:27', '2020-09-22 01:57:27'),
(2331, 0.00, 1, 308, '2020-09-22 01:57:37', '2020-09-22 01:57:37'),
(2332, 0.00, 1, 308, '2020-09-22 01:57:49', '2020-09-22 01:57:49'),
(2333, 0.00, 1, 309, '2020-09-22 02:00:59', '2020-09-22 02:00:59'),
(2334, 0.00, 1, 309, '2020-09-22 02:01:08', '2020-09-22 02:01:08'),
(2335, 0.00, 1, 309, '2020-09-22 02:01:23', '2020-09-22 02:01:23'),
(2336, 0.00, 1, 309, '2020-09-22 02:01:33', '2020-09-22 02:01:33'),
(2337, 0.00, 1, 309, '2020-09-22 02:01:45', '2020-09-22 02:01:45'),
(2338, 0.00, 1, 309, '2020-09-22 02:02:01', '2020-09-22 02:02:01'),
(2339, 0.00, 1, 309, '2020-09-22 02:02:12', '2020-09-22 02:02:12'),
(2340, 0.00, 1, 310, '2020-09-22 02:06:05', '2020-09-22 02:06:05'),
(2341, 0.00, 1, 310, '2020-09-22 02:06:15', '2020-09-22 02:06:15'),
(2342, 0.00, 1, 310, '2020-09-22 02:06:31', '2020-09-22 02:06:31'),
(2343, 0.00, 1, 310, '2020-09-22 02:06:44', '2020-09-22 02:06:44'),
(2344, 0.00, 1, 310, '2020-09-22 02:07:00', '2020-09-22 02:07:00'),
(2345, 0.00, 0, 310, '2020-09-22 02:07:14', '2020-09-22 02:07:14'),
(2346, 0.00, 0, 310, '2020-09-22 02:07:30', '2020-09-22 02:07:30'),
(2347, 0.00, 1, 311, '2020-09-22 02:14:01', '2020-09-22 02:14:01'),
(2348, 0.00, 1, 311, '2020-09-22 02:14:12', '2020-09-22 02:14:12'),
(2349, 0.00, 0, 311, '2020-09-22 02:14:32', '2020-09-22 02:14:32'),
(2350, 0.00, 1, 311, '2020-09-22 02:14:41', '2020-09-22 02:14:41'),
(2351, 40.00, 1, 311, '2020-09-22 02:14:51', '2020-09-22 02:14:51'),
(2352, 0.00, 1, 311, '2020-09-22 02:15:05', '2020-09-22 02:15:05'),
(2353, 0.00, 1, 311, '2020-09-22 02:15:15', '2020-09-22 02:15:15'),
(2354, 0.00, 0, 312, '2020-09-22 02:19:45', '2020-09-22 02:19:45'),
(2355, 0.00, 1, 312, '2020-09-22 02:20:00', '2020-09-22 02:20:00'),
(2356, 0.00, 1, 312, '2020-09-22 02:20:14', '2020-09-22 02:20:14'),
(2357, 0.00, 1, 312, '2020-09-22 02:20:28', '2020-09-22 02:20:28'),
(2358, 0.00, 1, 312, '2020-09-22 02:22:08', '2020-09-22 02:22:08'),
(2359, 0.00, 0, 312, '2020-09-22 02:22:18', '2020-09-22 02:22:18'),
(2360, 0.00, 0, 312, '2020-09-22 02:22:28', '2020-09-22 02:22:28'),
(2361, 0.00, 1, 313, '2020-09-22 02:26:13', '2020-09-22 02:26:13'),
(2362, 0.00, 1, 313, '2020-09-22 02:26:25', '2020-09-22 02:26:25'),
(2363, 0.00, 1, 313, '2020-09-22 02:26:37', '2020-09-22 02:26:37'),
(2364, 0.00, 1, 313, '2020-09-22 02:26:47', '2020-09-22 02:26:47'),
(2365, 0.00, 1, 313, '2020-09-22 02:26:57', '2020-09-22 02:26:57'),
(2366, 0.00, 0, 313, '2020-09-22 02:27:07', '2020-09-22 02:27:07'),
(2367, 0.00, 0, 313, '2020-09-22 02:27:19', '2020-09-22 02:27:19'),
(2368, 0.00, 0, 314, '2020-09-22 02:30:54', '2020-09-22 02:30:54'),
(2369, 0.00, 1, 314, '2020-09-22 02:31:06', '2020-09-22 02:31:06'),
(2370, 0.00, 1, 314, '2020-09-22 02:31:17', '2020-09-22 02:31:17'),
(2371, 0.00, 1, 314, '2020-09-22 02:31:30', '2020-09-22 02:31:30'),
(2372, 0.00, 1, 314, '2020-09-22 02:31:39', '2020-09-22 02:31:39'),
(2373, 0.00, 0, 314, '2020-09-22 02:32:01', '2020-09-22 02:32:01'),
(2374, 0.00, 0, 314, '2020-09-22 02:32:10', '2020-09-22 02:32:10'),
(2375, 0.00, 0, 315, '2020-09-22 02:40:26', '2020-09-22 02:40:26'),
(2376, 0.00, 1, 315, '2020-09-22 02:40:36', '2020-09-22 02:40:36'),
(2377, 0.00, 0, 315, '2020-09-22 02:40:48', '2020-09-22 02:40:48'),
(2378, 0.00, 1, 315, '2020-09-22 02:40:59', '2020-09-22 02:40:59'),
(2379, 0.00, 1, 315, '2020-09-22 02:41:29', '2020-09-22 02:41:29'),
(2380, 0.00, 1, 315, '2020-09-22 02:41:42', '2020-09-22 02:41:42'),
(2381, 0.00, 0, 315, '2020-09-22 02:41:53', '2020-09-22 02:41:53'),
(2382, 0.00, 0, 316, '2020-09-22 02:45:04', '2020-09-22 02:45:04'),
(2383, 0.00, 1, 316, '2020-09-22 02:45:36', '2020-09-22 02:45:36'),
(2384, 0.00, 1, 316, '2020-09-22 02:45:52', '2020-09-22 02:45:52'),
(2385, 0.00, 0, 316, '2020-09-22 02:46:02', '2020-09-22 02:46:02'),
(2386, 0.00, 0, 316, '2020-09-22 02:46:18', '2020-09-22 02:46:18'),
(2387, 0.00, 0, 316, '2020-09-22 02:46:27', '2020-09-22 02:46:27'),
(2388, 0.00, 0, 316, '2020-09-22 02:46:38', '2020-09-22 02:46:38'),
(2389, 0.00, 0, 317, '2020-09-22 02:49:15', '2020-09-22 02:49:15'),
(2390, 0.00, 0, 317, '2020-09-22 02:49:22', '2020-09-22 02:49:22'),
(2391, 0.00, 1, 317, '2020-09-22 02:49:31', '2020-09-22 02:49:31'),
(2392, 0.00, 1, 317, '2020-09-22 02:49:38', '2020-09-22 02:49:38'),
(2393, 0.00, 0, 317, '2020-09-22 02:49:45', '2020-09-22 02:49:45'),
(2394, 0.00, 1, 317, '2020-09-22 02:49:53', '2020-09-22 02:49:53'),
(2395, 0.00, 0, 317, '2020-09-22 02:50:04', '2020-09-22 02:50:04'),
(2396, 0.00, 1, 318, '2020-09-22 02:54:08', '2020-09-22 02:54:08'),
(2397, 0.00, 0, 318, '2020-09-22 02:54:22', '2020-09-22 02:54:22'),
(2398, 0.00, 1, 318, '2020-09-22 02:54:33', '2020-09-22 02:54:33'),
(2399, 0.00, 1, 318, '2020-09-22 02:54:46', '2020-09-22 02:54:46'),
(2400, 0.00, 1, 318, '2020-09-22 02:55:12', '2020-09-22 02:55:12'),
(2401, 0.00, 1, 318, '2020-09-22 02:55:24', '2020-09-22 02:55:24'),
(2402, 0.00, 1, 318, '2020-09-22 02:55:33', '2020-09-22 02:55:33'),
(2403, 0.00, 1, 319, '2020-09-22 02:58:44', '2020-09-22 02:58:44'),
(2404, 0.00, 0, 319, '2020-09-22 02:58:53', '2020-09-22 02:58:53'),
(2405, 0.00, 1, 319, '2020-09-22 02:59:38', '2020-09-22 02:59:38'),
(2406, 0.00, 1, 319, '2020-09-22 02:59:52', '2020-09-22 02:59:52'),
(2407, 0.00, 1, 319, '2020-09-22 03:00:08', '2020-09-22 03:00:08'),
(2408, 0.00, 1, 319, '2020-09-22 03:00:17', '2020-09-22 03:00:17'),
(2409, 0.00, 1, 319, '2020-09-22 03:00:27', '2020-09-22 03:00:27'),
(2410, 0.00, 1, 320, '2020-09-22 03:03:46', '2020-09-22 03:03:46'),
(2411, 0.00, 0, 320, '2020-09-22 03:04:57', '2020-09-22 03:04:57'),
(2412, 0.00, 1, 320, '2020-09-22 03:05:10', '2020-09-22 03:05:10'),
(2413, 0.00, 1, 320, '2020-09-22 03:05:20', '2020-09-22 03:05:20'),
(2414, 0.00, 1, 320, '2020-09-22 03:05:32', '2020-09-22 03:05:32'),
(2415, 0.00, 1, 320, '2020-09-22 03:05:44', '2020-09-22 03:05:44'),
(2416, 0.00, 1, 320, '2020-09-22 03:06:12', '2020-09-22 03:06:12'),
(2417, 0.00, 0, 321, '2020-09-22 03:09:19', '2020-09-22 03:09:19'),
(2418, 0.00, 0, 321, '2020-09-22 03:09:31', '2020-09-22 03:09:31'),
(2419, 0.00, 1, 321, '2020-09-22 03:09:42', '2020-09-22 03:09:42'),
(2420, 0.00, 1, 321, '2020-09-22 03:09:52', '2020-09-22 03:09:52'),
(2421, 0.00, 0, 321, '2020-09-22 03:10:04', '2020-09-22 03:10:04'),
(2422, 0.00, 1, 321, '2020-09-22 03:11:08', '2020-09-22 03:11:08'),
(2423, 0.00, 1, 321, '2020-09-22 03:11:23', '2020-09-22 03:11:23'),
(2424, 0.00, 1, 322, '2020-09-22 03:15:14', '2020-09-22 03:15:14'),
(2425, 0.00, 0, 322, '2020-09-22 03:15:24', '2020-09-22 03:15:24'),
(2426, 0.00, 1, 322, '2020-09-22 03:15:36', '2020-09-22 03:15:36'),
(2427, 0.00, 1, 322, '2020-09-22 03:15:46', '2020-09-22 03:15:46'),
(2428, 0.00, 1, 322, '2020-09-22 03:16:04', '2020-09-22 03:16:04'),
(2429, 0.00, 1, 322, '2020-09-22 03:16:16', '2020-09-22 03:16:16'),
(2430, 0.00, 0, 322, '2020-09-22 03:16:30', '2020-09-22 03:16:30'),
(2431, 0.00, 1, 323, '2020-09-22 03:20:49', '2020-09-22 03:20:49'),
(2432, 0.00, 0, 323, '2020-09-22 03:20:59', '2020-09-22 03:20:59'),
(2433, 0.00, 1, 323, '2020-09-22 03:21:10', '2020-09-22 03:21:10'),
(2434, 0.00, 1, 323, '2020-09-22 03:21:17', '2020-09-22 03:21:17'),
(2435, 0.00, 1, 323, '2020-09-22 03:21:26', '2020-09-22 03:21:26'),
(2436, 0.00, 1, 323, '2020-09-22 03:21:35', '2020-09-22 03:21:35'),
(2437, 0.00, 1, 323, '2020-09-22 03:21:44', '2020-09-22 03:21:44'),
(2438, 0.00, 1, 324, '2020-09-22 03:29:20', '2020-09-22 03:29:20'),
(2439, 0.00, 1, 324, '2020-09-22 03:29:36', '2020-09-22 03:29:36'),
(2440, 0.00, 1, 324, '2020-09-22 03:29:43', '2020-09-22 03:29:43'),
(2441, 0.00, 1, 324, '2020-09-22 03:29:52', '2020-09-22 03:29:52'),
(2442, 0.00, 1, 324, '2020-09-22 03:29:59', '2020-09-22 03:29:59'),
(2443, 0.00, 1, 324, '2020-09-22 03:30:05', '2020-09-22 03:30:05'),
(2444, 0.00, 1, 324, '2020-09-22 03:30:13', '2020-09-22 03:30:13'),
(2445, 0.00, 1, 325, '2020-09-22 03:37:07', '2020-09-22 03:37:07'),
(2446, 0.00, 0, 325, '2020-09-22 03:37:15', '2020-09-22 03:37:15'),
(2447, 0.00, 1, 325, '2020-09-22 03:37:24', '2020-09-22 03:37:24'),
(2448, 0.00, 1, 325, '2020-09-22 03:37:32', '2020-09-22 03:37:32'),
(2449, 0.00, 1, 325, '2020-09-22 03:37:40', '2020-09-22 03:37:40'),
(2450, 0.00, 1, 325, '2020-09-22 03:37:49', '2020-09-22 03:37:49'),
(2451, 0.00, 1, 325, '2020-09-22 03:38:01', '2020-09-22 03:38:01'),
(2452, 0.00, 1, 326, '2020-09-22 03:46:30', '2020-09-22 03:46:30'),
(2453, 0.00, 0, 326, '2020-09-22 03:46:41', '2020-09-22 03:46:48'),
(2454, 0.00, 1, 326, '2020-09-22 03:47:00', '2020-09-22 03:47:00'),
(2455, 0.00, 1, 326, '2020-09-22 03:47:09', '2020-09-22 03:47:09'),
(2456, 0.00, 1, 326, '2020-09-22 03:47:19', '2020-09-22 03:47:19'),
(2457, 0.00, 1, 326, '2020-09-22 03:47:27', '2020-09-22 03:47:27'),
(2458, 0.00, 0, 326, '2020-09-22 03:47:35', '2020-09-22 03:47:41'),
(2459, 0.00, 1, 327, '2020-09-22 03:53:05', '2020-09-22 03:53:05'),
(2460, 0.00, 0, 327, '2020-09-22 03:53:17', '2020-09-22 03:53:17'),
(2461, 0.00, 1, 327, '2020-09-22 03:54:46', '2020-09-22 03:54:46'),
(2462, 0.00, 1, 327, '2020-09-22 03:55:10', '2020-09-22 03:55:10'),
(2463, 0.00, 1, 327, '2020-09-22 03:55:20', '2020-09-22 03:55:20'),
(2464, 0.00, 1, 327, '2020-09-22 03:55:36', '2020-09-22 03:55:36'),
(2465, 0.00, 1, 327, '2020-09-22 03:55:45', '2020-09-22 03:55:45'),
(2466, 0.00, 1, 328, '2020-09-22 04:01:12', '2020-09-22 04:01:12'),
(2467, 0.00, 1, 328, '2020-09-22 04:01:29', '2020-09-22 04:01:29'),
(2468, 0.00, 1, 328, '2020-09-22 04:01:41', '2020-09-22 04:01:41'),
(2469, 0.00, 1, 328, '2020-09-22 04:02:01', '2020-09-22 04:02:01'),
(2470, 0.00, 1, 328, '2020-09-22 04:02:10', '2020-09-22 04:02:10'),
(2471, 0.00, 1, 328, '2020-09-22 04:02:18', '2020-09-22 04:02:18'),
(2472, 0.00, 0, 328, '2020-09-22 04:02:29', '2020-09-22 04:02:29'),
(2473, 0.00, 1, 329, '2020-09-22 04:08:36', '2020-09-22 04:08:36'),
(2474, 0.00, 0, 329, '2020-09-22 04:08:45', '2020-09-22 04:08:45'),
(2475, 0.00, 1, 329, '2020-09-22 04:08:55', '2020-09-22 04:08:55'),
(2476, 0.00, 1, 329, '2020-09-22 04:09:04', '2020-09-22 04:09:04'),
(2477, 0.00, 1, 329, '2020-09-22 04:09:12', '2020-09-22 04:09:12'),
(2478, 0.00, 1, 329, '2020-09-22 04:09:19', '2020-09-22 04:09:19'),
(2479, 0.00, 1, 329, '2020-09-22 04:09:28', '2020-09-22 04:09:28'),
(2480, 0.00, 1, 330, '2020-09-22 04:13:51', '2020-09-22 04:13:51'),
(2481, 0.00, 1, 330, '2020-09-22 04:14:00', '2020-09-22 04:14:00'),
(2482, 0.00, 1, 330, '2020-09-22 04:14:07', '2020-09-22 04:14:07'),
(2483, 0.00, 1, 330, '2020-09-22 04:14:20', '2020-09-22 04:14:20'),
(2484, 0.00, 1, 330, '2020-09-22 04:14:29', '2020-09-22 04:14:29'),
(2485, 0.00, 1, 330, '2020-09-22 04:14:37', '2020-09-22 04:14:37'),
(2486, 0.00, 1, 330, '2020-09-22 04:14:39', '2020-09-22 04:14:39'),
(2487, 0.00, 0, 330, '2020-09-22 04:14:46', '2020-09-22 04:14:46'),
(2488, 0.00, 1, 331, '2020-09-26 14:19:55', '2020-09-26 14:19:55'),
(2489, 0.00, 2, 331, '2020-09-26 14:19:59', '2020-09-26 14:19:59'),
(2490, 0.00, 2, 331, '2020-09-26 14:20:02', '2020-09-26 14:20:02'),
(2491, 0.00, 2, 331, '2020-09-26 14:20:09', '2020-09-26 14:20:09'),
(2492, 0.00, 1, 331, '2020-09-26 14:20:13', '2020-09-26 14:20:13'),
(2493, 0.00, 1, 331, '2020-09-26 14:20:16', '2020-09-26 14:20:16'),
(2494, 0.00, 1, 332, '2020-09-26 14:48:38', '2020-09-26 14:48:38'),
(2495, 0.00, 2, 332, '2020-09-26 14:48:45', '2020-09-26 14:48:45'),
(2496, 0.00, 2, 332, '2020-09-26 14:48:53', '2020-09-26 14:48:53'),
(2497, 0.00, 2, 332, '2020-09-26 14:49:00', '2020-09-26 14:49:00'),
(2498, 0.00, 1, 332, '2020-09-26 14:49:16', '2020-09-26 14:49:39'),
(2499, 0.00, 1, 332, '2020-09-26 14:49:24', '2020-09-26 14:49:24'),
(2500, 0.00, 1, 333, '2020-09-26 14:52:21', '2020-09-26 14:52:21'),
(2501, 0.00, 2, 333, '2020-09-26 14:52:29', '2020-09-26 14:52:29'),
(2502, 0.00, 2, 333, '2020-09-26 14:52:38', '2020-09-26 14:52:38'),
(2503, 0.00, 2, 333, '2020-09-26 14:52:44', '2020-09-26 14:52:44'),
(2504, 0.00, 1, 333, '2020-09-26 14:52:51', '2020-09-26 14:52:51'),
(2505, 0.00, 1, 333, '2020-09-26 14:52:58', '2020-09-26 14:52:58'),
(2506, 0.00, 1, 334, '2020-09-26 14:56:04', '2020-09-26 14:56:04'),
(2507, 0.00, 2, 334, '2020-09-26 14:56:10', '2020-09-26 14:56:10'),
(2508, 0.00, 2, 334, '2020-09-26 14:56:17', '2020-09-26 14:56:17'),
(2509, 0.00, 2, 334, '2020-09-26 14:56:30', '2020-09-26 14:56:30'),
(2510, 0.00, 1, 334, '2020-09-26 14:56:37', '2020-09-26 14:56:37'),
(2511, 0.00, 1, 334, '2020-09-26 14:56:43', '2020-09-26 14:56:43'),
(2512, 0.00, 1, 335, '2020-09-26 14:59:11', '2020-09-26 14:59:11'),
(2513, 0.00, 2, 335, '2020-09-26 14:59:18', '2020-09-26 14:59:18'),
(2514, 0.00, 2, 335, '2020-09-26 14:59:25', '2020-09-26 14:59:25'),
(2515, 0.00, 2, 335, '2020-09-26 14:59:34', '2020-09-26 14:59:34'),
(2516, 0.00, 1, 335, '2020-09-26 14:59:42', '2020-09-26 14:59:42'),
(2517, 0.00, 1, 335, '2020-09-26 14:59:48', '2020-09-26 14:59:48'),
(2518, 0.00, 1, 336, '2020-09-26 15:01:31', '2020-09-26 15:01:31'),
(2519, 0.00, 2, 336, '2020-09-26 15:01:36', '2020-09-26 15:01:36'),
(2520, 0.00, 2, 336, '2020-09-26 15:01:43', '2020-09-26 15:01:43'),
(2521, 0.00, 2, 336, '2020-09-26 15:01:49', '2020-09-26 15:01:49'),
(2522, 0.00, 1, 336, '2020-09-26 15:01:58', '2020-09-26 15:01:58'),
(2523, 0.00, 1, 336, '2020-09-26 15:02:06', '2020-09-26 15:02:06'),
(2524, 0.00, 1, 337, '2020-09-26 15:08:13', '2020-09-26 15:08:13'),
(2525, 0.00, 2, 337, '2020-09-26 15:08:25', '2020-09-26 15:08:25'),
(2526, 0.00, 2, 337, '2020-09-26 15:08:30', '2020-09-26 15:08:30'),
(2527, 0.00, 2, 337, '2020-09-26 15:08:39', '2020-09-26 15:08:39'),
(2528, 0.00, 1, 337, '2020-09-26 15:08:45', '2020-09-26 15:08:45'),
(2529, 0.00, 1, 337, '2020-09-26 15:08:50', '2020-09-26 15:08:50'),
(2530, 0.00, 1, 338, '2020-09-26 15:13:13', '2020-09-26 15:13:13'),
(2531, 0.00, 2, 338, '2020-09-26 15:13:14', '2020-09-26 15:13:14'),
(2532, 0.00, 2, 338, '2020-09-26 15:13:17', '2020-09-26 15:13:17'),
(2533, 0.00, 2, 338, '2020-09-26 15:13:20', '2020-09-26 15:13:20'),
(2534, 0.00, 1, 338, '2020-09-26 15:13:22', '2020-09-26 15:13:22'),
(2535, 0.00, 1, 338, '2020-09-26 15:13:25', '2020-09-26 15:13:25'),
(2536, 0.00, 1, 339, '2020-09-26 15:16:47', '2020-09-26 15:16:47'),
(2537, 0.00, 2, 339, '2020-09-26 15:16:52', '2020-09-26 15:16:52'),
(2538, 0.00, 2, 339, '2020-09-26 15:16:59', '2020-09-26 15:16:59'),
(2539, 0.00, 2, 339, '2020-09-26 15:17:05', '2020-09-26 15:17:32'),
(2540, 0.00, 1, 339, '2020-09-26 15:17:12', '2020-09-26 15:17:12'),
(2541, 0.00, 1, 339, '2020-09-26 15:17:26', '2020-09-26 15:17:26'),
(2542, 0.00, 1, 340, '2020-09-26 15:21:47', '2020-09-26 15:21:47'),
(2543, 0.00, 2, 340, '2020-09-26 15:21:52', '2020-09-26 15:21:52'),
(2544, 0.00, 2, 340, '2020-09-26 15:21:59', '2020-09-26 15:21:59'),
(2545, 0.00, 2, 340, '2020-09-26 15:22:06', '2020-09-26 15:22:06'),
(2546, 0.00, 1, 340, '2020-09-26 15:22:13', '2020-09-26 15:22:13'),
(2547, 0.00, 1, 340, '2020-09-26 15:22:19', '2020-09-26 15:22:19'),
(2548, 0.00, 1, 341, '2020-09-26 15:26:02', '2020-09-26 15:26:02'),
(2549, 0.00, 2, 341, '2020-09-26 15:26:08', '2020-09-26 15:26:08'),
(2550, 0.00, 2, 341, '2020-09-26 15:26:15', '2020-09-26 15:26:15'),
(2551, 0.00, 2, 341, '2020-09-26 15:26:22', '2020-09-26 15:26:22'),
(2552, 0.00, 1, 341, '2020-09-26 15:26:28', '2020-09-26 15:26:28'),
(2553, 0.00, 1, 341, '2020-09-26 15:26:35', '2020-09-26 15:26:35'),
(2554, 0.00, 1, 342, '2020-09-26 15:29:38', '2020-09-26 15:29:38'),
(2555, 0.00, 2, 342, '2020-09-26 15:29:43', '2020-09-26 15:29:43'),
(2556, 0.00, 2, 342, '2020-09-26 15:29:56', '2020-09-26 15:29:56'),
(2557, 0.00, 2, 342, '2020-09-26 15:30:02', '2020-09-26 15:30:02'),
(2558, 0.00, 1, 342, '2020-09-26 15:30:07', '2020-09-26 15:30:07'),
(2559, 0.00, 1, 342, '2020-09-26 15:30:14', '2020-09-26 15:30:14'),
(2560, 0.00, 1, 343, '2020-09-26 15:31:54', '2020-09-26 15:31:54'),
(2561, 0.00, 2, 343, '2020-09-26 15:32:01', '2020-09-26 15:32:01'),
(2562, 0.00, 2, 343, '2020-09-26 15:32:06', '2020-09-26 15:32:06'),
(2563, 0.00, 2, 343, '2020-09-26 15:32:07', '2020-09-26 15:32:07'),
(2564, 0.00, 2, 343, '2020-09-26 15:32:15', '2020-09-26 15:32:15'),
(2565, 0.00, 1, 343, '2020-09-26 15:32:18', '2020-09-26 15:32:18'),
(2566, 0.00, 1, 343, '2020-09-26 15:32:22', '2020-09-26 15:32:22'),
(2567, 0.00, 5, 344, '2020-10-06 19:41:55', '2020-10-06 19:42:22'),
(2568, 0.00, 5, 344, '2020-10-06 19:42:25', '2020-10-06 19:42:25'),
(2569, 0.00, 5, 344, '2020-10-06 19:42:37', '2020-10-06 19:42:37'),
(2570, 0.00, 5, 344, '2020-10-06 19:44:58', '2020-10-06 19:44:58'),
(2571, 0.00, 5, 344, '2020-10-06 19:45:00', '2020-10-06 19:45:00'),
(2572, 0.00, 5, 344, '2020-10-06 19:45:02', '2020-10-06 19:45:02'),
(2573, 0.00, 5, 344, '2020-10-06 19:45:03', '2020-10-06 19:45:03'),
(2574, 0.00, 5, 344, '2020-10-06 19:45:05', '2020-10-06 19:45:05'),
(2575, 0.00, 5, 344, '2020-10-06 19:45:08', '2020-10-06 19:45:08'),
(2576, 0.00, 5, 344, '2020-10-06 19:45:10', '2020-10-06 19:45:10'),
(2577, 0.00, 5, 344, '2020-10-06 19:45:50', '2020-10-06 19:45:50'),
(2578, 0.00, 5, 344, '2020-10-06 19:45:52', '2020-10-06 19:45:52'),
(2579, 0.00, 5, 344, '2020-10-06 19:45:54', '2020-10-06 19:45:54'),
(2580, 0.00, 5, 344, '2020-10-06 19:45:56', '2020-10-06 19:45:56'),
(2581, 0.00, 5, 345, '2020-10-06 19:50:43', '2020-10-06 19:50:43'),
(2582, 0.00, 5, 345, '2020-10-06 19:52:46', '2020-10-06 19:52:46'),
(2583, 0.00, 5, 345, '2020-10-06 19:52:46', '2020-10-06 19:52:46'),
(2584, 0.00, 5, 345, '2020-10-06 19:52:48', '2020-10-06 19:52:48'),
(2585, 0.00, 5, 345, '2020-10-06 19:52:49', '2020-10-06 19:52:49'),
(2586, 0.00, 5, 345, '2020-10-06 19:52:55', '2020-10-06 19:54:23'),
(2587, 0.00, 5, 345, '2020-10-06 19:52:57', '2020-10-06 19:54:58'),
(2588, 0.00, 5, 345, '2020-10-06 19:52:59', '2020-10-06 19:55:06'),
(2589, 0.00, 5, 345, '2020-10-06 19:56:31', '2020-10-06 19:56:31'),
(2590, 0.00, 5, 345, '2020-10-06 19:56:31', '2020-10-06 19:56:31'),
(2591, 0.00, 5, 345, '2020-10-06 19:56:32', '2020-10-06 19:56:32'),
(2592, 0.00, 5, 345, '2020-10-06 19:56:33', '2020-10-06 19:56:33'),
(2593, 0.00, 5, 345, '2020-10-06 19:56:33', '2020-10-06 19:56:33'),
(2594, 0.00, 5, 345, '2020-10-06 19:56:34', '2020-10-06 19:56:34'),
(2595, 0.00, 5, 345, '2020-10-06 19:56:34', '2020-10-06 19:56:34'),
(2596, 0.00, 5, 346, '2020-10-06 20:37:38', '2020-10-06 20:37:38'),
(2597, 0.00, 5, 346, '2020-10-06 20:38:58', '2020-10-06 20:38:58'),
(2598, 0.00, 5, 346, '2020-10-06 20:39:00', '2020-10-06 20:39:00'),
(2599, 0.00, 5, 346, '2020-10-06 20:39:03', '2020-10-06 20:39:03'),
(2600, 0.00, 5, 346, '2020-10-06 20:39:13', '2020-10-06 20:39:13'),
(2601, 0.00, 5, 346, '2020-10-06 20:39:15', '2020-10-06 20:39:15'),
(2602, 0.00, 5, 346, '2020-10-06 20:40:39', '2020-10-06 20:40:39'),
(2603, 0.00, 5, 346, '2020-10-06 20:40:41', '2020-10-06 20:40:41'),
(2604, 0.00, 5, 346, '2020-10-06 20:40:43', '2020-10-06 20:40:43'),
(2605, 0.00, 5, 346, '2020-10-06 20:40:45', '2020-10-06 20:40:45'),
(2606, 0.00, 5, 346, '2020-10-06 20:40:48', '2020-10-06 20:40:48'),
(2607, 0.00, 5, 346, '2020-10-06 20:40:50', '2020-10-06 20:40:50'),
(2608, 0.00, 5, 346, '2020-10-06 20:40:52', '2020-10-06 20:40:52'),
(2609, 0.00, 5, 346, '2020-10-06 20:40:54', '2020-10-06 20:40:54'),
(2610, 0.00, 5, 347, '2020-10-06 20:43:50', '2020-10-06 20:43:50'),
(2611, 0.00, 5, 347, '2020-10-06 20:44:59', '2020-10-06 20:44:59'),
(2612, 0.00, 5, 347, '2020-10-06 20:45:00', '2020-10-06 20:45:00'),
(2613, 0.00, 5, 347, '2020-10-06 20:45:02', '2020-10-06 20:45:02'),
(2614, 0.00, 5, 347, '2020-10-06 20:45:05', '2020-10-06 20:45:05'),
(2615, 0.00, 5, 347, '2020-10-06 20:45:08', '2020-10-06 20:45:08'),
(2616, 0.00, 5, 347, '2020-10-06 20:45:12', '2020-10-06 20:45:12'),
(2617, 0.00, 5, 347, '2020-10-06 20:46:38', '2020-10-06 20:46:38'),
(2618, 0.00, 5, 347, '2020-10-06 20:46:39', '2020-10-06 20:46:39'),
(2619, 0.00, 5, 347, '2020-10-06 20:46:42', '2020-10-06 20:46:42'),
(2620, 0.00, 5, 347, '2020-10-06 20:46:44', '2020-10-06 20:46:44'),
(2621, 0.00, 5, 347, '2020-10-06 20:46:47', '2020-10-06 20:46:47'),
(2622, 0.00, 5, 347, '2020-10-06 20:46:49', '2020-10-06 20:46:49'),
(2623, 0.00, 5, 347, '2020-10-06 20:46:52', '2020-10-06 20:46:52'),
(2624, 0.00, 5, 348, '2020-10-06 20:53:06', '2020-10-06 20:53:06'),
(2625, 0.00, 5, 348, '2020-10-06 20:54:42', '2020-10-06 20:54:42'),
(2626, 0.00, 5, 348, '2020-10-06 20:54:44', '2020-10-06 20:54:44'),
(2627, 0.00, 5, 348, '2020-10-06 20:54:46', '2020-10-06 20:54:46'),
(2628, 0.00, 5, 348, '2020-10-06 20:54:49', '2020-10-06 20:54:49'),
(2629, 0.00, 5, 348, '2020-10-06 20:54:52', '2020-10-06 20:54:52'),
(2630, 0.00, 5, 348, '2020-10-06 20:54:56', '2020-10-06 20:54:56'),
(2631, 0.00, 5, 348, '2020-10-06 20:54:58', '2020-10-06 20:54:58'),
(2632, 0.00, 5, 348, '2020-10-06 20:56:28', '2020-10-06 20:56:28'),
(2633, 0.00, 5, 348, '2020-10-06 20:56:30', '2020-10-06 20:56:30'),
(2634, 0.00, 5, 348, '2020-10-06 20:56:40', '2020-10-06 20:56:40'),
(2635, 0.00, 5, 348, '2020-10-06 20:56:42', '2020-10-06 20:56:42'),
(2636, 0.00, 5, 348, '2020-10-06 20:56:45', '2020-10-06 20:56:45'),
(2637, 0.00, 5, 348, '2020-10-06 20:56:48', '2020-10-06 20:56:48'),
(2638, 0.00, 5, 349, '2020-10-06 21:00:40', '2020-10-06 21:00:40'),
(2639, 0.00, 5, 349, '2020-10-06 21:03:03', '2020-10-06 21:03:03'),
(2640, 0.00, 5, 349, '2020-10-06 21:03:05', '2020-10-06 21:03:05'),
(2641, 0.00, 5, 349, '2020-10-06 21:03:07', '2020-10-06 21:03:07'),
(2642, 0.00, 5, 349, '2020-10-06 21:03:10', '2020-10-06 21:03:10'),
(2643, 0.00, 5, 349, '2020-10-06 21:03:12', '2020-10-06 21:03:12'),
(2644, 0.00, 5, 349, '2020-10-06 21:03:15', '2020-10-06 21:03:15'),
(2645, 0.00, 5, 349, '2020-10-06 21:03:35', '2020-10-06 21:03:35'),
(2646, 0.00, 5, 349, '2020-10-06 21:03:38', '2020-10-06 21:03:38'),
(2647, 0.00, 5, 349, '2020-10-06 21:03:40', '2020-10-06 21:03:40'),
(2648, 0.00, 5, 349, '2020-10-06 21:03:42', '2020-10-06 21:03:42'),
(2649, 0.00, 5, 349, '2020-10-06 21:03:46', '2020-10-06 21:03:46'),
(2650, 0.00, 5, 349, '2020-10-06 21:03:48', '2020-10-06 21:03:48'),
(2651, 0.00, 5, 349, '2020-10-06 21:03:55', '2020-10-06 21:03:55'),
(2652, 0.00, 5, 350, '2020-10-06 21:07:20', '2020-10-06 21:07:20'),
(2653, 0.00, 5, 350, '2020-10-06 21:09:49', '2020-10-06 21:09:49'),
(2654, 0.00, 5, 350, '2020-10-06 21:09:51', '2020-10-06 21:09:51'),
(2655, 0.00, 5, 350, '2020-10-06 21:09:53', '2020-10-06 21:09:53'),
(2656, 0.00, 5, 350, '2020-10-06 21:09:56', '2020-10-06 21:09:56'),
(2657, 0.00, 5, 350, '2020-10-06 21:09:58', '2020-10-06 21:09:58'),
(2658, 0.00, 5, 350, '2020-10-06 21:11:34', '2020-10-06 21:11:34'),
(2659, 0.00, 5, 350, '2020-10-06 21:11:34', '2020-10-06 21:11:34'),
(2660, 0.00, 5, 350, '2020-10-06 21:11:35', '2020-10-06 21:11:35'),
(2661, 0.00, 5, 350, '2020-10-06 21:11:40', '2020-10-06 21:11:40'),
(2662, 0.00, 5, 350, '2020-10-06 21:11:41', '2020-10-06 21:11:41'),
(2663, 0.00, 5, 350, '2020-10-06 21:11:41', '2020-10-06 21:11:41'),
(2664, 0.00, 5, 350, '2020-10-06 21:11:42', '2020-10-06 21:11:42'),
(2665, 0.00, 5, 350, '2020-10-06 21:11:43', '2020-10-06 21:11:43'),
(2666, 0.00, 5, 351, '2020-10-06 21:28:13', '2020-10-06 21:28:13'),
(2667, 0.00, 5, 351, '2020-10-06 21:30:41', '2020-10-06 21:30:41'),
(2668, 0.00, 5, 351, '2020-10-06 21:30:41', '2020-10-06 21:30:41'),
(2669, 0.00, 5, 351, '2020-10-06 21:30:42', '2020-10-06 21:30:42'),
(2670, 0.00, 5, 351, '2020-10-06 21:30:43', '2020-10-06 21:30:43'),
(2671, 0.00, 5, 351, '2020-10-06 21:30:43', '2020-10-06 21:30:43'),
(2672, 0.00, 5, 351, '2020-10-06 21:30:44', '2020-10-06 21:30:44'),
(2673, 0.00, 5, 351, '2020-10-06 21:30:47', '2020-10-06 21:31:16'),
(2674, 0.00, 5, 351, '2020-10-06 21:31:17', '2020-10-06 21:31:17'),
(2675, 0.00, 5, 351, '2020-10-06 21:31:21', '2020-10-06 21:31:21'),
(2676, 0.00, 5, 351, '2020-10-06 21:31:23', '2020-10-06 21:31:23'),
(2677, 0.00, 5, 351, '2020-10-06 21:31:25', '2020-10-06 21:31:25'),
(2678, 0.00, 5, 351, '2020-10-06 21:31:28', '2020-10-06 21:31:28'),
(2679, 0.00, 5, 351, '2020-10-06 21:31:30', '2020-10-06 21:31:30'),
(2680, 0.00, 5, 352, '2020-10-06 21:40:09', '2020-10-06 21:40:09'),
(2681, 0.00, 5, 352, '2020-10-06 21:41:53', '2020-10-06 21:41:53'),
(2682, 0.00, 5, 352, '2020-10-06 21:41:55', '2020-10-06 21:41:55'),
(2683, 0.00, 5, 352, '2020-10-06 21:41:57', '2020-10-06 21:41:57'),
(2684, 0.00, 5, 352, '2020-10-06 21:42:00', '2020-10-06 21:42:00'),
(2685, 0.00, 5, 352, '2020-10-06 21:42:02', '2020-10-06 21:42:02'),
(2686, 0.00, 5, 352, '2020-10-06 21:42:05', '2020-10-06 21:42:05'),
(2687, 0.00, 5, 352, '2020-10-06 21:42:09', '2020-10-06 21:42:09'),
(2688, 0.00, 5, 352, '2020-10-06 21:42:12', '2020-10-06 21:42:12'),
(2689, 0.00, 5, 352, '2020-10-06 21:42:14', '2020-10-06 21:42:14'),
(2690, 0.00, 5, 352, '2020-10-06 21:43:10', '2020-10-06 21:43:10'),
(2691, 0.00, 5, 352, '2020-10-06 21:43:11', '2020-10-06 21:43:11'),
(2692, 0.00, 5, 352, '2020-10-06 21:43:12', '2020-10-06 21:43:12'),
(2693, 0.00, 5, 352, '2020-10-06 21:43:13', '2020-10-06 21:43:13'),
(2694, 0.00, 5, 353, '2020-10-07 03:19:08', '2020-10-07 03:19:08'),
(2695, 0.00, 5, 353, '2020-10-07 03:21:24', '2020-10-07 03:21:24'),
(2696, 0.00, 5, 353, '2020-10-07 03:21:25', '2020-10-07 03:21:25'),
(2697, 0.00, 5, 353, '2020-10-07 03:21:27', '2020-10-07 03:21:27'),
(2698, 0.00, 5, 353, '2020-10-07 03:21:28', '2020-10-07 03:21:28'),
(2699, 0.00, 5, 353, '2020-10-07 03:21:52', '2020-10-07 03:21:52'),
(2700, 0.00, 5, 353, '2020-10-07 03:21:52', '2020-10-07 03:21:52'),
(2701, 0.00, 5, 353, '2020-10-07 03:21:53', '2020-10-07 03:21:53'),
(2702, 0.00, 5, 353, '2020-10-07 03:21:54', '2020-10-07 03:21:54'),
(2703, 0.00, 5, 353, '2020-10-07 03:21:55', '2020-10-07 03:21:55'),
(2704, 0.00, 5, 353, '2020-10-07 03:21:56', '2020-10-07 03:21:56'),
(2705, 0.00, 5, 353, '2020-10-07 03:22:11', '2020-10-07 03:22:11'),
(2706, 0.00, 5, 353, '2020-10-07 03:22:12', '2020-10-07 03:22:12'),
(2707, 0.00, 5, 353, '2020-10-07 03:22:13', '2020-10-07 03:22:13'),
(2713, 0.00, 5, 354, '2020-10-07 03:33:00', '2020-10-07 03:33:00'),
(2714, 0.00, 5, 354, '2020-10-07 03:34:27', '2020-10-07 03:34:27'),
(2715, 0.00, 5, 354, '2020-10-07 03:34:47', '2020-10-07 03:34:47'),
(2719, 0.00, 5, 354, '2020-10-07 03:40:30', '2020-10-07 03:40:30'),
(2720, 0.00, 5, 354, '2020-10-07 03:40:31', '2020-10-07 03:40:31'),
(2721, 0.00, 5, 354, '2020-10-07 03:40:31', '2020-10-07 03:40:31'),
(2722, 0.00, 5, 354, '2020-10-07 03:41:06', '2020-10-07 03:41:06'),
(2723, 0.00, 5, 354, '2020-10-07 03:41:30', '2020-10-07 03:41:30'),
(2724, 0.00, 5, 354, '2020-10-07 03:41:53', '2020-10-07 03:41:53'),
(2725, 0.00, 5, 354, '2020-10-07 03:42:18', '2020-10-07 03:42:18'),
(2726, 0.00, 5, 354, '2020-10-07 03:43:09', '2020-10-07 03:43:09'),
(2727, 0.00, 5, 354, '2020-10-07 03:43:34', '2020-10-07 03:43:34'),
(2728, 0.00, 5, 354, '2020-10-07 03:43:50', '2020-10-07 03:43:50'),
(2729, 0.00, 5, 354, '2020-10-07 03:44:12', '2020-10-07 03:44:12'),
(2730, 0.00, 5, 355, '2020-10-07 03:53:21', '2020-10-07 03:53:21'),
(2731, 0.00, 5, 355, '2020-10-07 03:53:46', '2020-10-07 03:53:46'),
(2732, 0.00, 5, 355, '2020-10-07 03:53:47', '2020-10-07 03:53:47'),
(2733, 0.00, 5, 355, '2020-10-07 03:54:09', '2020-10-07 03:54:09'),
(2734, 0.00, 5, 355, '2020-10-07 03:54:53', '2020-10-07 03:54:53'),
(2735, 0.00, 5, 355, '2020-10-07 03:55:08', '2020-10-07 03:55:08'),
(2736, 0.00, 5, 355, '2020-10-07 03:55:08', '2020-10-07 03:55:08'),
(2737, 0.00, 5, 355, '2020-10-07 03:55:09', '2020-10-07 03:55:09'),
(2738, 0.00, 5, 355, '2020-10-07 03:55:10', '2020-10-07 03:55:10'),
(2739, 0.00, 5, 355, '2020-10-07 03:56:00', '2020-10-07 03:56:00'),
(2740, 0.00, 5, 355, '2020-10-07 03:56:00', '2020-10-07 03:56:00'),
(2741, 0.00, 5, 355, '2020-10-07 03:56:01', '2020-10-07 03:56:01'),
(2742, 0.00, 5, 355, '2020-10-07 03:56:02', '2020-10-07 03:56:02'),
(2743, 0.00, 5, 356, '2020-10-07 04:04:34', '2020-10-07 04:04:34'),
(2744, 0.00, 5, 356, '2020-10-07 04:05:31', '2020-10-07 04:05:31'),
(2745, 0.00, 5, 356, '2020-10-07 04:05:31', '2020-10-07 04:05:31'),
(2746, 0.00, 5, 356, '2020-10-07 04:05:33', '2020-10-07 04:05:33'),
(2747, 0.00, 5, 356, '2020-10-07 04:05:35', '2020-10-07 04:05:35'),
(2748, 0.00, 5, 356, '2020-10-07 04:05:37', '2020-10-07 04:05:37');
INSERT INTO `feature_options` (`id`, `price`, `count`, `feature_id`, `created_at`, `updated_at`) VALUES
(2749, 0.00, 5, 356, '2020-10-07 04:06:21', '2020-10-07 04:06:21'),
(2750, 0.00, 5, 356, '2020-10-07 04:06:22', '2020-10-07 04:06:22'),
(2751, 0.00, 5, 356, '2020-10-07 04:06:23', '2020-10-07 04:06:23'),
(2752, 0.00, 5, 356, '2020-10-07 04:06:38', '2020-10-07 04:06:38'),
(2753, 0.00, 5, 356, '2020-10-07 04:07:03', '2020-10-07 04:07:03'),
(2754, 0.00, 5, 356, '2020-10-07 04:07:04', '2020-10-07 04:07:04'),
(2755, 0.00, 5, 356, '2020-10-07 04:07:05', '2020-10-07 04:07:05'),
(2756, 0.00, 5, 356, '2020-10-07 04:07:16', '2020-10-07 04:07:16'),
(2757, 0.00, 5, 357, '2020-10-07 04:13:36', '2020-10-07 04:13:36'),
(2758, 0.00, 5, 357, '2020-10-07 04:14:07', '2020-10-07 04:14:07'),
(2759, 0.00, 5, 357, '2020-10-07 04:17:06', '2020-10-07 04:17:06'),
(2760, 0.00, 5, 357, '2020-10-07 04:17:08', '2020-10-07 04:17:08'),
(2761, 0.00, 5, 357, '2020-10-07 04:17:09', '2020-10-07 04:17:09'),
(2762, 0.00, 5, 357, '2020-10-07 04:17:09', '2020-10-07 04:17:09'),
(2763, 0.00, 5, 357, '2020-10-07 04:17:10', '2020-10-07 04:17:10'),
(2764, 0.00, 5, 357, '2020-10-07 04:17:10', '2020-10-07 04:17:10'),
(2765, 0.00, 5, 357, '2020-10-07 04:17:11', '2020-10-07 04:17:11'),
(2766, 0.00, 5, 357, '2020-10-07 04:17:14', '2020-10-07 04:17:14'),
(2767, 0.00, 5, 357, '2020-10-07 04:17:18', '2020-10-07 04:17:18'),
(2768, 0.00, 5, 357, '2020-10-07 04:17:18', '2020-10-07 04:17:18'),
(2769, 0.00, 5, 357, '2020-10-07 04:17:19', '2020-10-07 04:17:19'),
(2770, 0.00, 5, 357, '2020-10-07 04:17:21', '2020-10-07 04:17:21'),
(2771, 0.00, 5, 358, '2020-10-07 04:22:43', '2020-10-07 04:22:43'),
(2772, 0.00, 5, 358, '2020-10-07 04:22:46', '2020-10-07 04:22:46'),
(2773, 0.00, 5, 358, '2020-10-07 04:22:55', '2020-10-07 04:22:55'),
(2774, 0.00, 5, 358, '2020-10-07 04:23:00', '2020-10-07 04:23:00'),
(2775, 0.00, 5, 358, '2020-10-07 04:23:05', '2020-10-07 04:23:05'),
(2776, 0.00, 5, 358, '2020-10-07 04:24:10', '2020-10-07 04:24:10'),
(2777, 0.00, 5, 358, '2020-10-07 04:24:14', '2020-10-07 04:24:14'),
(2778, 0.00, 5, 358, '2020-10-07 04:24:57', '2020-10-07 04:24:57'),
(2779, 0.00, 5, 358, '2020-10-07 04:25:45', '2020-10-07 04:25:45'),
(2780, 0.00, 5, 358, '2020-10-07 04:26:06', '2020-10-07 04:26:06'),
(2781, 0.00, 5, 358, '2020-10-07 04:26:28', '2020-10-07 04:26:28'),
(2782, 0.00, 5, 358, '2020-10-07 04:26:28', '2020-10-07 04:26:28'),
(2783, 0.00, 5, 358, '2020-10-07 04:26:52', '2020-10-07 04:26:52'),
(2784, 0.00, 5, 358, '2020-10-07 04:26:52', '2020-10-07 04:26:52'),
(2785, 0.00, 5, 358, '2020-10-07 04:27:14', '2020-10-07 04:27:14'),
(2786, 0.00, 5, 358, '2020-10-07 04:27:45', '2020-10-07 04:27:45'),
(2787, 0.00, 5, 359, '2020-10-07 04:33:42', '2020-10-07 04:33:42'),
(2788, 0.00, 5, 359, '2020-10-07 04:34:33', '2020-10-07 04:34:33'),
(2789, 0.00, 5, 359, '2020-10-07 04:35:05', '2020-10-07 04:35:05'),
(2790, 0.00, 5, 359, '2020-10-07 04:36:13', '2020-10-07 04:36:13'),
(2791, 0.00, 5, 359, '2020-10-07 04:36:33', '2020-10-07 04:36:33'),
(2792, 0.00, 5, 359, '2020-10-07 04:36:51', '2020-10-07 04:36:52'),
(2793, 0.00, 5, 359, '2020-10-07 04:38:24', '2020-10-07 04:38:24'),
(2794, 0.00, 5, 359, '2020-10-07 04:38:25', '2020-10-07 04:38:25'),
(2795, 0.00, 5, 359, '2020-10-07 04:38:26', '2020-10-07 04:38:26'),
(2796, 0.00, 5, 359, '2020-10-07 04:38:27', '2020-10-07 04:38:27'),
(2797, 0.00, 5, 359, '2020-10-07 04:38:28', '2020-10-07 04:38:28'),
(2798, 0.00, 5, 359, '2020-10-07 04:38:29', '2020-10-07 04:38:29'),
(2799, 0.00, 5, 359, '2020-10-07 04:38:30', '2020-10-07 04:38:30'),
(2800, 0.00, 5, 359, '2020-10-07 04:38:30', '2020-10-07 04:38:30'),
(2801, 0.00, 5, 360, '2020-10-07 04:43:12', '2020-10-07 04:43:12'),
(2802, 0.00, 5, 360, '2020-10-07 04:43:25', '2020-10-07 04:43:25'),
(2803, 0.00, 5, 360, '2020-10-07 04:45:54', '2020-10-07 04:45:54'),
(2808, 0.00, 5, 360, '2020-10-07 04:48:11', '2020-10-07 04:48:11'),
(2809, 0.00, 5, 360, '2020-10-07 04:48:13', '2020-10-07 04:48:13'),
(2810, 0.00, 5, 360, '2020-10-07 04:48:15', '2020-10-07 04:48:15'),
(2811, 0.00, 5, 360, '2020-10-07 04:48:17', '2020-10-07 04:48:17'),
(2812, 0.00, 5, 360, '2020-10-07 04:48:19', '2020-10-07 04:48:19'),
(2813, 0.00, 5, 360, '2020-10-07 04:48:21', '2020-10-07 04:48:21'),
(2814, 0.00, 5, 360, '2020-10-07 04:48:23', '2020-10-07 04:48:23'),
(2815, 0.00, 5, 360, '2020-10-07 04:48:25', '2020-10-07 04:48:25'),
(2816, 0.00, 5, 360, '2020-10-07 04:48:33', '2020-10-07 04:48:34'),
(2817, 0.00, 5, 360, '2020-10-07 04:48:37', '2020-10-07 04:48:37'),
(2818, 0.00, 5, 360, '2020-10-07 04:48:39', '2020-10-07 04:48:39'),
(2819, 0.00, 5, 361, '2020-10-07 04:53:35', '2020-10-07 04:53:35'),
(2820, 0.00, 5, 361, '2020-10-07 04:54:39', '2020-10-07 04:54:39'),
(2821, 0.00, 5, 361, '2020-10-07 04:54:40', '2020-10-07 04:54:40'),
(2822, 0.00, 5, 361, '2020-10-07 04:54:44', '2020-10-07 04:54:44'),
(2823, 0.00, 5, 361, '2020-10-07 04:54:48', '2020-10-07 04:54:48'),
(2824, 0.00, 5, 361, '2020-10-07 04:54:52', '2020-10-07 04:54:52'),
(2825, 0.00, 5, 361, '2020-10-07 04:55:08', '2020-10-07 04:55:08'),
(2826, 0.00, 5, 361, '2020-10-07 04:55:18', '2020-10-07 04:55:18'),
(2827, 0.00, 5, 361, '2020-10-07 04:55:31', '2020-10-07 04:55:31'),
(2828, 0.00, 5, 361, '2020-10-07 04:55:45', '2020-10-07 04:55:45'),
(2829, 0.00, 5, 361, '2020-10-07 04:56:02', '2020-10-07 04:56:02'),
(2830, 0.00, 5, 361, '2020-10-07 04:56:26', '2020-10-07 04:56:26'),
(2831, 0.00, 5, 361, '2020-10-07 04:56:26', '2020-10-07 04:56:26'),
(2832, 0.00, 5, 361, '2020-10-07 04:56:37', '2020-10-07 04:56:37'),
(2844, 0.00, 5, 362, '2020-10-07 20:55:42', '2020-10-07 20:55:51'),
(2870, 0.00, 5, 362, '2020-10-07 20:58:48', '2020-10-07 20:58:48'),
(2871, 0.00, 5, 362, '2020-10-07 20:58:49', '2020-10-07 20:58:49'),
(2872, 0.00, 5, 362, '2020-10-07 20:58:54', '2020-10-07 20:58:54'),
(2873, 0.00, 5, 362, '2020-10-07 20:58:56', '2020-10-07 20:58:56'),
(2874, 0.00, 5, 362, '2020-10-07 20:58:58', '2020-10-07 20:58:58'),
(2875, 0.00, 5, 362, '2020-10-07 20:59:00', '2020-10-07 20:59:00'),
(2876, 0.00, 5, 362, '2020-10-07 20:59:02', '2020-10-07 20:59:02'),
(2877, 0.00, 5, 362, '2020-10-07 20:59:34', '2020-10-07 20:59:34'),
(2878, 0.00, 5, 362, '2020-10-07 20:59:35', '2020-10-07 20:59:35'),
(2879, 0.00, 5, 362, '2020-10-07 20:59:37', '2020-10-07 20:59:37'),
(2880, 0.00, 5, 362, '2020-10-07 20:59:40', '2020-10-07 20:59:40'),
(2881, 0.00, 5, 362, '2020-10-07 20:59:42', '2020-10-07 20:59:42'),
(2882, 0.00, 5, 362, '2020-10-07 20:59:44', '2020-10-07 20:59:44'),
(2897, 0.00, 5, 363, '2020-10-07 21:04:42', '2020-10-07 21:04:42'),
(2898, 0.00, 5, 363, '2020-10-07 21:05:01', '2020-10-07 21:05:01'),
(2899, 0.00, 5, 363, '2020-10-07 21:08:19', '2020-10-07 21:08:19'),
(2900, 0.00, 5, 363, '2020-10-07 21:08:20', '2020-10-07 21:08:20'),
(2901, 0.00, 5, 363, '2020-10-07 21:08:23', '2020-10-07 21:08:23'),
(2902, 0.00, 5, 363, '2020-10-07 21:08:25', '2020-10-07 21:08:25'),
(2903, 0.00, 5, 363, '2020-10-07 21:08:28', '2020-10-07 21:08:28'),
(2904, 0.00, 5, 363, '2020-10-07 21:08:30', '2020-10-07 21:08:30'),
(2905, 0.00, 5, 363, '2020-10-07 21:08:32', '2020-10-07 21:08:32'),
(2906, 0.00, 5, 363, '2020-10-07 21:08:35', '2020-10-07 21:08:35'),
(2907, 0.00, 5, 363, '2020-10-07 21:08:38', '2020-10-07 21:08:38'),
(2908, 0.00, 5, 363, '2020-10-07 21:08:40', '2020-10-07 21:08:40'),
(2909, 0.00, 5, 363, '2020-10-07 21:08:42', '2020-10-07 21:08:42'),
(2910, 0.00, 5, 363, '2020-10-07 21:08:45', '2020-10-07 21:08:45'),
(2911, 0.00, 1, 364, '2020-10-10 11:16:51', '2020-10-10 11:16:51'),
(2912, 0.00, 1, 364, '2020-10-10 11:17:03', '2020-10-10 11:17:03'),
(2913, 0.00, 1, 364, '2020-10-10 11:17:12', '2020-10-10 11:17:12'),
(2914, 0.00, 1, 364, '2020-10-10 11:17:21', '2020-10-10 11:17:21'),
(2915, 0.00, 1, 364, '2020-10-10 11:17:30', '2020-10-10 11:17:30'),
(2916, 0.00, 1, 364, '2020-10-10 11:17:41', '2020-10-10 11:17:41'),
(2917, 0.00, 1, 364, '2020-10-10 11:17:48', '2020-10-10 11:17:48'),
(2918, 0.00, 1, 364, '2020-10-10 11:18:07', '2020-10-10 11:18:07'),
(2919, 0.00, 1, 364, '2020-10-10 11:18:16', '2020-10-10 11:18:16'),
(2920, 0.00, 1, 364, '2020-10-10 11:18:24', '2020-10-10 11:18:24'),
(2921, 0.00, 1, 364, '2020-10-10 11:18:31', '2020-10-10 11:18:31'),
(2922, 0.00, 1, 364, '2020-10-10 11:18:39', '2020-10-10 11:18:39'),
(2923, 0.00, 1, 364, '2020-10-10 11:18:45', '2020-10-10 11:18:45'),
(2924, 0.00, 1, 364, '2020-10-10 11:18:52', '2020-10-10 11:18:52'),
(2925, 0.00, 1, 364, '2020-10-10 11:19:01', '2020-10-10 11:19:01'),
(2926, 0.00, 1, 364, '2020-10-10 11:19:10', '2020-10-10 11:19:10'),
(2927, 0.00, 1, 365, '2020-10-10 11:29:49', '2020-10-10 11:29:49'),
(2928, 0.00, 1, 365, '2020-10-10 11:29:51', '2020-10-10 11:29:51'),
(2929, 0.00, 1, 365, '2020-10-10 11:29:52', '2020-10-10 11:29:52'),
(2930, 0.00, 1, 365, '2020-10-10 11:29:54', '2020-10-10 11:29:54'),
(2931, 0.00, 1, 365, '2020-10-10 11:29:56', '2020-10-10 11:29:56'),
(2932, 0.00, 1, 365, '2020-10-10 11:29:58', '2020-10-10 11:29:58'),
(2933, 0.00, 1, 365, '2020-10-10 11:29:59', '2020-10-10 11:29:59'),
(2934, 0.00, 1, 365, '2020-10-10 11:30:01', '2020-10-10 11:30:01'),
(2935, 0.00, 1, 365, '2020-10-10 11:30:02', '2020-10-10 11:30:02'),
(2936, 0.00, 1, 365, '2020-10-10 11:30:04', '2020-10-10 11:30:04'),
(2937, 0.00, 1, 365, '2020-10-10 11:30:06', '2020-10-10 11:30:06'),
(2938, 0.00, 1, 365, '2020-10-10 11:30:07', '2020-10-10 11:30:07'),
(2939, 0.00, 1, 365, '2020-10-10 11:30:09', '2020-10-10 11:30:09'),
(2940, 0.00, 1, 365, '2020-10-10 11:30:10', '2020-10-10 11:30:10'),
(2941, 0.00, 1, 365, '2020-10-10 11:30:11', '2020-10-10 11:30:11'),
(2942, 0.00, 1, 365, '2020-10-10 11:30:13', '2020-10-10 11:30:13'),
(2943, 0.00, 1, 366, '2020-10-10 11:34:29', '2020-10-10 11:34:29'),
(2944, 0.00, 1, 366, '2020-10-10 11:34:30', '2020-10-10 11:34:30'),
(2945, 0.00, 1, 366, '2020-10-10 11:34:31', '2020-10-10 11:34:31'),
(2946, 0.00, 1, 366, '2020-10-10 11:34:32', '2020-10-10 11:34:32'),
(2947, 0.00, 1, 366, '2020-10-10 11:34:34', '2020-10-10 11:34:34'),
(2948, 0.00, 1, 366, '2020-10-10 11:34:35', '2020-10-10 11:34:35'),
(2949, 0.00, 1, 366, '2020-10-10 11:34:36', '2020-10-10 11:34:36'),
(2950, 0.00, 1, 366, '2020-10-10 11:34:37', '2020-10-10 11:34:37'),
(2951, 0.00, 1, 366, '2020-10-10 11:34:38', '2020-10-10 11:34:38'),
(2952, 0.00, 1, 366, '2020-10-10 11:34:39', '2020-10-10 11:34:39'),
(2953, 0.00, 1, 366, '2020-10-10 11:34:40', '2020-10-10 11:34:40'),
(2954, 0.00, 1, 366, '2020-10-10 11:34:41', '2020-10-10 11:34:41'),
(2955, 0.00, 1, 366, '2020-10-10 11:34:42', '2020-10-10 11:34:42'),
(2956, 0.00, 1, 366, '2020-10-10 11:34:43', '2020-10-10 11:34:43'),
(2957, 0.00, 1, 366, '2020-10-10 11:34:44', '2020-10-10 11:34:44'),
(2958, 0.00, 1, 366, '2020-10-10 11:34:45', '2020-10-10 11:34:45'),
(2959, 0.00, 1, 368, '2020-10-10 11:49:26', '2020-10-10 11:49:26'),
(2960, 0.00, 1, 368, '2020-10-10 11:49:27', '2020-10-10 11:49:27'),
(2961, 0.00, 1, 368, '2020-10-10 11:49:28', '2020-10-10 11:49:28'),
(2962, 0.00, 1, 368, '2020-10-10 11:49:29', '2020-10-10 11:49:29'),
(2963, 0.00, 1, 368, '2020-10-10 11:49:30', '2020-10-10 11:49:30'),
(2964, 0.00, 1, 368, '2020-10-10 11:49:31', '2020-10-10 11:49:31'),
(2965, 0.00, 1, 368, '2020-10-10 11:49:33', '2020-10-10 11:49:33'),
(2966, 0.00, 1, 368, '2020-10-10 11:49:34', '2020-10-10 11:49:34'),
(2967, 0.00, 1, 368, '2020-10-10 11:49:35', '2020-10-10 11:49:35'),
(2968, 0.00, 1, 368, '2020-10-10 11:49:37', '2020-10-10 11:49:37'),
(2969, 0.00, 1, 368, '2020-10-10 11:49:38', '2020-10-10 11:49:38'),
(2970, 0.00, 1, 368, '2020-10-10 11:49:40', '2020-10-10 11:49:40'),
(2971, 0.00, 1, 368, '2020-10-10 11:49:41', '2020-10-10 11:49:41'),
(2972, 0.00, 1, 368, '2020-10-10 11:49:43', '2020-10-10 11:49:43'),
(2973, 0.00, 1, 368, '2020-10-10 11:49:44', '2020-10-10 11:49:44'),
(2974, 0.00, 1, 368, '2020-10-10 11:49:45', '2020-10-10 11:49:45'),
(2975, 2.00, 1, 369, '2020-10-10 12:10:54', '2020-10-10 13:22:35'),
(2976, 2.00, 1, 369, '2020-10-10 12:10:55', '2020-10-10 13:22:36'),
(2977, 2.00, 1, 369, '2020-10-10 12:10:56', '2020-10-10 13:22:37'),
(2978, 2.00, 1, 369, '2020-10-10 12:10:57', '2020-10-10 13:22:38'),
(2979, 2.00, 1, 369, '2020-10-10 12:10:57', '2020-10-10 13:22:39'),
(2980, 2.00, 1, 369, '2020-10-10 12:10:58', '2020-10-10 13:22:40'),
(2981, 2.00, 1, 369, '2020-10-10 12:10:59', '2020-10-10 13:22:41'),
(2982, 2.00, 1, 369, '2020-10-10 12:11:00', '2020-10-10 13:22:58'),
(2983, 2.00, 1, 369, '2020-10-10 12:11:00', '2020-10-10 13:22:57'),
(2984, 2.00, 1, 369, '2020-10-10 12:11:01', '2020-10-10 13:22:55'),
(2985, 2.00, 1, 369, '2020-10-10 12:11:02', '2020-10-10 13:22:54'),
(2986, 2.00, 1, 369, '2020-10-10 12:11:03', '2020-10-10 13:22:52'),
(2987, 2.00, 1, 369, '2020-10-10 12:11:04', '2020-10-10 13:22:51'),
(2988, 2.00, 1, 369, '2020-10-10 12:11:05', '2020-10-10 13:22:50'),
(2989, 2.00, 1, 369, '2020-10-10 12:11:05', '2020-10-10 13:22:49'),
(2990, 2.00, 1, 369, '2020-10-10 12:11:06', '2020-10-10 13:22:46'),
(2991, 2.00, 1, 371, '2020-10-10 12:16:43', '2020-10-10 13:23:43'),
(2992, 2.00, 1, 371, '2020-10-10 12:16:44', '2020-10-10 13:23:42'),
(2993, 2.00, 1, 371, '2020-10-10 12:16:46', '2020-10-10 13:23:41'),
(2994, 2.00, 1, 371, '2020-10-10 12:16:47', '2020-10-10 13:23:40'),
(2995, 2.00, 1, 371, '2020-10-10 12:16:48', '2020-10-10 13:23:38'),
(2996, 2.00, 1, 371, '2020-10-10 12:16:49', '2020-10-10 13:23:37'),
(2997, 2.00, 1, 371, '2020-10-10 12:16:50', '2020-10-10 13:23:36'),
(2998, 2.00, 1, 371, '2020-10-10 12:16:51', '2020-10-10 13:23:35'),
(2999, 2.00, 1, 371, '2020-10-10 12:16:52', '2020-10-10 13:23:34'),
(3000, 2.00, 1, 371, '2020-10-10 12:16:53', '2020-10-10 13:23:33'),
(3001, 2.00, 1, 371, '2020-10-10 12:16:53', '2020-10-10 13:23:32'),
(3002, 2.00, 1, 371, '2020-10-10 12:16:54', '2020-10-10 13:23:31'),
(3003, 2.00, 1, 371, '2020-10-10 12:16:55', '2020-10-10 13:23:30'),
(3004, 2.00, 1, 371, '2020-10-10 12:16:56', '2020-10-10 13:23:29'),
(3005, 2.00, 1, 371, '2020-10-10 12:16:57', '2020-10-10 13:23:28'),
(3006, 2.00, 1, 371, '2020-10-10 12:16:58', '2020-10-10 13:23:26'),
(3007, 2.00, 1, 372, '2020-10-10 12:20:25', '2020-10-10 13:24:29'),
(3008, 2.00, 1, 372, '2020-10-10 12:20:26', '2020-10-10 13:24:27'),
(3009, 2.00, 1, 372, '2020-10-10 12:20:26', '2020-10-10 13:24:26'),
(3010, 2.00, 1, 372, '2020-10-10 12:20:27', '2020-10-10 13:24:25'),
(3011, 2.00, 1, 372, '2020-10-10 12:20:28', '2020-10-10 13:24:24'),
(3012, 2.00, 1, 372, '2020-10-10 12:20:28', '2020-10-10 13:24:22'),
(3013, 2.00, 1, 372, '2020-10-10 12:20:29', '2020-10-10 13:24:21'),
(3014, 2.00, 1, 372, '2020-10-10 12:20:30', '2020-10-10 13:24:19'),
(3015, 2.00, 1, 372, '2020-10-10 12:20:31', '2020-10-10 13:24:18'),
(3016, 2.00, 1, 372, '2020-10-10 12:20:31', '2020-10-10 13:24:16'),
(3017, 2.00, 1, 372, '2020-10-10 12:20:32', '2020-10-10 13:24:15'),
(3018, 2.00, 1, 372, '2020-10-10 12:20:33', '2020-10-10 13:24:13'),
(3019, 2.00, 1, 372, '2020-10-10 12:20:34', '2020-10-10 13:24:12'),
(3020, 2.00, 1, 372, '2020-10-10 12:20:35', '2020-10-10 13:24:11'),
(3021, 2.00, 1, 372, '2020-10-10 12:20:36', '2020-10-10 13:24:09'),
(3022, 2.00, 1, 372, '2020-10-10 12:20:36', '2020-10-10 13:24:08'),
(3026, 0.00, 5, 373, '2020-10-10 12:25:13', '2020-10-10 16:40:37'),
(3029, 2.00, 1, 373, '2020-10-10 12:25:20', '2020-10-10 13:25:16'),
(3030, 2.00, 1, 373, '2020-10-10 12:25:21', '2020-10-10 13:25:15'),
(3031, 2.00, 1, 373, '2020-10-10 12:25:21', '2020-10-10 13:25:14'),
(3032, 2.00, 1, 373, '2020-10-10 12:25:22', '2020-10-10 13:25:13'),
(3033, 2.00, 1, 373, '2020-10-10 12:25:23', '2020-10-10 13:25:12'),
(3034, 2.00, 1, 373, '2020-10-10 12:25:23', '2020-10-10 13:25:11'),
(3035, 2.00, 1, 373, '2020-10-10 12:25:24', '2020-10-10 13:25:10'),
(3036, 2.00, 1, 373, '2020-10-10 12:25:25', '2020-10-10 13:25:08'),
(3037, 2.00, 1, 373, '2020-10-10 12:25:25', '2020-10-10 13:25:07'),
(3038, 2.00, 1, 373, '2020-10-10 12:25:26', '2020-10-10 13:25:06'),
(3039, 2.00, 1, 373, '2020-10-10 12:25:26', '2020-10-10 13:25:05'),
(3040, 2.00, 1, 373, '2020-10-10 12:25:27', '2020-10-10 13:25:04'),
(3041, 2.00, 1, 373, '2020-10-10 12:25:28', '2020-10-10 13:25:02'),
(3042, 2.00, 1, 373, '2020-10-10 12:25:29', '2020-10-10 13:25:00'),
(3057, 0.00, 5, 374, '2020-10-10 12:29:40', '2020-10-10 16:41:10'),
(3058, 2.00, 1, 374, '2020-10-10 12:29:47', '2020-10-10 13:26:07'),
(3059, 2.00, 1, 374, '2020-10-10 12:29:53', '2020-10-10 13:26:08'),
(3060, 2.00, 1, 374, '2020-10-10 12:29:58', '2020-10-10 13:26:00'),
(3061, 2.00, 1, 374, '2020-10-10 12:30:02', '2020-10-10 13:25:59'),
(3062, 2.00, 1, 374, '2020-10-10 12:30:09', '2020-10-10 13:25:58'),
(3063, 2.00, 1, 374, '2020-10-10 12:30:13', '2020-10-10 13:25:57'),
(3064, 2.00, 1, 374, '2020-10-10 12:30:19', '2020-10-10 13:25:56'),
(3065, 2.00, 1, 374, '2020-10-10 12:30:25', '2020-10-10 13:25:55'),
(3066, 2.00, 1, 374, '2020-10-10 12:30:34', '2020-10-10 13:25:54'),
(3067, 2.00, 1, 374, '2020-10-10 12:30:40', '2020-10-10 13:25:53'),
(3068, 2.00, 1, 374, '2020-10-10 12:30:50', '2020-10-10 13:25:52'),
(3069, 2.00, 1, 374, '2020-10-10 12:30:55', '2020-10-10 13:25:51'),
(3070, 2.00, 1, 374, '2020-10-10 12:31:02', '2020-10-10 13:25:50'),
(3071, 2.00, 1, 374, '2020-10-10 12:31:06', '2020-10-10 13:25:49'),
(3072, 2.00, 1, 374, '2020-10-10 12:31:18', '2020-10-10 13:25:48'),
(3073, 0.00, 3, 375, '2020-10-10 14:23:14', '2020-11-09 23:44:27'),
(3074, 0.00, 5, 369, '2020-10-10 15:46:02', '2020-10-10 15:46:02'),
(3075, 0.00, 5, 371, '2020-10-10 16:39:32', '2020-10-10 16:39:32'),
(3076, 0.00, 5, 372, '2020-10-10 16:39:54', '2020-10-10 16:39:54'),
(3081, 0.00, 5, 376, '2020-10-11 22:35:46', '2020-10-19 00:31:56'),
(3082, 1.00, 5, 376, '2020-10-11 22:36:43', '2020-10-19 00:31:57'),
(3083, 1.00, 5, 376, '2020-10-11 22:37:48', '2020-10-19 00:31:57'),
(3084, 1.00, 5, 376, '2020-10-11 22:37:49', '2020-10-19 00:31:57'),
(3085, 1.00, 5, 376, '2020-10-11 22:37:50', '2020-10-19 00:32:02'),
(3086, 1.00, 5, 376, '2020-10-11 22:37:52', '2020-10-19 00:32:02'),
(3087, 1.00, 5, 376, '2020-10-11 22:37:55', '2020-10-19 00:32:03'),
(3088, 1.00, 5, 376, '2020-10-11 22:39:00', '2020-10-19 00:32:04'),
(3089, 1.00, 5, 376, '2020-10-11 22:39:01', '2020-10-19 00:32:04'),
(3090, 1.00, 5, 376, '2020-10-11 22:39:02', '2020-10-19 00:32:05'),
(3091, 1.00, 5, 376, '2020-10-11 22:41:30', '2020-10-19 00:32:05'),
(3092, 1.00, 5, 376, '2020-10-11 22:41:32', '2020-10-19 00:32:06'),
(3093, 1.00, 5, 376, '2020-10-11 22:41:34', '2020-10-19 00:32:07'),
(3094, 1.00, 5, 376, '2020-10-11 22:41:39', '2020-10-19 00:32:08'),
(3095, 1.00, 5, 376, '2020-10-11 22:41:41', '2020-10-19 00:32:12'),
(3096, 1.00, 5, 376, '2020-10-11 22:41:43', '2020-10-19 00:32:13'),
(3097, 1.00, 5, 376, '2020-10-11 22:41:45', '2020-10-19 00:32:13'),
(3098, 1.00, 5, 376, '2020-10-11 22:43:33', '2020-10-19 00:32:14'),
(3099, 1.00, 5, 376, '2020-10-11 22:43:34', '2020-10-19 00:32:15'),
(3100, 1.00, 5, 376, '2020-10-11 22:43:35', '2020-10-19 00:32:16'),
(3101, 1.00, 5, 376, '2020-10-11 22:43:36', '2020-10-19 00:32:16'),
(3102, 1.00, 5, 376, '2020-10-11 22:43:37', '2020-10-19 00:32:17'),
(3103, 1.00, 5, 376, '2020-10-11 22:43:38', '2020-10-19 00:32:17'),
(3104, 1.00, 5, 376, '2020-10-11 22:43:39', '2020-10-19 00:32:18'),
(3105, 0.00, 5, 377, '2020-10-11 23:01:52', '2020-10-11 23:02:20'),
(3106, 1.00, 5, 377, '2020-10-11 23:03:17', '2020-10-19 00:34:30'),
(3107, 1.00, 5, 377, '2020-10-11 23:03:19', '2020-10-19 00:34:30'),
(3108, 1.00, 5, 377, '2020-10-11 23:03:22', '2020-10-19 00:34:31'),
(3109, 1.00, 5, 377, '2020-10-11 23:03:24', '2020-10-19 00:34:32'),
(3110, 1.00, 5, 377, '2020-10-11 23:04:29', '2020-10-19 00:34:32'),
(3111, 1.00, 5, 377, '2020-10-11 23:04:31', '2020-10-19 00:34:33'),
(3112, 1.00, 5, 377, '2020-10-11 23:04:33', '2020-10-19 00:34:33'),
(3113, 1.00, 5, 377, '2020-10-11 23:04:36', '2020-10-19 00:34:34'),
(3114, 1.00, 5, 377, '2020-10-11 23:04:38', '2020-10-19 00:34:35'),
(3115, 1.00, 5, 377, '2020-10-11 23:08:06', '2020-10-19 00:34:35'),
(3116, 1.00, 5, 377, '2020-10-11 23:08:07', '2020-10-19 00:34:36'),
(3117, 1.00, 5, 377, '2020-10-11 23:08:08', '2020-10-19 00:34:41'),
(3118, 1.00, 5, 377, '2020-10-11 23:08:09', '2020-10-19 00:34:41'),
(3119, 1.00, 5, 377, '2020-10-11 23:08:10', '2020-10-19 00:34:42'),
(3120, 1.00, 5, 377, '2020-10-11 23:09:34', '2020-10-19 00:34:43'),
(3121, 1.00, 5, 377, '2020-10-11 23:09:35', '2020-10-19 00:34:44'),
(3122, 1.00, 5, 377, '2020-10-11 23:09:36', '2020-10-19 00:34:44'),
(3123, 1.00, 5, 377, '2020-10-11 23:09:37', '2020-10-19 00:34:45'),
(3124, 1.00, 5, 377, '2020-10-11 23:09:37', '2020-10-19 00:34:46'),
(3125, 1.00, 5, 377, '2020-10-11 23:09:38', '2020-10-19 00:34:47'),
(3126, 1.00, 5, 377, '2020-10-11 23:09:39', '2020-10-19 00:34:48'),
(3127, 1.00, 5, 377, '2020-10-11 23:10:40', '2020-10-19 00:34:48'),
(3128, 1.00, 5, 377, '2020-10-11 23:10:41', '2020-10-19 00:34:49'),
(3130, 0.00, 5, 378, '2020-10-11 23:34:45', '2020-10-19 00:38:00'),
(3131, 1.00, 5, 378, '2020-10-11 23:35:00', '2020-10-19 00:38:00'),
(3132, 1.00, 5, 378, '2020-10-11 23:35:17', '2020-10-19 00:38:02'),
(3133, 1.00, 5, 378, '2020-10-11 23:35:29', '2020-10-19 00:38:05'),
(3134, 1.00, 5, 378, '2020-10-11 23:36:27', '2020-10-19 00:38:05'),
(3135, 1.00, 5, 378, '2020-10-11 23:36:30', '2020-10-19 00:38:05'),
(3136, 1.00, 5, 378, '2020-10-11 23:36:32', '2020-10-19 00:38:06'),
(3137, 1.00, 5, 378, '2020-10-11 23:36:34', '2020-10-19 00:38:06'),
(3138, 1.00, 5, 378, '2020-10-11 23:36:37', '2020-10-19 00:38:07'),
(3139, 1.00, 5, 378, '2020-10-11 23:37:37', '2020-10-19 00:38:07'),
(3140, 1.00, 5, 378, '2020-10-11 23:37:39', '2020-10-19 00:38:08'),
(3141, 1.00, 5, 378, '2020-10-11 23:37:41', '2020-10-19 00:38:12'),
(3142, 1.00, 5, 378, '2020-10-11 23:37:43', '2020-10-19 00:38:13'),
(3143, 1.00, 5, 378, '2020-10-11 23:37:45', '2020-10-19 00:38:14'),
(3144, 1.00, 5, 378, '2020-10-11 23:40:39', '2020-10-19 00:38:15'),
(3145, 1.00, 5, 378, '2020-10-11 23:40:40', '2020-10-19 00:38:16'),
(3146, 1.00, 5, 378, '2020-10-11 23:40:42', '2020-10-19 00:38:20'),
(3147, 1.00, 5, 378, '2020-10-11 23:40:44', '2020-10-19 00:38:20'),
(3148, 1.00, 5, 378, '2020-10-11 23:40:47', '2020-10-19 00:38:20'),
(3149, 1.00, 5, 378, '2020-10-11 23:40:50', '2020-10-19 00:38:20'),
(3150, 1.00, 5, 378, '2020-10-11 23:40:52', '2020-10-19 00:38:20'),
(3151, 1.00, 5, 378, '2020-10-11 23:40:54', '2020-10-19 00:38:20'),
(3152, 1.00, 5, 378, '2020-10-11 23:40:55', '2020-10-19 00:38:20'),
(3153, 1.00, 5, 378, '2020-10-11 23:40:58', '2020-10-19 00:38:23'),
(3168, 0.00, 5, 379, '2020-10-11 23:45:44', '2020-10-11 23:45:44'),
(3169, 1.00, 5, 379, '2020-10-11 23:46:49', '2020-10-19 00:43:52'),
(3170, 1.00, 5, 379, '2020-10-11 23:46:52', '2020-10-19 00:43:52'),
(3171, 1.00, 5, 379, '2020-10-11 23:46:54', '2020-10-19 00:43:53'),
(3172, 1.00, 5, 379, '2020-10-11 23:46:57', '2020-10-19 00:43:54'),
(3173, 1.00, 5, 379, '2020-10-11 23:46:59', '2020-10-19 00:43:57'),
(3174, 1.00, 5, 379, '2020-10-11 23:48:25', '2020-10-19 00:43:57'),
(3175, 1.00, 5, 379, '2020-10-11 23:48:27', '2020-10-19 00:43:58'),
(3176, 1.00, 5, 379, '2020-10-11 23:48:29', '2020-10-19 00:43:59'),
(3177, 1.00, 5, 379, '2020-10-11 23:48:32', '2020-10-19 00:43:59'),
(3178, 1.00, 5, 379, '2020-10-11 23:48:34', '2020-10-19 00:44:00'),
(3179, 1.00, 5, 379, '2020-10-11 23:49:38', '2020-10-19 00:44:01'),
(3180, 1.00, 5, 379, '2020-10-11 23:49:38', '2020-10-19 00:44:04'),
(3181, 1.00, 5, 379, '2020-10-11 23:49:39', '2020-10-19 00:44:05'),
(3182, 1.00, 5, 379, '2020-10-11 23:49:40', '2020-10-19 00:44:58'),
(3183, 1.00, 5, 379, '2020-10-11 23:49:41', '2020-10-19 00:44:59'),
(3184, 1.00, 5, 379, '2020-10-11 23:50:40', '2020-10-19 00:45:00'),
(3185, 1.00, 5, 379, '2020-10-11 23:50:42', '2020-10-19 00:45:01'),
(3186, 1.00, 5, 379, '2020-10-11 23:50:43', '2020-10-19 00:45:03'),
(3187, 1.00, 5, 379, '2020-10-11 23:50:45', '2020-10-19 00:45:06'),
(3188, 1.00, 5, 379, '2020-10-11 23:50:51', '2020-10-19 00:45:07'),
(3189, 1.00, 5, 379, '2020-10-11 23:51:34', '2020-10-19 00:45:08'),
(3190, 1.00, 5, 379, '2020-10-11 23:51:35', '2020-10-19 00:45:09'),
(3191, 1.00, 5, 379, '2020-10-11 23:51:37', '2020-10-19 00:45:10'),
(3201, 0.00, 5, 380, '2020-10-11 23:57:26', '2020-10-11 23:57:26'),
(3202, 1.00, 5, 380, '2020-10-12 00:00:03', '2020-10-19 00:47:01'),
(3203, 1.00, 5, 380, '2020-10-12 00:01:10', '2020-10-19 00:47:02'),
(3204, 1.00, 5, 380, '2020-10-12 00:01:13', '2020-10-19 00:47:03'),
(3205, 1.00, 5, 380, '2020-10-12 00:01:15', '2020-10-19 00:47:05'),
(3206, 1.00, 5, 380, '2020-10-12 00:01:17', '2020-10-19 00:47:09'),
(3207, 1.00, 5, 380, '2020-10-12 00:03:31', '2020-10-19 00:47:10'),
(3208, 1.00, 5, 380, '2020-10-12 00:03:31', '2020-10-19 00:47:11'),
(3209, 1.00, 5, 380, '2020-10-12 00:03:32', '2020-10-19 00:47:12'),
(3210, 1.00, 5, 380, '2020-10-12 00:03:33', '2020-10-19 00:47:13'),
(3211, 1.00, 5, 380, '2020-10-12 00:05:51', '2020-10-19 00:47:14'),
(3212, 1.00, 5, 380, '2020-10-12 00:05:52', '2020-10-19 00:47:15'),
(3213, 1.00, 5, 380, '2020-10-12 00:05:52', '2020-10-19 00:47:16'),
(3214, 1.00, 5, 380, '2020-10-12 00:05:53', '2020-10-19 00:47:17'),
(3215, 1.00, 5, 380, '2020-10-12 00:07:31', '2020-10-19 00:47:22'),
(3216, 1.00, 5, 380, '2020-10-12 00:07:32', '2020-10-19 00:47:23'),
(3217, 1.00, 5, 380, '2020-10-12 00:07:34', '2020-10-19 00:47:24'),
(3218, 1.00, 5, 380, '2020-10-12 00:07:36', '2020-10-19 00:47:25'),
(3219, 1.00, 5, 380, '2020-10-12 00:07:38', '2020-10-19 00:47:26'),
(3220, 1.00, 5, 380, '2020-10-12 00:07:41', '2020-10-19 00:47:27'),
(3221, 1.00, 5, 380, '2020-10-12 00:07:42', '2020-10-19 00:47:28'),
(3222, 1.00, 5, 380, '2020-10-12 00:08:22', '2020-10-19 00:47:29'),
(3223, 1.00, 5, 380, '2020-10-12 00:08:24', '2020-10-19 00:47:34'),
(3224, 1.00, 5, 380, '2020-10-12 00:08:25', '2020-10-19 00:48:10'),
(3225, 0.00, 5, 381, '2020-10-12 00:14:04', '2020-10-12 00:14:04'),
(3226, 1.00, 5, 381, '2020-10-12 00:14:59', '2020-10-19 01:01:26'),
(3227, 1.00, 5, 381, '2020-10-12 00:15:01', '2020-10-19 01:01:26'),
(3228, 1.00, 5, 381, '2020-10-12 00:15:02', '2020-10-19 01:01:27'),
(3229, 1.00, 5, 381, '2020-10-12 00:15:03', '2020-10-19 01:01:29'),
(3230, 1.00, 5, 381, '2020-10-12 00:17:24', '2020-10-19 01:01:30'),
(3231, 1.00, 5, 381, '2020-10-12 00:17:26', '2020-10-19 01:01:31'),
(3232, 1.00, 5, 381, '2020-10-12 00:17:28', '2020-10-19 01:01:32'),
(3233, 1.00, 5, 381, '2020-10-12 00:17:32', '2020-10-19 01:01:33'),
(3234, 1.00, 5, 381, '2020-10-12 00:17:34', '2020-10-19 01:01:33'),
(3235, 1.00, 5, 381, '2020-10-12 00:17:36', '2020-10-19 01:01:37'),
(3236, 1.00, 5, 381, '2020-10-12 00:17:42', '2020-10-19 01:01:38'),
(3237, 1.00, 5, 381, '2020-10-12 00:18:31', '2020-10-19 01:01:39'),
(3238, 1.00, 5, 381, '2020-10-12 00:18:32', '2020-10-19 01:01:40'),
(3239, 1.00, 5, 381, '2020-10-12 00:18:32', '2020-10-19 01:01:41'),
(3240, 1.00, 5, 381, '2020-10-12 00:18:32', '2020-10-19 01:01:42'),
(3241, 1.00, 5, 381, '2020-10-12 00:19:48', '2020-10-19 01:01:43'),
(3242, 1.00, 5, 381, '2020-10-12 00:19:49', '2020-10-19 01:01:46'),
(3243, 1.00, 5, 381, '2020-10-12 00:19:50', '2020-10-19 01:01:47'),
(3244, 1.00, 5, 381, '2020-10-12 00:19:51', '2020-10-19 01:01:49'),
(3245, 1.00, 5, 381, '2020-10-12 00:21:35', '2020-10-19 01:01:50'),
(3246, 1.00, 5, 381, '2020-10-12 00:21:37', '2020-10-19 01:01:51'),
(3247, 1.00, 5, 381, '2020-10-12 00:21:39', '2020-10-19 01:01:52'),
(3248, 1.00, 5, 381, '2020-10-12 00:21:41', '2020-10-19 01:01:53'),
(3249, 0.00, 5, 382, '2020-10-12 00:52:07', '2020-10-12 00:52:07'),
(3250, 1.00, 5, 382, '2020-10-12 00:53:00', '2020-10-19 01:06:21'),
(3251, 1.00, 5, 382, '2020-10-12 00:53:03', '2020-10-19 01:06:21'),
(3252, 1.00, 5, 382, '2020-10-12 00:53:05', '2020-10-19 01:06:22'),
(3253, 1.00, 5, 382, '2020-10-12 00:53:07', '2020-10-19 01:06:22'),
(3254, 1.00, 5, 382, '2020-10-12 00:53:09', '2020-10-19 01:06:25'),
(3255, 1.00, 5, 382, '2020-10-12 00:54:28', '2020-10-19 01:06:26'),
(3256, 1.00, 5, 382, '2020-10-12 00:54:28', '2020-10-19 01:06:27'),
(3257, 1.00, 5, 382, '2020-10-12 00:54:29', '2020-10-19 01:06:27'),
(3258, 1.00, 5, 382, '2020-10-12 00:54:29', '2020-10-19 01:06:28'),
(3259, 1.00, 5, 382, '2020-10-12 00:54:31', '2020-10-19 01:06:28'),
(3260, 1.00, 5, 382, '2020-10-12 00:54:31', '2020-10-19 01:06:29'),
(3261, 1.00, 5, 382, '2020-10-12 00:55:30', '2020-10-19 01:06:29'),
(3262, 1.00, 5, 382, '2020-10-12 00:55:31', '2020-10-19 01:06:32'),
(3263, 1.00, 5, 382, '2020-10-12 00:55:34', '2020-10-19 01:06:33'),
(3264, 1.00, 5, 382, '2020-10-12 00:55:36', '2020-10-19 01:06:33'),
(3265, 1.00, 5, 382, '2020-10-12 00:57:08', '2020-10-19 01:06:34'),
(3266, 1.00, 5, 382, '2020-10-12 00:57:09', '2020-10-19 01:06:35'),
(3267, 1.00, 5, 382, '2020-10-12 00:57:11', '2020-10-19 01:06:38'),
(3268, 1.00, 5, 382, '2020-10-12 00:57:13', '2020-10-19 01:06:38'),
(3269, 1.00, 5, 382, '2020-10-12 00:57:15', '2020-10-19 01:06:39'),
(3270, 1.00, 5, 382, '2020-10-12 00:57:17', '2020-10-19 01:06:39'),
(3271, 1.00, 5, 382, '2020-10-12 00:57:20', '2020-10-19 01:06:40'),
(3272, 1.00, 5, 382, '2020-10-12 00:57:23', '2020-10-19 01:06:42'),
(3273, 0.00, 5, 383, '2020-10-12 01:05:33', '2020-10-12 01:05:33'),
(3274, 1.00, 5, 383, '2020-10-12 01:07:34', '2020-10-19 01:15:19'),
(3275, 1.00, 5, 383, '2020-10-12 01:07:35', '2020-10-19 01:15:19'),
(3276, 1.00, 5, 383, '2020-10-12 01:07:36', '2020-10-19 01:15:19'),
(3277, 1.00, 5, 383, '2020-10-12 01:07:37', '2020-10-19 01:15:19'),
(3278, 1.00, 5, 383, '2020-10-12 01:07:37', '2020-10-19 01:15:20'),
(3279, 1.00, 5, 383, '2020-10-12 01:07:38', '2020-10-19 01:15:20'),
(3280, 1.00, 5, 383, '2020-10-12 01:07:40', '2020-10-19 01:15:21'),
(3281, 1.00, 5, 383, '2020-10-12 01:11:17', '2020-10-19 01:15:22'),
(3282, 1.00, 5, 383, '2020-10-12 01:11:18', '2020-10-19 01:15:27'),
(3283, 1.00, 5, 383, '2020-10-12 01:11:21', '2020-10-19 01:15:27'),
(3284, 1.00, 5, 383, '2020-10-12 01:11:21', '2020-10-19 01:15:28'),
(3285, 1.00, 5, 383, '2020-10-12 01:11:25', '2020-10-19 01:15:28'),
(3286, 1.00, 5, 383, '2020-10-12 01:11:26', '2020-10-19 01:15:29'),
(3287, 1.00, 5, 383, '2020-10-12 01:11:27', '2020-10-19 01:15:30'),
(3288, 1.00, 5, 383, '2020-10-12 01:11:29', '2020-10-19 01:15:30'),
(3289, 1.00, 5, 383, '2020-10-12 01:11:31', '2020-10-19 01:15:31'),
(3290, 1.00, 5, 383, '2020-10-12 01:11:34', '2020-10-19 01:15:32'),
(3291, 1.00, 5, 383, '2020-10-12 01:11:38', '2020-10-19 01:15:32'),
(3292, 1.00, 5, 383, '2020-10-12 01:11:40', '2020-10-19 01:15:33'),
(3293, 1.00, 5, 383, '2020-10-12 01:11:43', '2020-10-19 01:15:40'),
(3294, 1.00, 5, 383, '2020-10-12 01:11:45', '2020-10-19 01:15:41'),
(3295, 1.00, 5, 383, '2020-10-12 01:11:47', '2020-10-19 01:15:42'),
(3296, 1.00, 5, 383, '2020-10-12 01:11:49', '2020-10-19 01:15:43'),
(3297, 1.00, 5, 383, '2020-10-12 01:11:51', '2020-10-19 01:15:44'),
(3298, 0.00, 5, 384, '2020-10-12 04:50:56', '2020-10-12 04:50:56'),
(3299, 1.00, 5, 384, '2020-10-12 04:51:37', '2020-10-19 01:17:40'),
(3300, 1.00, 5, 384, '2020-10-12 04:51:54', '2020-10-19 01:17:40'),
(3301, 1.00, 5, 384, '2020-10-12 04:52:16', '2020-10-19 01:17:40'),
(3302, 1.00, 5, 384, '2020-10-12 04:52:42', '2020-10-19 01:17:41'),
(3303, 1.00, 5, 384, '2020-10-12 04:53:00', '2020-10-19 01:17:44'),
(3304, 1.00, 5, 384, '2020-10-12 04:53:18', '2020-10-19 01:17:45'),
(3305, 1.00, 5, 384, '2020-10-12 04:53:41', '2020-10-19 01:17:45'),
(3306, 1.00, 5, 384, '2020-10-12 04:53:56', '2020-10-19 01:17:46'),
(3307, 1.00, 5, 384, '2020-10-12 04:54:12', '2020-10-19 01:17:46'),
(3308, 1.00, 5, 384, '2020-10-12 04:54:29', '2020-10-19 01:17:47'),
(3309, 1.00, 5, 384, '2020-10-12 04:54:49', '2020-10-19 01:17:48'),
(3310, 1.00, 5, 384, '2020-10-12 04:55:05', '2020-10-19 01:17:48'),
(3311, 1.00, 5, 384, '2020-10-12 04:55:23', '2020-10-19 01:17:49'),
(3312, 1.00, 5, 384, '2020-10-12 04:55:39', '2020-10-19 01:17:49'),
(3313, 1.00, 5, 384, '2020-10-12 04:55:56', '2020-10-19 01:17:52'),
(3314, 1.00, 5, 384, '2020-10-12 04:56:15', '2020-10-19 01:17:54'),
(3315, 1.00, 5, 384, '2020-10-12 04:56:31', '2020-10-19 01:17:55'),
(3316, 1.00, 5, 384, '2020-10-12 04:56:47', '2020-10-19 01:17:54'),
(3317, 1.00, 5, 384, '2020-10-12 04:57:06', '2020-10-19 01:17:55'),
(3318, 1.00, 5, 384, '2020-10-12 04:57:20', '2020-10-19 01:17:55'),
(3319, 1.00, 5, 384, '2020-10-12 04:57:34', '2020-10-19 01:17:56'),
(3320, 1.00, 5, 384, '2020-10-12 04:57:49', '2020-10-19 01:17:56'),
(3321, 1.00, 5, 384, '2020-10-12 04:58:05', '2020-10-19 01:17:57'),
(3322, 0.00, 5, 385, '2020-10-12 05:02:16', '2020-10-12 05:02:16'),
(3323, 1.00, 5, 385, '2020-10-12 05:02:49', '2020-10-19 01:20:17'),
(3324, 1.00, 5, 385, '2020-10-12 05:03:07', '2020-10-19 01:20:17'),
(3325, 1.00, 5, 385, '2020-10-12 05:03:23', '2020-10-19 01:20:18'),
(3326, 1.00, 5, 385, '2020-10-12 05:03:39', '2020-10-19 01:20:18'),
(3327, 1.00, 5, 385, '2020-10-12 05:03:57', '2020-10-19 01:20:19'),
(3328, 1.00, 5, 385, '2020-10-12 05:04:14', '2020-10-19 01:20:20'),
(3329, 1.00, 5, 385, '2020-10-12 05:04:32', '2020-10-19 01:20:20'),
(3330, 1.00, 5, 385, '2020-10-12 05:04:49', '2020-10-19 01:20:20'),
(3331, 1.00, 5, 385, '2020-10-12 05:05:09', '2020-10-19 01:20:25'),
(3332, 1.00, 5, 385, '2020-10-12 05:05:25', '2020-10-19 01:20:25'),
(3333, 1.00, 5, 385, '2020-10-12 05:05:41', '2020-10-19 01:20:26'),
(3334, 1.00, 5, 385, '2020-10-12 05:06:00', '2020-10-19 01:20:26'),
(3335, 1.00, 5, 385, '2020-10-12 05:06:18', '2020-10-19 01:20:27'),
(3336, 1.00, 5, 385, '2020-10-12 05:06:39', '2020-10-19 01:20:27'),
(3337, 1.00, 5, 385, '2020-10-12 05:06:54', '2020-10-19 01:20:28'),
(3338, 1.00, 5, 385, '2020-10-12 05:07:11', '2020-10-19 01:20:29'),
(3339, 1.00, 5, 385, '2020-10-12 05:11:12', '2020-10-19 01:20:29'),
(3340, 1.00, 5, 385, '2020-10-12 05:11:27', '2020-10-19 01:20:30'),
(3341, 1.00, 5, 385, '2020-10-12 05:11:42', '2020-10-19 01:20:30'),
(3342, 1.00, 5, 385, '2020-10-12 05:12:29', '2020-10-19 01:20:31'),
(3343, 1.00, 5, 385, '2020-10-12 05:12:49', '2020-10-19 01:20:32'),
(3344, 1.00, 5, 385, '2020-10-12 05:13:05', '2020-10-19 01:20:32'),
(3345, 1.00, 5, 385, '2020-10-12 05:13:19', '2020-10-19 01:20:35'),
(3346, 0.00, 5, 386, '2020-10-12 05:18:14', '2020-10-12 05:18:14'),
(3347, 1.00, 5, 386, '2020-10-12 05:18:30', '2020-10-19 01:24:51'),
(3348, 1.00, 5, 386, '2020-10-12 05:18:48', '2020-10-19 01:24:52'),
(3349, 1.00, 5, 386, '2020-10-12 05:19:06', '2020-10-19 01:24:52'),
(3350, 1.00, 5, 386, '2020-10-12 05:19:21', '2020-10-19 01:24:53'),
(3351, 1.00, 5, 386, '2020-10-12 05:19:35', '2020-10-19 01:24:56'),
(3352, 1.00, 5, 386, '2020-10-12 05:19:54', '2020-10-19 01:24:57'),
(3353, 1.00, 5, 386, '2020-10-12 05:20:09', '2020-10-19 01:24:57'),
(3354, 1.00, 5, 386, '2020-10-12 05:20:24', '2020-10-19 01:24:58'),
(3355, 1.00, 5, 386, '2020-10-12 05:20:43', '2020-10-19 01:24:58'),
(3356, 1.00, 5, 386, '2020-10-12 05:21:00', '2020-10-19 01:24:59'),
(3357, 1.00, 5, 386, '2020-10-12 05:29:39', '2020-10-19 01:24:59'),
(3358, 1.00, 5, 386, '2020-10-12 05:29:56', '2020-10-19 01:25:00'),
(3359, 1.00, 5, 386, '2020-10-12 05:30:18', '2020-10-19 01:25:01'),
(3360, 1.00, 5, 386, '2020-10-12 05:30:31', '2020-10-19 01:25:01'),
(3361, 1.00, 5, 386, '2020-10-12 05:30:49', '2020-10-19 01:25:05'),
(3362, 1.00, 5, 386, '2020-10-12 05:31:04', '2020-10-19 01:25:05'),
(3363, 1.00, 5, 386, '2020-10-12 05:31:19', '2020-10-19 01:25:06'),
(3364, 1.00, 5, 386, '2020-10-12 05:31:35', '2020-10-19 01:25:06'),
(3365, 1.00, 5, 386, '2020-10-12 05:31:48', '2020-10-19 01:25:07'),
(3366, 1.00, 5, 386, '2020-10-12 05:32:04', '2020-10-19 01:25:07'),
(3367, 1.00, 5, 386, '2020-10-12 05:32:17', '2020-10-19 01:25:08'),
(3368, 1.00, 5, 386, '2020-10-12 05:32:35', '2020-10-19 01:25:08'),
(3369, 1.00, 5, 386, '2020-10-12 05:32:49', '2020-10-19 01:25:09'),
(3370, 0.00, 5, 387, '2020-10-12 05:43:23', '2020-10-12 05:43:23'),
(3371, 1.00, 5, 387, '2020-10-12 05:43:40', '2020-10-19 01:27:50'),
(3372, 1.00, 5, 387, '2020-10-12 05:43:55', '2020-10-19 01:27:50'),
(3373, 1.00, 5, 387, '2020-10-12 05:44:10', '2020-10-19 01:27:51'),
(3374, 1.00, 5, 387, '2020-10-12 05:44:23', '2020-10-19 01:27:51'),
(3375, 1.00, 5, 387, '2020-10-12 05:44:41', '2020-10-19 01:27:55'),
(3376, 1.00, 5, 387, '2020-10-12 05:44:57', '2020-10-19 01:27:56'),
(3377, 1.00, 5, 387, '2020-10-12 05:45:11', '2020-10-19 01:27:56'),
(3378, 1.00, 5, 387, '2020-10-12 05:45:28', '2020-10-19 01:27:56'),
(3379, 1.00, 5, 387, '2020-10-12 05:45:43', '2020-10-19 01:27:57'),
(3380, 1.00, 5, 387, '2020-10-12 05:46:02', '2020-10-19 01:27:58'),
(3381, 1.00, 5, 387, '2020-10-12 05:46:16', '2020-10-19 01:27:58'),
(3382, 1.00, 5, 387, '2020-10-12 05:46:31', '2020-10-19 01:27:59'),
(3383, 1.00, 5, 387, '2020-10-12 05:46:50', '2020-10-19 01:28:00'),
(3384, 1.00, 5, 387, '2020-10-12 05:47:02', '2020-10-19 01:28:00'),
(3385, 1.00, 5, 387, '2020-10-12 05:47:15', '2020-10-19 01:28:01'),
(3386, 1.00, 5, 387, '2020-10-12 05:47:30', '2020-10-19 01:28:02'),
(3387, 1.00, 5, 387, '2020-10-12 05:47:48', '2020-10-19 01:28:06'),
(3388, 1.00, 5, 387, '2020-10-12 05:48:23', '2020-10-19 01:28:06'),
(3389, 1.00, 5, 387, '2020-10-12 05:48:24', '2020-10-19 01:28:07'),
(3390, 1.00, 5, 387, '2020-10-12 05:48:41', '2020-10-19 01:28:07'),
(3391, 1.00, 5, 387, '2020-10-12 05:48:54', '2020-10-19 01:28:08'),
(3392, 1.00, 5, 387, '2020-10-12 05:49:11', '2020-10-19 01:28:08'),
(3393, 1.00, 5, 387, '2020-10-12 05:49:25', '2020-10-19 01:28:09'),
(3394, 0.00, 5, 388, '2020-10-12 06:31:10', '2020-10-12 06:31:10'),
(3395, 1.00, 5, 388, '2020-10-12 06:31:31', '2020-10-19 01:29:51'),
(3396, 1.00, 5, 388, '2020-10-12 06:32:24', '2020-10-19 01:29:51'),
(3397, 1.00, 5, 388, '2020-10-12 06:32:45', '2020-10-19 01:29:52'),
(3398, 1.00, 5, 388, '2020-10-12 06:32:46', '2020-10-19 01:29:53'),
(3399, 1.00, 5, 388, '2020-10-12 06:32:56', '2020-10-19 01:29:55'),
(3400, 1.00, 5, 388, '2020-10-12 06:33:07', '2020-10-19 01:29:56'),
(3401, 1.00, 5, 388, '2020-10-12 06:33:21', '2020-10-19 01:29:56'),
(3402, 1.00, 5, 388, '2020-10-12 06:34:49', '2020-10-19 01:29:57'),
(3403, 1.00, 5, 388, '2020-10-12 06:34:50', '2020-10-19 01:30:01'),
(3404, 1.00, 5, 388, '2020-10-12 06:34:50', '2020-10-19 01:30:02'),
(3405, 1.00, 5, 388, '2020-10-12 06:34:51', '2020-10-19 01:30:02'),
(3406, 1.00, 5, 388, '2020-10-12 06:34:52', '2020-10-19 01:30:03'),
(3407, 1.00, 5, 388, '2020-10-12 06:34:52', '2020-10-19 01:30:03'),
(3408, 1.00, 5, 388, '2020-10-12 06:35:47', '2020-10-19 01:30:04'),
(3409, 1.00, 5, 388, '2020-10-12 06:35:47', '2020-10-19 01:30:07'),
(3410, 1.00, 5, 388, '2020-10-12 06:35:49', '2020-10-19 01:30:07'),
(3411, 1.00, 5, 388, '2020-10-12 06:36:05', '2020-10-19 01:30:08'),
(3412, 1.00, 5, 388, '2020-10-12 06:36:20', '2020-10-19 01:30:08'),
(3413, 1.00, 5, 388, '2020-10-12 06:36:40', '2020-10-19 01:30:08'),
(3414, 1.00, 5, 388, '2020-10-12 06:36:56', '2020-10-19 01:30:09'),
(3415, 1.00, 5, 388, '2020-10-12 06:37:15', '2020-10-19 01:30:09'),
(3416, 1.00, 5, 388, '2020-10-12 06:37:27', '2020-10-19 01:30:10'),
(3417, 1.00, 5, 388, '2020-10-12 06:37:42', '2020-10-19 01:30:12'),
(3435, 0.00, 5, 389, '2020-10-12 06:44:05', '2020-10-12 06:44:05'),
(3436, 1.00, 5, 389, '2020-10-12 06:44:21', '2020-10-19 01:40:36'),
(3437, 1.00, 5, 389, '2020-10-12 06:44:34', '2020-10-19 01:40:36'),
(3438, 1.00, 5, 389, '2020-10-12 06:44:45', '2020-10-19 01:40:37'),
(3439, 1.00, 5, 389, '2020-10-12 06:44:58', '2020-10-19 01:40:37'),
(3440, 1.00, 5, 389, '2020-10-12 06:45:08', '2020-10-19 01:40:38'),
(3441, 1.00, 5, 389, '2020-10-12 06:45:47', '2020-10-19 01:40:38'),
(3442, 1.00, 5, 389, '2020-10-12 06:45:48', '2020-10-19 01:40:39'),
(3443, 1.00, 5, 389, '2020-10-12 06:46:09', '2020-10-19 01:40:39'),
(3444, 1.00, 5, 389, '2020-10-12 06:46:10', '2020-10-19 01:40:41'),
(3445, 1.00, 5, 389, '2020-10-12 06:46:22', '2020-10-19 01:40:44'),
(3446, 1.00, 5, 389, '2020-10-12 06:46:33', '2020-10-19 01:40:44'),
(3447, 1.00, 5, 389, '2020-10-12 06:46:51', '2020-10-19 01:40:45'),
(3448, 1.00, 5, 389, '2020-10-12 06:47:42', '2020-10-19 01:40:46'),
(3449, 1.00, 5, 389, '2020-10-12 06:47:42', '2020-10-19 01:40:46'),
(3450, 1.00, 5, 389, '2020-10-12 06:47:43', '2020-10-19 01:40:47'),
(3451, 1.00, 5, 389, '2020-10-12 06:47:45', '2020-10-19 01:40:48'),
(3452, 1.00, 5, 389, '2020-10-12 06:47:55', '2020-10-19 01:40:48'),
(3453, 1.00, 5, 389, '2020-10-12 06:48:09', '2020-10-19 01:40:49'),
(3454, 1.00, 5, 389, '2020-10-12 06:48:20', '2020-10-19 01:40:50'),
(3455, 1.00, 5, 389, '2020-10-12 06:48:36', '2020-10-19 01:40:52'),
(3456, 1.00, 5, 389, '2020-10-12 06:49:17', '2020-10-19 01:40:53'),
(3457, 1.00, 5, 389, '2020-10-12 06:49:32', '2020-10-19 01:40:53'),
(3458, 1.00, 5, 389, '2020-10-12 06:49:47', '2020-10-19 01:40:54'),
(3459, 0.00, 5, 390, '2020-10-12 06:54:16', '2020-10-12 06:54:16'),
(3460, 1.00, 5, 390, '2020-10-12 06:55:19', '2020-10-19 01:43:15'),
(3461, 1.00, 5, 390, '2020-10-12 06:55:20', '2020-10-19 01:43:15'),
(3462, 1.00, 5, 390, '2020-10-12 06:55:20', '2020-10-19 01:43:16'),
(3463, 1.00, 5, 390, '2020-10-12 06:55:21', '2020-10-19 01:43:17'),
(3464, 1.00, 5, 390, '2020-10-12 06:55:22', '2020-10-19 01:43:22'),
(3465, 1.00, 5, 390, '2020-10-12 06:55:37', '2020-10-19 01:43:22'),
(3466, 1.00, 5, 390, '2020-10-12 06:56:22', '2020-10-19 01:43:23'),
(3467, 1.00, 5, 390, '2020-10-12 06:56:23', '2020-10-19 01:43:23'),
(3468, 1.00, 5, 390, '2020-10-12 06:56:36', '2020-10-19 01:43:24'),
(3469, 1.00, 5, 390, '2020-10-12 06:56:51', '2020-10-19 01:43:24'),
(3470, 1.00, 5, 390, '2020-10-12 06:57:03', '2020-10-19 01:43:25'),
(3471, 1.00, 5, 390, '2020-10-12 06:57:15', '2020-10-19 01:43:26'),
(3472, 1.00, 5, 390, '2020-10-12 06:57:32', '2020-10-19 01:43:26'),
(3473, 1.00, 5, 390, '2020-10-12 06:58:09', '2020-10-19 01:43:27'),
(3474, 1.00, 5, 390, '2020-10-12 06:58:10', '2020-10-19 01:43:30'),
(3475, 1.00, 5, 390, '2020-10-12 06:58:35', '2020-10-19 01:43:30'),
(3476, 1.00, 5, 390, '2020-10-12 06:58:38', '2020-10-19 01:43:31'),
(3478, 1.00, 5, 390, '2020-10-12 06:59:16', '2020-10-19 01:43:32'),
(3479, 1.00, 5, 390, '2020-10-12 07:00:47', '2020-10-19 01:43:32'),
(3480, 1.00, 5, 390, '2020-10-12 07:01:56', '2020-10-19 01:43:33'),
(3481, 1.00, 5, 390, '2020-10-12 07:01:56', '2020-10-19 01:43:34'),
(3482, 1.00, 5, 390, '2020-10-12 07:01:58', '2020-10-19 01:43:34'),
(3483, 1.00, 5, 390, '2020-10-12 07:01:59', '2020-10-19 01:43:37'),
(3494, 0.00, 5, 391, '2020-10-12 21:19:48', '2020-10-12 21:19:48'),
(3495, 1.00, 5, 391, '2020-10-12 21:20:50', '2020-10-19 01:49:52'),
(3496, 1.00, 5, 391, '2020-10-12 21:20:51', '2020-10-19 01:49:52'),
(3497, 1.00, 5, 391, '2020-10-12 21:20:53', '2020-10-19 01:49:52'),
(3498, 1.00, 5, 391, '2020-10-12 21:20:55', '2020-10-19 01:49:52'),
(3499, 1.00, 5, 391, '2020-10-12 21:20:58', '2020-10-19 01:49:53'),
(3500, 1.00, 5, 391, '2020-10-12 21:22:11', '2020-10-19 01:49:54'),
(3501, 1.00, 5, 391, '2020-10-12 21:22:13', '2020-10-19 01:49:54'),
(3502, 1.00, 5, 391, '2020-10-12 21:22:15', '2020-10-19 01:49:55'),
(3503, 1.00, 5, 391, '2020-10-12 21:22:17', '2020-10-19 01:49:55'),
(3504, 1.00, 5, 391, '2020-10-12 21:22:19', '2020-10-19 01:50:01'),
(3505, 1.00, 5, 391, '2020-10-12 21:22:22', '2020-10-19 01:50:00'),
(3506, 1.00, 5, 391, '2020-10-12 21:23:37', '2020-10-19 01:50:00'),
(3507, 1.00, 5, 391, '2020-10-12 21:23:37', '2020-10-19 01:50:01'),
(3508, 1.00, 5, 391, '2020-10-12 21:23:39', '2020-10-19 01:50:01'),
(3509, 1.00, 5, 391, '2020-10-12 21:23:39', '2020-10-19 01:50:02'),
(3510, 1.00, 5, 391, '2020-10-12 21:23:40', '2020-10-19 01:50:02'),
(3511, 1.00, 5, 391, '2020-10-12 21:25:08', '2020-10-19 01:50:03'),
(3512, 1.00, 5, 391, '2020-10-12 21:25:09', '2020-10-19 01:50:03'),
(3513, 1.00, 5, 391, '2020-10-12 21:25:10', '2020-10-19 01:50:04'),
(3514, 1.00, 5, 391, '2020-10-12 21:25:10', '2020-10-19 01:50:04'),
(3515, 1.00, 5, 391, '2020-10-12 21:25:11', '2020-10-19 01:50:05'),
(3516, 1.00, 5, 391, '2020-10-12 21:25:11', '2020-10-19 01:50:05'),
(3517, 1.00, 5, 391, '2020-10-12 21:25:13', '2020-10-19 01:50:08'),
(3518, 0.00, 5, 392, '2020-10-12 21:38:03', '2020-10-12 21:38:03'),
(3519, 1.00, 5, 392, '2020-10-12 21:38:38', '2020-10-19 01:57:34'),
(3520, 1.00, 5, 392, '2020-10-12 21:38:39', '2020-10-19 01:57:34'),
(3521, 1.00, 5, 392, '2020-10-12 21:39:04', '2020-10-19 01:57:35'),
(3522, 1.00, 5, 392, '2020-10-12 21:39:05', '2020-10-19 01:57:38'),
(3523, 1.00, 5, 392, '2020-10-12 21:39:18', '2020-10-19 01:57:38'),
(3524, 1.00, 5, 392, '2020-10-12 21:39:49', '2020-10-19 01:57:39'),
(3525, 1.00, 5, 392, '2020-10-12 21:40:00', '2020-10-19 01:57:39'),
(3526, 1.00, 5, 392, '2020-10-12 21:40:20', '2020-10-19 01:57:40'),
(3527, 1.00, 5, 392, '2020-10-12 21:40:21', '2020-10-19 01:57:41'),
(3528, 1.00, 5, 392, '2020-10-12 21:40:33', '2020-10-19 01:57:41'),
(3529, 1.00, 5, 392, '2020-10-12 21:40:44', '2020-10-19 01:57:42'),
(3530, 1.00, 5, 392, '2020-10-12 21:41:00', '2020-10-19 01:57:45'),
(3531, 1.00, 5, 392, '2020-10-12 21:41:12', '2020-10-19 01:57:46'),
(3532, 1.00, 5, 392, '2020-10-12 21:41:25', '2020-10-19 01:57:46'),
(3533, 1.00, 5, 392, '2020-10-12 21:41:50', '2020-10-19 01:57:47'),
(3534, 1.00, 5, 392, '2020-10-12 21:42:11', '2020-10-19 01:57:47'),
(3535, 1.00, 5, 392, '2020-10-12 21:42:22', '2020-10-19 01:57:48'),
(3536, 1.00, 5, 392, '2020-10-12 21:42:33', '2020-10-19 01:57:48'),
(3537, 1.00, 5, 392, '2020-10-12 21:42:48', '2020-10-19 01:57:49'),
(3538, 1.00, 5, 392, '2020-10-12 21:43:07', '2020-10-19 01:57:50'),
(3539, 1.00, 5, 392, '2020-10-12 21:43:19', '2020-10-19 01:57:50'),
(3540, 1.00, 5, 392, '2020-10-12 21:43:30', '2020-10-19 01:57:53'),
(3541, 1.00, 5, 392, '2020-10-12 21:43:44', '2020-10-19 01:57:53'),
(3545, 0.00, 5, 393, '2020-10-12 21:48:23', '2020-10-12 21:48:23'),
(3546, 1.00, 5, 393, '2020-10-12 21:48:43', '2020-10-19 02:01:18'),
(3547, 1.00, 5, 393, '2020-10-12 21:49:03', '2020-10-19 02:01:18'),
(3548, 1.00, 5, 393, '2020-10-12 21:49:04', '2020-10-19 02:01:19'),
(3549, 1.00, 5, 393, '2020-10-12 21:51:59', '2020-10-19 02:01:20'),
(3550, 1.00, 5, 393, '2020-10-12 21:52:00', '2020-10-19 02:01:20'),
(3551, 1.00, 5, 393, '2020-10-12 21:52:58', '2020-10-19 02:01:24'),
(3552, 1.00, 5, 393, '2020-10-12 21:52:59', '2020-10-19 02:01:24'),
(3553, 1.00, 5, 393, '2020-10-12 21:52:59', '2020-10-19 02:01:25'),
(3554, 1.00, 5, 393, '2020-10-12 21:53:01', '2020-10-19 02:01:26'),
(3555, 1.00, 5, 393, '2020-10-12 21:53:02', '2020-10-19 02:01:26'),
(3556, 1.00, 5, 393, '2020-10-12 21:53:04', '2020-10-19 02:01:27'),
(3557, 1.00, 5, 393, '2020-10-12 21:53:05', '2020-10-19 02:01:31'),
(3558, 1.00, 5, 393, '2020-10-12 21:55:03', '2020-10-19 02:01:31'),
(3559, 1.00, 5, 393, '2020-10-12 21:55:04', '2020-10-19 02:01:31'),
(3560, 1.00, 5, 393, '2020-10-12 21:55:06', '2020-10-19 02:01:32'),
(3561, 1.00, 5, 393, '2020-10-12 21:55:08', '2020-10-19 02:01:32'),
(3562, 1.00, 5, 393, '2020-10-12 21:55:10', '2020-10-19 02:01:33'),
(3563, 1.00, 5, 393, '2020-10-12 21:55:11', '2020-10-19 02:01:33'),
(3564, 1.00, 5, 393, '2020-10-12 21:55:14', '2020-10-19 02:01:34'),
(3565, 1.00, 5, 393, '2020-10-12 21:55:16', '2020-10-19 02:01:35'),
(3566, 1.00, 5, 393, '2020-10-12 21:55:18', '2020-10-19 02:01:35'),
(3567, 1.00, 5, 393, '2020-10-12 21:55:21', '2020-10-19 02:01:36'),
(3568, 1.00, 5, 393, '2020-10-12 21:55:23', '2020-10-19 02:01:39'),
(3569, 1.00, 5, 393, '2020-10-12 21:55:25', '2020-10-19 02:01:39'),
(3576, 0.00, 5, 394, '2020-10-12 22:05:29', '2020-10-12 22:05:29'),
(3577, 1.00, 5, 394, '2020-10-12 22:06:26', '2020-10-19 02:03:46'),
(3578, 1.00, 5, 394, '2020-10-12 22:06:28', '2020-10-19 02:03:47'),
(3579, 1.00, 5, 394, '2020-10-12 22:06:32', '2020-10-19 02:03:47'),
(3580, 1.00, 5, 394, '2020-10-12 22:06:33', '2020-10-19 02:03:48'),
(3581, 1.00, 5, 394, '2020-10-12 22:06:36', '2020-10-19 02:03:50'),
(3582, 1.00, 5, 394, '2020-10-12 22:07:48', '2020-10-19 02:03:51'),
(3583, 1.00, 5, 394, '2020-10-12 22:07:50', '2020-10-19 02:03:51'),
(3584, 1.00, 5, 394, '2020-10-12 22:07:50', '2020-10-19 02:03:52'),
(3585, 1.00, 5, 394, '2020-10-12 22:07:50', '2020-10-19 02:03:52'),
(3586, 1.00, 5, 394, '2020-10-12 22:07:50', '2020-10-19 02:03:53'),
(3587, 1.00, 5, 394, '2020-10-12 22:07:51', '2020-10-19 02:03:53'),
(3588, 1.00, 5, 394, '2020-10-12 22:07:51', '2020-10-19 02:03:54'),
(3589, 1.00, 5, 394, '2020-10-12 22:07:51', '2020-10-19 02:03:57'),
(3590, 1.00, 5, 394, '2020-10-12 22:07:52', '2020-10-19 02:03:58'),
(3591, 1.00, 5, 394, '2020-10-12 22:07:52', '2020-10-19 02:03:58'),
(3592, 1.00, 5, 394, '2020-10-12 22:07:52', '2020-10-19 02:03:59'),
(3593, 1.00, 5, 394, '2020-10-12 22:07:52', '2020-10-19 02:04:00'),
(3594, 1.00, 5, 394, '2020-10-12 22:07:53', '2020-10-19 02:04:00'),
(3595, 1.00, 5, 394, '2020-10-12 22:07:54', '2020-10-19 02:04:01'),
(3596, 1.00, 5, 394, '2020-10-12 22:07:56', '2020-10-19 02:04:01'),
(3597, 1.00, 5, 394, '2020-10-12 22:07:59', '2020-10-19 02:04:02'),
(3598, 1.00, 5, 394, '2020-10-12 22:08:00', '2020-10-19 02:04:02'),
(3599, 1.00, 5, 394, '2020-10-12 22:09:07', '2020-10-19 02:04:03'),
(3600, 1.00, 5, 394, '2020-10-12 22:09:09', '2020-10-19 02:04:03'),
(3601, 1.00, 5, 394, '2020-10-12 22:09:12', '2020-10-19 02:04:04'),
(3602, 1.00, 5, 394, '2020-10-12 22:09:13', '2020-10-19 02:04:07'),
(3603, 1.00, 5, 394, '2020-10-12 22:09:16', '2020-10-19 02:04:08'),
(3604, 1.00, 5, 394, '2020-10-12 22:09:19', '2020-10-19 02:04:08'),
(3605, 1.00, 5, 394, '2020-10-12 22:10:44', '2020-10-19 02:04:09'),
(3606, 1.00, 5, 394, '2020-10-12 22:10:45', '2020-10-19 02:04:09'),
(3607, 1.00, 5, 394, '2020-10-12 22:10:46', '2020-10-19 02:04:10'),
(3608, 1.00, 5, 394, '2020-10-12 22:10:47', '2020-10-19 02:04:11'),
(3609, 1.00, 5, 394, '2020-10-12 22:10:48', '2020-10-19 02:04:11'),
(3610, 1.00, 5, 394, '2020-10-12 22:10:49', '2020-10-19 02:04:12'),
(3611, 0.00, 5, 395, '2020-10-12 22:15:00', '2020-10-12 22:15:00'),
(3612, 1.00, 5, 395, '2020-10-12 22:16:24', '2020-10-19 02:06:17'),
(3613, 1.00, 5, 395, '2020-10-12 22:16:26', '2020-10-19 02:06:18'),
(3614, 1.00, 5, 395, '2020-10-12 22:16:46', '2020-10-19 02:06:19'),
(3615, 1.00, 5, 395, '2020-10-12 22:16:48', '2020-10-19 02:06:20'),
(3616, 1.00, 5, 395, '2020-10-12 22:16:51', '2020-10-19 02:06:22'),
(3617, 1.00, 5, 395, '2020-10-12 22:32:38', '2020-10-19 02:06:23'),
(3618, 1.00, 5, 395, '2020-10-12 22:32:42', '2020-10-19 02:06:23'),
(3619, 1.00, 5, 395, '2020-10-12 22:32:44', '2020-10-19 02:06:24'),
(3620, 1.00, 5, 395, '2020-10-12 22:32:46', '2020-10-19 02:06:24'),
(3621, 1.00, 5, 395, '2020-10-12 22:32:48', '2020-10-19 02:06:25'),
(3622, 1.00, 5, 395, '2020-10-12 22:32:51', '2020-10-19 02:06:25'),
(3623, 1.00, 5, 395, '2020-10-12 22:32:53', '2020-10-19 02:06:26'),
(3624, 1.00, 5, 395, '2020-10-12 22:34:56', '2020-10-19 02:06:27'),
(3625, 1.00, 5, 395, '2020-10-12 22:34:59', '2020-10-19 02:06:27'),
(3626, 1.00, 5, 395, '2020-10-12 22:35:01', '2020-10-19 02:06:31'),
(3627, 1.00, 5, 395, '2020-10-12 22:35:03', '2020-10-19 02:06:31'),
(3628, 1.00, 5, 395, '2020-10-12 22:35:05', '2020-10-19 02:06:32'),
(3629, 1.00, 5, 395, '2020-10-12 22:35:07', '2020-10-19 02:06:32'),
(3630, 1.00, 5, 395, '2020-10-12 22:35:09', '2020-10-19 02:06:33'),
(3631, 1.00, 5, 395, '2020-10-12 22:35:11', '2020-10-19 02:06:34'),
(3632, 1.00, 5, 395, '2020-10-12 22:35:14', '2020-10-19 02:06:34'),
(3633, 1.00, 5, 395, '2020-10-12 22:35:17', '2020-10-19 02:06:35'),
(3634, 1.00, 5, 395, '2020-10-12 22:35:19', '2020-10-19 02:06:37'),
(3635, 0.00, 5, 396, '2020-10-12 22:39:45', '2020-10-19 02:21:56'),
(3636, 1.00, 5, 396, '2020-10-12 22:41:34', '2020-10-19 02:21:57'),
(3637, 1.00, 5, 396, '2020-10-12 22:41:35', '2020-10-19 02:21:57'),
(3638, 1.00, 5, 396, '2020-10-12 22:41:37', '2020-10-19 02:21:58'),
(3639, 1.00, 5, 396, '2020-10-12 22:41:39', '2020-10-19 02:21:58'),
(3640, 1.00, 5, 396, '2020-10-12 22:41:41', '2020-10-19 02:22:01'),
(3641, 1.00, 5, 396, '2020-10-12 22:41:43', '2020-10-19 02:22:01'),
(3642, 1.00, 5, 396, '2020-10-12 22:41:45', '2020-10-19 02:22:02');
INSERT INTO `feature_options` (`id`, `price`, `count`, `feature_id`, `created_at`, `updated_at`) VALUES
(3643, 1.00, 5, 396, '2020-10-12 22:41:47', '2020-10-19 02:22:02'),
(3644, 1.00, 5, 396, '2020-10-13 01:53:46', '2020-10-19 02:22:02'),
(3645, 1.00, 5, 396, '2020-10-13 01:56:15', '2020-10-19 02:22:03'),
(3646, 1.00, 5, 396, '2020-10-13 01:56:16', '2020-10-19 02:22:03'),
(3647, 1.00, 5, 396, '2020-10-13 01:56:17', '2020-10-19 02:22:04'),
(3648, 1.00, 5, 396, '2020-10-13 01:56:18', '2020-10-19 02:22:06'),
(3649, 1.00, 5, 396, '2020-10-13 01:56:19', '2020-10-19 02:22:07'),
(3650, 1.00, 5, 396, '2020-10-13 01:56:20', '2020-10-19 02:22:07'),
(3651, 1.00, 5, 396, '2020-10-13 01:56:20', '2020-10-19 02:22:08'),
(3652, 1.00, 5, 396, '2020-10-13 01:56:21', '2020-10-19 02:22:09'),
(3653, 1.00, 5, 396, '2020-10-13 01:56:25', '2020-10-19 02:22:09'),
(3654, 1.00, 5, 396, '2020-10-13 01:56:27', '2020-10-19 02:22:10'),
(3655, 1.00, 5, 396, '2020-10-13 01:56:29', '2020-10-19 02:22:10'),
(3656, 1.00, 5, 396, '2020-10-13 01:56:33', '2020-10-19 02:22:13'),
(3657, 1.00, 5, 396, '2020-10-13 01:56:35', '2020-10-19 02:22:13'),
(3658, 0.00, 5, 397, '2020-10-13 02:02:37', '2020-10-13 02:02:37'),
(3659, 1.00, 5, 397, '2020-10-13 02:02:52', '2020-10-19 02:23:31'),
(3660, 1.00, 5, 397, '2020-10-13 02:03:49', '2020-10-19 02:23:31'),
(3661, 1.00, 5, 397, '2020-10-13 02:03:50', '2020-10-19 02:23:32'),
(3662, 1.00, 5, 397, '2020-10-13 02:03:52', '2020-10-19 02:23:32'),
(3663, 1.00, 5, 397, '2020-10-13 02:03:53', '2020-10-19 02:23:35'),
(3664, 1.00, 5, 397, '2020-10-13 02:03:55', '2020-10-19 02:23:35'),
(3665, 1.00, 5, 397, '2020-10-13 02:06:26', '2020-10-19 02:23:36'),
(3666, 1.00, 5, 397, '2020-10-13 02:06:26', '2020-10-19 02:23:36'),
(3667, 1.00, 5, 397, '2020-10-13 02:06:27', '2020-10-19 02:23:37'),
(3668, 1.00, 5, 397, '2020-10-13 02:06:28', '2020-10-19 02:23:38'),
(3669, 1.00, 5, 397, '2020-10-13 02:06:28', '2020-10-19 02:23:38'),
(3670, 1.00, 5, 397, '2020-10-13 02:06:29', '2020-10-19 02:23:39'),
(3671, 1.00, 5, 397, '2020-10-13 02:06:30', '2020-10-19 02:23:41'),
(3672, 1.00, 5, 397, '2020-10-13 02:06:31', '2020-10-19 02:23:42'),
(3673, 1.00, 5, 397, '2020-10-13 02:08:12', '2020-10-19 02:23:42'),
(3674, 1.00, 5, 397, '2020-10-13 02:08:14', '2020-10-19 02:23:43'),
(3675, 1.00, 5, 397, '2020-10-13 02:08:16', '2020-10-19 02:23:44'),
(3676, 1.00, 5, 397, '2020-10-13 02:08:18', '2020-10-19 02:23:44'),
(3677, 1.00, 5, 397, '2020-10-13 02:08:21', '2020-10-19 02:23:45'),
(3678, 1.00, 5, 397, '2020-10-13 02:08:23', '2020-10-19 02:23:48'),
(3679, 1.00, 5, 397, '2020-10-13 02:08:25', '2020-10-19 02:23:49'),
(3680, 1.00, 5, 397, '2020-10-13 02:08:28', '2020-10-19 02:23:49'),
(3681, 0.00, 5, 398, '2020-10-13 02:11:27', '2020-10-13 02:11:27'),
(3682, 1.00, 5, 398, '2020-10-13 02:13:01', '2020-10-19 02:25:52'),
(3683, 1.00, 5, 398, '2020-10-13 02:13:34', '2020-10-19 02:25:52'),
(3684, 1.00, 5, 398, '2020-10-13 02:13:34', '2020-10-19 02:25:53'),
(3685, 1.00, 5, 398, '2020-10-13 02:13:36', '2020-10-19 02:25:53'),
(3686, 1.00, 5, 398, '2020-10-13 02:13:39', '2020-10-19 02:25:56'),
(3687, 1.00, 5, 398, '2020-10-13 02:13:41', '2020-10-19 02:25:57'),
(3688, 1.00, 5, 398, '2020-10-13 02:13:43', '2020-10-19 02:25:57'),
(3689, 1.00, 5, 398, '2020-10-13 02:17:36', '2020-10-19 02:25:58'),
(3690, 1.00, 5, 398, '2020-10-13 02:17:40', '2020-10-19 02:25:58'),
(3691, 1.00, 5, 398, '2020-10-13 02:17:42', '2020-10-19 02:25:59'),
(3692, 1.00, 5, 398, '2020-10-13 02:17:45', '2020-10-19 02:25:59'),
(3693, 1.00, 5, 398, '2020-10-13 02:17:49', '2020-10-19 02:26:00'),
(3694, 1.00, 5, 398, '2020-10-13 02:17:52', '2020-10-19 02:26:00'),
(3695, 1.00, 5, 398, '2020-10-13 02:17:54', '2020-10-19 02:26:05'),
(3696, 1.00, 5, 398, '2020-10-13 02:17:57', '2020-10-19 02:26:05'),
(3697, 1.00, 5, 398, '2020-10-13 02:18:00', '2020-10-19 02:26:05'),
(3698, 1.00, 5, 398, '2020-10-13 02:18:02', '2020-10-19 02:26:06'),
(3699, 1.00, 5, 398, '2020-10-13 02:18:04', '2020-10-19 02:26:06'),
(3700, 1.00, 5, 398, '2020-10-13 02:18:07', '2020-10-19 02:26:07'),
(3701, 1.00, 5, 398, '2020-10-13 02:18:09', '2020-10-19 02:26:08'),
(3702, 1.00, 5, 398, '2020-10-13 02:18:12', '2020-10-19 02:26:08'),
(3703, 1.00, 5, 398, '2020-10-13 02:18:16', '2020-10-19 02:26:11'),
(3704, 1.00, 5, 398, '2020-10-13 02:18:27', '2020-10-19 02:26:12'),
(3705, 1.00, 5, 398, '2020-10-13 02:18:29', '2020-10-19 02:26:12'),
(3706, 1.00, 5, 398, '2020-10-13 02:18:32', '2020-10-19 02:26:13'),
(3717, 0.00, 5, 399, '2020-10-13 02:28:05', '2020-10-13 02:28:05'),
(3718, 1.00, 5, 399, '2020-10-13 02:29:31', '2020-10-19 02:27:45'),
(3719, 1.00, 5, 399, '2020-10-13 02:29:33', '2020-10-19 02:27:46'),
(3720, 1.00, 5, 399, '2020-10-13 02:29:35', '2020-10-19 02:27:49'),
(3721, 1.00, 5, 399, '2020-10-13 02:29:38', '2020-10-19 02:27:49'),
(3722, 1.00, 5, 399, '2020-10-13 02:29:41', '2020-10-19 02:27:50'),
(3723, 1.00, 5, 399, '2020-10-13 02:29:44', '2020-10-19 02:27:50'),
(3724, 1.00, 5, 399, '2020-10-13 02:29:46', '2020-10-19 02:27:51'),
(3725, 1.00, 5, 399, '2020-10-13 02:34:09', '2020-10-19 02:27:51'),
(3726, 1.00, 5, 399, '2020-10-13 02:34:12', '2020-10-19 02:27:52'),
(3727, 1.00, 5, 399, '2020-10-13 02:34:14', '2020-10-19 02:27:52'),
(3728, 1.00, 5, 399, '2020-10-13 02:34:17', '2020-10-19 02:27:53'),
(3729, 1.00, 5, 399, '2020-10-13 02:34:19', '2020-10-19 02:27:53'),
(3730, 1.00, 5, 399, '2020-10-13 02:34:21', '2020-10-19 02:27:57'),
(3731, 1.00, 5, 399, '2020-10-13 02:34:24', '2020-10-19 02:27:58'),
(3732, 1.00, 5, 399, '2020-10-13 02:34:26', '2020-10-19 02:27:58'),
(3733, 1.00, 5, 399, '2020-10-13 02:34:29', '2020-10-19 02:27:59'),
(3734, 1.00, 5, 399, '2020-10-13 02:34:31', '2020-10-19 02:27:59'),
(3735, 1.00, 5, 399, '2020-10-13 02:34:33', '2020-10-19 02:28:02'),
(3736, 1.00, 5, 399, '2020-10-13 02:34:35', '2020-10-19 02:28:02'),
(3737, 1.00, 5, 399, '2020-10-13 02:34:39', '2020-10-19 02:28:03'),
(3738, 1.00, 5, 399, '2020-10-13 02:34:41', '2020-10-19 02:28:03'),
(3739, 1.00, 5, 399, '2020-10-13 02:34:45', '2020-10-19 02:28:04'),
(3740, 1.00, 5, 399, '2020-10-13 02:34:48', '2020-10-19 02:28:07'),
(3765, 0.00, 5, 400, '2020-10-13 02:39:11', '2020-10-13 02:39:11'),
(3766, 1.00, 5, 400, '2020-10-13 02:40:31', '2020-10-19 02:30:19'),
(3767, 1.00, 5, 400, '2020-10-13 02:40:33', '2020-10-19 02:30:20'),
(3768, 1.00, 5, 400, '2020-10-13 02:40:35', '2020-10-19 02:30:20'),
(3769, 1.00, 5, 400, '2020-10-13 02:40:37', '2020-10-19 02:30:21'),
(3770, 1.00, 5, 400, '2020-10-13 02:40:39', '2020-10-19 02:30:24'),
(3771, 1.00, 5, 400, '2020-10-13 02:40:42', '2020-10-19 02:30:24'),
(3772, 1.00, 5, 400, '2020-10-13 02:40:44', '2020-10-19 02:30:25'),
(3773, 1.00, 5, 400, '2020-10-13 02:44:05', '2020-10-19 02:30:25'),
(3774, 1.00, 5, 400, '2020-10-13 02:44:07', '2020-10-19 02:30:26'),
(3775, 1.00, 5, 400, '2020-10-13 02:44:09', '2020-10-19 02:30:27'),
(3776, 1.00, 5, 400, '2020-10-13 02:44:12', '2020-10-19 02:30:31'),
(3777, 1.00, 5, 400, '2020-10-13 02:44:14', '2020-10-19 02:30:31'),
(3778, 1.00, 5, 400, '2020-10-13 02:44:17', '2020-10-19 02:30:32'),
(3779, 1.00, 5, 400, '2020-10-13 02:44:19', '2020-10-19 02:30:33'),
(3780, 1.00, 5, 400, '2020-10-13 02:44:22', '2020-10-19 02:30:33'),
(3781, 1.00, 5, 400, '2020-10-13 02:44:24', '2020-10-19 02:30:34'),
(3782, 1.00, 5, 400, '2020-10-13 02:44:27', '2020-10-19 02:30:34'),
(3783, 1.00, 5, 400, '2020-10-13 02:44:30', '2020-10-19 02:30:35'),
(3784, 1.00, 5, 400, '2020-10-13 02:44:33', '2020-10-19 02:30:35'),
(3785, 1.00, 5, 400, '2020-10-13 02:44:36', '2020-10-19 02:30:36'),
(3786, 1.00, 5, 400, '2020-10-13 02:44:38', '2020-10-19 02:30:36'),
(3787, 1.00, 5, 400, '2020-10-13 02:44:40', '2020-10-19 02:30:37'),
(3788, 1.00, 5, 400, '2020-10-13 02:44:42', '2020-10-19 02:30:39'),
(3789, 0.00, 5, 401, '2020-10-13 03:09:53', '2020-10-13 03:09:53'),
(3790, 1.00, 5, 401, '2020-10-13 03:10:16', '2020-10-23 09:33:28'),
(3791, 1.00, 5, 401, '2020-10-13 03:17:07', '2020-10-23 09:33:29'),
(3792, 1.00, 5, 401, '2020-10-13 03:17:09', '2020-10-23 09:33:29'),
(3793, 1.00, 5, 401, '2020-10-13 03:17:10', '2020-10-23 09:33:29'),
(3794, 1.00, 5, 401, '2020-10-13 03:17:12', '2020-10-23 09:33:30'),
(3795, 1.00, 5, 401, '2020-10-13 03:17:14', '2020-10-23 09:33:30'),
(3796, 1.00, 5, 401, '2020-10-13 03:17:15', '2020-10-23 09:33:31'),
(3797, 1.00, 5, 401, '2020-10-13 03:17:18', '2020-10-23 09:33:31'),
(3798, 1.00, 5, 401, '2020-10-13 03:17:20', '2020-10-23 09:33:32'),
(3799, 1.00, 5, 401, '2020-10-13 03:17:23', '2020-10-23 09:33:33'),
(3800, 1.00, 5, 401, '2020-10-13 03:17:25', '2020-10-23 09:33:33'),
(3801, 1.00, 5, 401, '2020-10-13 03:17:26', '2020-10-23 09:33:34'),
(3802, 1.00, 5, 401, '2020-10-13 03:17:29', '2020-10-23 09:33:35'),
(3803, 1.00, 5, 401, '2020-10-13 03:17:31', '2020-10-23 09:33:35'),
(3804, 1.00, 5, 401, '2020-10-13 03:17:34', '2020-10-23 09:33:36'),
(3805, 1.00, 5, 401, '2020-10-13 03:17:36', '2020-10-23 09:33:36'),
(3806, 1.00, 5, 401, '2020-10-13 03:17:39', '2020-10-23 09:33:37'),
(3807, 1.00, 5, 401, '2020-10-13 03:17:41', '2020-10-23 09:33:38'),
(3808, 1.00, 5, 401, '2020-10-13 03:17:43', '2020-10-23 09:33:38'),
(3809, 1.00, 5, 401, '2020-10-13 03:17:45', '2020-10-23 09:33:47'),
(3810, 1.00, 5, 401, '2020-10-13 03:19:33', '2020-10-23 09:33:46'),
(3811, 1.00, 5, 401, '2020-10-13 03:19:34', '2020-10-23 09:33:46'),
(3812, 1.00, 5, 401, '2020-10-13 03:19:35', '2020-10-23 09:33:45'),
(3813, 1.00, 5, 401, '2020-10-13 03:19:37', '2020-10-23 09:33:44'),
(3814, 1.00, 5, 401, '2020-10-13 03:19:39', '2020-10-23 09:33:44'),
(3815, 1.00, 5, 401, '2020-10-13 03:19:41', '2020-10-23 09:33:43'),
(3816, 1.00, 5, 401, '2020-10-13 03:19:43', '2020-10-23 09:33:43'),
(3817, 1.00, 5, 401, '2020-10-13 03:19:45', '2020-10-23 09:33:42'),
(3818, 0.00, 5, 402, '2020-10-13 05:29:26', '2020-10-13 05:29:26'),
(3819, 1.00, 5, 402, '2020-10-13 05:30:08', '2020-10-23 09:32:18'),
(3820, 1.00, 5, 402, '2020-10-13 05:34:26', '2020-10-23 09:32:18'),
(3821, 1.00, 5, 402, '2020-10-13 05:34:36', '2020-10-23 09:32:19'),
(3822, 1.00, 5, 402, '2020-10-13 05:35:14', '2020-10-23 09:32:19'),
(3823, 1.00, 5, 402, '2020-10-13 05:35:14', '2020-10-23 09:32:20'),
(3824, 1.00, 5, 402, '2020-10-13 05:35:15', '2020-10-23 09:32:21'),
(3825, 1.00, 5, 402, '2020-10-13 05:35:17', '2020-10-23 09:32:21'),
(3826, 1.00, 5, 402, '2020-10-13 05:35:48', '2020-10-23 09:32:22'),
(3827, 1.00, 5, 402, '2020-10-13 05:35:49', '2020-10-23 09:32:22'),
(3828, 1.00, 5, 402, '2020-10-13 05:35:51', '2020-10-23 09:32:23'),
(3829, 1.00, 5, 402, '2020-10-13 05:37:04', '2020-10-23 09:32:23'),
(3830, 1.00, 5, 402, '2020-10-13 05:37:05', '2020-10-23 09:32:24'),
(3831, 1.00, 5, 402, '2020-10-13 05:37:06', '2020-10-23 09:32:24'),
(3832, 1.00, 5, 402, '2020-10-13 05:37:07', '2020-10-23 09:32:25'),
(3833, 1.00, 5, 402, '2020-10-13 05:37:08', '2020-10-23 09:32:26'),
(3834, 1.00, 5, 402, '2020-10-13 05:37:12', '2020-10-23 09:32:37'),
(3835, 1.00, 5, 402, '2020-10-13 05:38:17', '2020-10-23 09:32:38'),
(3836, 1.00, 5, 402, '2020-10-13 05:38:18', '2020-10-23 09:32:38'),
(3837, 1.00, 5, 402, '2020-10-13 05:38:19', '2020-10-23 09:32:38'),
(3838, 1.00, 5, 402, '2020-10-13 05:38:20', '2020-10-23 09:32:40'),
(3839, 1.00, 5, 402, '2020-10-13 05:38:22', '2020-10-23 09:32:40'),
(3840, 1.00, 5, 402, '2020-10-13 05:38:34', '2020-10-23 09:32:40'),
(3841, 1.00, 5, 402, '2020-10-13 05:39:25', '2020-10-23 09:32:41'),
(3842, 1.00, 5, 402, '2020-10-13 05:39:26', '2020-10-23 09:32:42'),
(3843, 1.00, 5, 402, '2020-10-13 05:39:26', '2020-10-23 09:32:42'),
(3844, 1.00, 5, 402, '2020-10-13 05:39:28', '2020-10-23 09:32:43'),
(3845, 1.00, 5, 402, '2020-10-13 05:39:59', '2020-10-23 09:32:43'),
(3846, 1.00, 5, 402, '2020-10-13 05:40:00', '2020-10-23 09:32:44'),
(3858, 0.00, 5, 403, '2020-10-13 05:54:15', '2020-10-13 05:54:15'),
(3859, 1.00, 5, 403, '2020-10-13 05:55:18', '2020-10-23 09:31:19'),
(3860, 1.00, 5, 403, '2020-10-13 05:55:19', '2020-10-23 09:31:19'),
(3861, 1.00, 5, 403, '2020-10-13 05:55:20', '2020-10-23 09:31:20'),
(3862, 1.00, 5, 403, '2020-10-13 05:55:21', '2020-10-23 09:31:20'),
(3863, 1.00, 5, 403, '2020-10-13 05:55:21', '2020-10-23 09:31:21'),
(3864, 1.00, 5, 403, '2020-10-13 05:56:59', '2020-10-23 09:31:22'),
(3865, 1.00, 5, 403, '2020-10-13 05:56:59', '2020-10-23 09:31:22'),
(3866, 1.00, 5, 403, '2020-10-13 05:57:00', '2020-10-23 09:31:23'),
(3867, 1.00, 5, 403, '2020-10-13 05:57:01', '2020-10-23 09:31:23'),
(3868, 1.00, 5, 403, '2020-10-13 05:57:02', '2020-10-23 09:31:24'),
(3869, 1.00, 5, 403, '2020-10-13 05:57:02', '2020-10-23 09:31:24'),
(3870, 1.00, 5, 403, '2020-10-13 05:57:04', '2020-10-23 09:31:25'),
(3871, 1.00, 5, 403, '2020-10-13 05:57:40', '2020-10-23 09:31:25'),
(3872, 1.00, 5, 403, '2020-10-13 05:57:41', '2020-10-23 09:31:26'),
(3873, 1.00, 5, 403, '2020-10-13 05:57:41', '2020-10-23 09:31:26'),
(3874, 1.00, 5, 403, '2020-10-13 05:57:43', '2020-10-23 09:31:39'),
(3875, 1.00, 5, 403, '2020-10-13 05:58:52', '2020-10-23 09:31:38'),
(3876, 1.00, 5, 403, '2020-10-13 05:58:52', '2020-10-23 09:31:38'),
(3877, 1.00, 5, 403, '2020-10-13 05:58:53', '2020-10-23 09:31:37'),
(3878, 1.00, 5, 403, '2020-10-13 05:58:57', '2020-10-23 09:31:36'),
(3879, 1.00, 5, 403, '2020-10-13 05:58:59', '2020-10-23 09:31:36'),
(3880, 1.00, 5, 403, '2020-10-13 05:59:00', '2020-10-23 09:31:35'),
(3881, 1.00, 5, 403, '2020-10-13 05:59:01', '2020-10-23 09:31:35'),
(3882, 1.00, 5, 403, '2020-10-13 06:00:20', '2020-10-23 09:31:34'),
(3883, 1.00, 5, 403, '2020-10-13 06:00:22', '2020-10-23 09:31:34'),
(3884, 1.00, 5, 403, '2020-10-13 06:00:22', '2020-10-23 09:31:33'),
(3885, 1.00, 5, 403, '2020-10-13 06:00:23', '2020-10-23 09:31:33'),
(3886, 1.00, 5, 403, '2020-10-13 06:00:23', '2020-10-23 09:31:32'),
(3887, 1.00, 5, 403, '2020-10-13 06:00:24', '2020-10-23 09:31:32'),
(3888, 1.00, 5, 403, '2020-10-13 06:00:24', '2020-10-23 09:31:31'),
(3889, 1.00, 5, 403, '2020-10-13 06:00:24', '2020-10-23 09:31:31'),
(3890, 0.00, 5, 404, '2020-10-13 06:05:37', '2020-10-13 06:05:37'),
(3891, 1.00, 5, 404, '2020-10-13 06:05:50', '2020-10-23 09:30:33'),
(3892, 1.00, 5, 404, '2020-10-13 06:06:01', '2020-10-23 09:30:33'),
(3893, 1.00, 5, 404, '2020-10-13 06:06:26', '2020-10-23 09:30:32'),
(3894, 1.00, 5, 404, '2020-10-13 06:06:26', '2020-10-23 09:30:32'),
(3895, 1.00, 5, 404, '2020-10-13 06:06:27', '2020-10-23 09:30:31'),
(3896, 1.00, 5, 404, '2020-10-13 06:06:42', '2020-10-23 09:30:26'),
(3897, 1.00, 5, 404, '2020-10-13 06:07:12', '2020-10-23 09:30:25'),
(3898, 1.00, 5, 404, '2020-10-13 06:07:14', '2020-10-23 09:30:24'),
(3899, 1.00, 5, 404, '2020-10-13 06:07:24', '2020-10-23 09:30:23'),
(3900, 1.00, 5, 404, '2020-10-13 06:07:55', '2020-10-23 09:30:23'),
(3901, 1.00, 5, 404, '2020-10-13 06:07:56', '2020-10-23 09:30:22'),
(3902, 1.00, 5, 404, '2020-10-13 06:08:17', '2020-10-23 09:30:21'),
(3903, 1.00, 5, 404, '2020-10-13 06:08:29', '2020-10-23 09:30:22'),
(3904, 1.00, 5, 404, '2020-10-13 06:08:43', '2020-10-23 09:30:20'),
(3905, 1.00, 5, 404, '2020-10-13 06:09:22', '2020-10-23 09:30:20'),
(3906, 1.00, 5, 404, '2020-10-13 06:09:23', '2020-10-23 09:30:19'),
(3907, 1.00, 5, 404, '2020-10-13 06:09:25', '2020-10-23 09:30:19'),
(3908, 1.00, 5, 404, '2020-10-13 06:10:34', '2020-10-23 09:30:18'),
(3909, 1.00, 5, 404, '2020-10-13 06:10:35', '2020-10-23 09:30:12'),
(3910, 1.00, 5, 404, '2020-10-13 06:10:35', '2020-10-23 09:30:11'),
(3911, 1.00, 5, 404, '2020-10-13 06:10:36', '2020-10-23 09:30:11'),
(3912, 1.00, 5, 404, '2020-10-13 06:10:37', '2020-10-23 09:30:10'),
(3913, 1.00, 5, 404, '2020-10-13 06:10:38', '2020-10-23 09:30:09'),
(3914, 1.00, 5, 404, '2020-10-13 06:10:51', '2020-10-23 09:30:09'),
(3915, 1.00, 5, 404, '2020-10-13 06:11:00', '2020-10-23 09:30:08'),
(3916, 1.00, 5, 404, '2020-10-13 06:11:49', '2020-10-23 09:30:08'),
(3917, 1.00, 5, 404, '2020-10-13 06:11:49', '2020-10-23 09:30:08'),
(3918, 1.00, 5, 404, '2020-10-13 06:11:51', '2020-10-23 09:30:07'),
(3919, 1.00, 5, 404, '2020-10-13 06:11:52', '2020-10-23 09:30:07'),
(3920, 0.00, 5, 405, '2020-10-13 06:15:51', '2020-10-13 06:15:51'),
(3921, 1.00, 5, 405, '2020-10-13 06:16:01', '2020-10-23 09:29:06'),
(3922, 1.00, 5, 405, '2020-10-13 06:16:14', '2020-10-23 09:29:07'),
(3923, 0.10, 5, 405, '2020-10-13 06:16:24', '2020-10-23 09:29:07'),
(3924, 1.00, 5, 405, '2020-10-13 06:16:34', '2020-10-23 09:29:08'),
(3925, 1.00, 5, 405, '2020-10-13 06:17:08', '2020-10-23 09:29:08'),
(3926, 1.00, 5, 405, '2020-10-13 06:17:10', '2020-10-23 09:29:09'),
(3927, 1.00, 5, 405, '2020-10-13 06:17:12', '2020-10-23 09:29:09'),
(3928, 1.00, 5, 405, '2020-10-13 06:17:26', '2020-10-23 09:29:10'),
(3929, 1.00, 5, 405, '2020-10-13 06:17:39', '2020-10-23 09:29:11'),
(3930, 1.00, 5, 405, '2020-10-13 06:18:29', '2020-10-23 09:29:11'),
(3931, 1.00, 5, 405, '2020-10-13 06:18:30', '2020-10-23 09:29:12'),
(3932, 1.00, 5, 405, '2020-10-13 06:18:32', '2020-10-23 09:29:12'),
(3933, 1.00, 5, 405, '2020-10-13 06:18:33', '2020-10-23 09:29:13'),
(3934, 1.00, 5, 405, '2020-10-13 06:19:07', '2020-10-23 09:29:14'),
(3935, 1.00, 5, 405, '2020-10-13 06:19:07', '2020-10-23 09:29:14'),
(3936, 1.00, 5, 405, '2020-10-13 06:19:20', '2020-10-23 09:29:15'),
(3937, 1.00, 5, 405, '2020-10-13 06:19:37', '2020-10-23 09:29:16'),
(3938, 1.00, 5, 405, '2020-10-13 06:19:50', '2020-10-23 09:29:24'),
(3939, 1.00, 5, 405, '2020-10-13 06:20:30', '2020-10-23 09:29:24'),
(3940, 1.00, 5, 405, '2020-10-13 06:20:31', '2020-10-23 09:29:25'),
(3941, 1.00, 5, 405, '2020-10-13 06:21:12', '2020-10-23 09:29:25'),
(3942, 1.00, 5, 405, '2020-10-13 06:21:13', '2020-10-23 09:29:26'),
(3943, 1.00, 5, 405, '2020-10-13 06:21:15', '2020-10-23 09:29:26'),
(3944, 1.00, 5, 405, '2020-10-13 06:21:36', '2020-10-23 09:29:27'),
(3945, 1.00, 5, 405, '2020-10-13 06:21:36', '2020-10-23 09:29:27'),
(3946, 1.00, 5, 405, '2020-10-13 06:22:05', '2020-10-23 09:29:28'),
(3947, 1.00, 5, 405, '2020-10-13 06:22:05', '2020-10-23 09:29:28'),
(3948, 1.00, 5, 405, '2020-10-13 06:22:06', '2020-10-23 09:29:29'),
(3949, 0.00, 5, 406, '2020-10-13 06:26:26', '2020-10-13 06:26:26'),
(3950, 1.00, 5, 406, '2020-10-13 06:27:46', '2020-10-23 09:27:56'),
(3951, 1.00, 5, 406, '2020-10-13 06:27:47', '2020-10-23 09:27:54'),
(3952, 1.00, 5, 406, '2020-10-13 06:27:48', '2020-10-23 09:27:53'),
(3953, 1.00, 5, 406, '2020-10-13 06:27:49', '2020-10-23 09:27:52'),
(3954, 1.00, 5, 406, '2020-10-13 06:27:49', '2020-10-23 09:27:52'),
(3955, 1.00, 5, 406, '2020-10-13 06:27:50', '2020-10-23 09:27:51'),
(3956, 1.00, 5, 406, '2020-10-13 06:27:51', '2020-10-23 09:27:50'),
(3957, 1.00, 5, 406, '2020-10-13 06:28:03', '2020-10-23 09:27:50'),
(3958, 1.00, 5, 406, '2020-10-13 06:29:47', '2020-10-23 09:27:43'),
(3959, 1.00, 5, 406, '2020-10-13 06:29:48', '2020-10-23 09:27:43'),
(3960, 1.00, 5, 406, '2020-10-13 06:29:48', '2020-10-23 09:27:42'),
(3961, 1.00, 5, 406, '2020-10-13 06:29:49', '2020-10-23 09:27:41'),
(3962, 1.00, 5, 406, '2020-10-13 06:29:49', '2020-10-23 09:27:41'),
(3963, 1.00, 5, 406, '2020-10-13 06:29:50', '2020-10-23 09:27:40'),
(3964, 1.00, 5, 406, '2020-10-13 06:29:50', '2020-10-23 09:27:40'),
(3965, 1.00, 5, 406, '2020-10-13 06:29:51', '2020-10-23 09:27:38'),
(3966, 1.00, 5, 406, '2020-10-13 06:29:52', '2020-10-23 09:27:38'),
(3967, 1.00, 5, 406, '2020-10-13 06:31:06', '2020-10-23 09:27:37'),
(3968, 1.00, 5, 406, '2020-10-13 06:31:07', '2020-10-23 09:27:36'),
(3969, 1.00, 5, 406, '2020-10-13 06:31:07', '2020-10-23 09:27:36'),
(3970, 1.00, 5, 406, '2020-10-13 06:31:08', '2020-10-23 09:27:35'),
(3971, 1.00, 5, 406, '2020-10-13 06:31:09', '2020-10-23 09:27:35'),
(3972, 1.00, 5, 406, '2020-10-13 06:31:10', '2020-10-23 09:27:34'),
(3973, 1.00, 5, 406, '2020-10-13 06:36:07', '2020-10-23 09:27:34'),
(3974, 1.00, 5, 406, '2020-10-13 06:36:08', '2020-10-23 09:27:33'),
(3975, 1.00, 5, 406, '2020-10-13 06:37:26', '2020-10-23 09:27:32'),
(3976, 1.00, 5, 406, '2020-10-13 06:37:26', '2020-10-23 09:27:32'),
(3977, 1.00, 5, 406, '2020-10-13 06:37:27', '2020-10-23 09:27:32'),
(3978, 0.00, 5, 407, '2020-10-13 06:46:16', '2020-10-13 06:46:16'),
(3979, 2.00, 5, 407, '2020-10-13 06:46:37', '2020-10-23 02:21:17'),
(3980, 2.00, 5, 407, '2020-10-13 06:46:37', '2020-10-23 02:21:18'),
(3981, 2.00, 5, 407, '2020-10-13 06:47:25', '2020-10-23 02:21:19'),
(3982, 2.00, 5, 407, '2020-10-13 06:47:25', '2020-10-23 02:21:20'),
(3983, 2.00, 5, 407, '2020-10-13 06:47:26', '2020-10-23 02:21:21'),
(3984, 2.00, 5, 407, '2020-10-13 06:47:27', '2020-10-23 02:21:21'),
(3985, 2.00, 5, 407, '2020-10-13 06:47:28', '2020-10-23 02:21:22'),
(3986, 2.00, 5, 407, '2020-10-13 06:48:31', '2020-10-23 02:21:23'),
(3987, 2.00, 5, 407, '2020-10-13 06:48:32', '2020-10-23 02:21:23'),
(3988, 2.00, 5, 407, '2020-10-13 06:48:32', '2020-10-23 02:21:24'),
(3989, 2.00, 5, 407, '2020-10-13 06:48:33', '2020-10-23 02:21:25'),
(3990, 2.00, 5, 407, '2020-10-13 06:48:33', '2020-10-23 02:21:25'),
(3991, 2.00, 5, 407, '2020-10-13 06:48:36', '2020-10-23 02:21:41'),
(3992, 2.00, 5, 407, '2020-10-13 06:48:36', '2020-10-23 02:21:40'),
(3993, 2.00, 5, 407, '2020-10-13 06:48:51', '2020-10-23 02:21:39'),
(3994, 2.00, 5, 407, '2020-10-13 06:49:40', '2020-10-23 02:21:39'),
(3995, 2.00, 5, 407, '2020-10-13 06:49:41', '2020-10-23 02:21:38'),
(3996, 2.00, 5, 407, '2020-10-13 06:50:42', '2020-10-23 02:21:37'),
(3997, 2.00, 5, 407, '2020-10-13 06:50:42', '2020-10-23 02:21:36'),
(3998, 2.00, 5, 407, '2020-10-13 06:50:42', '2020-10-23 02:21:35'),
(3999, 2.00, 5, 407, '2020-10-13 06:50:43', '2020-10-23 02:21:34'),
(4000, 2.00, 5, 407, '2020-10-13 06:50:44', '2020-10-23 02:21:34'),
(4001, 2.00, 5, 407, '2020-10-13 06:50:45', '2020-10-23 02:21:33'),
(4013, 0.00, 5, 408, '2020-10-13 07:02:50', '2020-10-13 07:02:50'),
(4014, 2.00, 5, 408, '2020-10-13 07:03:14', '2020-10-23 02:22:32'),
(4015, 2.00, 5, 408, '2020-10-13 07:04:15', '2020-10-23 02:22:31'),
(4016, 2.00, 5, 408, '2020-10-13 07:04:15', '2020-10-23 02:22:31'),
(4017, 2.00, 5, 408, '2020-10-13 07:04:16', '2020-10-23 02:22:30'),
(4018, 2.00, 5, 408, '2020-10-13 07:04:17', '2020-10-23 02:22:30'),
(4019, 2.00, 5, 408, '2020-10-13 07:04:20', '2020-10-23 02:22:30'),
(4020, 2.00, 5, 408, '2020-10-13 07:05:30', '2020-10-23 02:22:29'),
(4021, 2.00, 5, 408, '2020-10-13 07:05:31', '2020-10-23 02:22:29'),
(4022, 2.00, 5, 408, '2020-10-13 07:05:35', '2020-10-23 02:22:28'),
(4023, 2.00, 5, 408, '2020-10-13 07:05:36', '2020-10-23 02:22:28'),
(4024, 2.00, 5, 408, '2020-10-13 07:05:37', '2020-10-23 02:22:27'),
(4025, 2.00, 5, 408, '2020-10-13 07:05:56', '2020-10-23 02:22:27'),
(4026, 2.00, 5, 408, '2020-10-13 07:05:56', '2020-10-23 02:22:26'),
(4027, 2.00, 5, 408, '2020-10-13 07:07:11', '2020-10-23 02:22:23'),
(4028, 2.00, 5, 408, '2020-10-13 07:07:12', '2020-10-23 02:22:21'),
(4029, 2.00, 5, 408, '2020-10-13 07:07:12', '2020-10-23 02:22:20'),
(4030, 2.00, 5, 408, '2020-10-13 07:07:13', '2020-10-23 02:22:20'),
(4031, 2.00, 5, 408, '2020-10-13 07:07:16', '2020-10-23 02:22:19'),
(4032, 2.00, 5, 408, '2020-10-13 07:07:17', '2020-10-23 02:22:19'),
(4033, 2.00, 5, 408, '2020-10-13 07:08:18', '2020-10-23 02:22:18'),
(4034, 2.00, 5, 408, '2020-10-13 07:08:20', '2020-10-23 02:22:18'),
(4035, 2.00, 5, 408, '2020-10-13 07:08:21', '2020-10-23 02:22:17'),
(4036, 2.00, 5, 408, '2020-10-13 07:08:21', '2020-10-23 02:22:17'),
(4037, 2.00, 5, 408, '2020-10-13 07:08:23', '2020-10-23 02:22:16'),
(4040, 0.00, 5, 409, '2020-10-14 00:12:44', '2020-10-14 00:12:44'),
(4041, 2.00, 5, 409, '2020-10-14 00:14:13', '2020-10-23 09:53:30'),
(4042, 2.00, 5, 409, '2020-10-14 00:14:16', '2020-10-23 09:53:33'),
(4043, 2.00, 5, 409, '2020-10-14 00:14:19', '2020-10-23 09:53:34'),
(4044, 2.00, 5, 409, '2020-10-14 00:14:21', '2020-10-23 09:53:34'),
(4045, 2.00, 5, 409, '2020-10-14 00:14:24', '2020-10-23 09:53:34'),
(4046, 2.00, 5, 409, '2020-10-14 00:14:26', '2020-10-23 09:53:35'),
(4047, 2.00, 5, 409, '2020-10-14 00:14:31', '2020-10-23 09:53:35'),
(4050, 2.00, 5, 409, '2020-10-14 00:17:30', '2020-10-23 09:53:36'),
(4051, 2.00, 5, 409, '2020-10-14 00:17:31', '2020-10-23 09:53:48'),
(4052, 2.00, 5, 409, '2020-10-14 00:17:32', '2020-10-23 09:53:48'),
(4053, 2.00, 5, 409, '2020-10-14 00:17:44', '2020-10-23 09:53:47'),
(4054, 2.00, 5, 409, '2020-10-14 00:17:46', '2020-10-23 09:53:47'),
(4055, 2.00, 5, 409, '2020-10-14 00:17:48', '2020-10-23 09:53:46'),
(4056, 2.00, 5, 409, '2020-10-14 00:17:49', '2020-10-23 09:53:46'),
(4057, 2.00, 5, 409, '2020-10-14 00:17:52', '2020-10-23 09:53:45'),
(4058, 2.00, 5, 409, '2020-10-14 00:19:39', '2020-10-23 09:53:44'),
(4059, 2.00, 5, 409, '2020-10-14 00:19:40', '2020-10-23 09:53:52'),
(4060, 2.00, 5, 409, '2020-10-14 00:19:43', '2020-10-23 09:53:52'),
(4061, 2.00, 5, 409, '2020-10-14 00:19:44', '2020-10-23 09:53:51'),
(4062, 2.00, 5, 409, '2020-10-14 00:19:46', '2020-10-23 09:53:51'),
(4063, 2.00, 5, 409, '2020-10-14 00:19:49', '2020-10-23 09:53:50'),
(4064, 2.00, 5, 409, '2020-10-14 00:19:52', '2020-10-23 09:53:50'),
(4065, 2.00, 5, 409, '2020-10-14 00:19:54', '2020-10-23 09:53:49'),
(4071, 0.00, 5, 410, '2020-10-14 00:26:17', '2020-10-14 00:26:17'),
(4072, 2.00, 5, 410, '2020-10-14 00:26:43', '2020-10-23 09:52:38'),
(4073, 2.00, 5, 410, '2020-10-14 00:28:00', '2020-10-23 09:52:39'),
(4074, 2.00, 5, 410, '2020-10-14 00:28:03', '2020-10-23 09:52:39'),
(4075, 2.00, 5, 410, '2020-10-14 00:28:04', '2020-10-23 09:52:40'),
(4076, 2.00, 5, 410, '2020-10-14 00:28:07', '2020-10-23 09:52:40'),
(4077, 2.00, 5, 410, '2020-10-14 00:28:11', '2020-10-23 09:52:40'),
(4078, 2.00, 5, 410, '2020-10-14 00:28:14', '2020-10-23 09:52:41'),
(4079, 2.00, 5, 410, '2020-10-14 00:29:29', '2020-10-23 09:52:41'),
(4080, 2.00, 5, 410, '2020-10-14 00:29:30', '2020-10-23 09:52:42'),
(4081, 2.00, 5, 410, '2020-10-14 00:29:30', '2020-10-23 09:52:42'),
(4082, 2.00, 5, 410, '2020-10-14 00:29:33', '2020-10-23 09:52:43'),
(4083, 2.00, 5, 410, '2020-10-14 00:29:35', '2020-10-23 09:52:43'),
(4084, 2.00, 5, 410, '2020-10-14 00:29:37', '2020-10-23 09:52:49'),
(4085, 2.00, 5, 410, '2020-10-14 00:33:06', '2020-10-23 09:52:49'),
(4086, 2.00, 5, 410, '2020-10-14 00:33:08', '2020-10-23 09:52:50'),
(4087, 2.00, 5, 410, '2020-10-14 00:33:10', '2020-10-23 09:52:50'),
(4088, 2.00, 5, 410, '2020-10-14 00:33:12', '2020-10-23 09:52:50'),
(4089, 2.00, 5, 410, '2020-10-14 00:33:14', '2020-10-23 09:52:51'),
(4090, 2.00, 5, 410, '2020-10-14 00:33:16', '2020-10-23 09:52:51'),
(4091, 2.00, 5, 410, '2020-10-14 00:33:19', '2020-10-23 09:52:52'),
(4092, 2.00, 5, 410, '2020-10-14 00:33:22', '2020-10-23 09:52:52'),
(4093, 2.00, 5, 410, '2020-10-14 00:33:24', '2020-10-23 09:52:52'),
(4094, 2.00, 5, 410, '2020-10-14 00:33:26', '2020-10-23 09:52:53'),
(4095, 0.00, 5, 411, '2020-10-14 00:38:50', '2020-10-14 00:38:50'),
(4096, 2.00, 5, 411, '2020-10-14 00:43:49', '2020-10-23 09:51:54'),
(4097, 2.00, 5, 411, '2020-10-14 00:43:51', '2020-10-23 09:51:54'),
(4098, 2.00, 5, 411, '2020-10-14 00:43:53', '2020-10-23 09:51:55'),
(4099, 2.00, 5, 411, '2020-10-14 00:43:55', '2020-10-23 09:51:55'),
(4100, 2.00, 5, 411, '2020-10-14 00:43:57', '2020-10-23 09:51:56'),
(4101, 2.00, 5, 411, '2020-10-14 00:43:59', '2020-10-23 09:51:56'),
(4102, 2.00, 5, 411, '2020-10-14 00:44:01', '2020-10-23 09:51:57'),
(4103, 2.00, 5, 411, '2020-10-14 00:44:04', '2020-10-23 09:51:57'),
(4104, 2.00, 5, 411, '2020-10-14 00:44:07', '2020-10-23 09:51:58'),
(4105, 2.00, 5, 411, '2020-10-14 00:44:09', '2020-10-23 09:51:58'),
(4106, 2.00, 5, 411, '2020-10-14 00:44:11', '2020-10-23 09:51:59'),
(4107, 2.00, 5, 411, '2020-10-14 00:46:18', '2020-10-23 09:52:04'),
(4108, 2.00, 5, 411, '2020-10-14 00:46:20', '2020-10-23 09:52:04'),
(4109, 2.00, 5, 411, '2020-10-14 00:46:22', '2020-10-23 09:52:05'),
(4110, 2.00, 5, 411, '2020-10-14 00:46:24', '2020-10-23 09:52:05'),
(4111, 2.00, 5, 411, '2020-10-14 00:46:27', '2020-10-23 09:52:05'),
(4112, 2.00, 5, 411, '2020-10-14 00:46:30', '2020-10-23 09:52:06'),
(4113, 2.00, 5, 411, '2020-10-14 00:46:33', '2020-10-23 09:51:45'),
(4114, 2.00, 5, 411, '2020-10-14 00:46:35', '2020-10-23 09:51:45'),
(4115, 2.00, 5, 411, '2020-10-14 00:46:37', '2020-10-23 09:51:44'),
(4116, 2.00, 5, 411, '2020-10-14 00:46:39', '2020-10-23 09:51:44'),
(4117, 2.00, 5, 411, '2020-10-14 00:46:41', '2020-10-23 09:51:43'),
(4118, 2.00, 5, 411, '2020-10-14 00:46:44', '2020-10-23 09:51:43'),
(4119, 0.00, 5, 412, '2020-10-14 00:50:09', '2020-10-14 00:50:09'),
(4120, 2.00, 5, 412, '2020-10-14 00:51:33', '2020-10-23 09:50:53'),
(4121, 2.00, 5, 412, '2020-10-14 00:51:35', '2020-10-23 09:50:54'),
(4122, 2.00, 5, 412, '2020-10-14 00:51:37', '2020-10-23 09:50:54'),
(4127, 2.00, 5, 412, '2020-10-14 00:51:47', '2020-10-23 09:50:55'),
(4128, 2.00, 5, 412, '2020-10-14 00:51:49', '2020-10-23 09:50:55'),
(4129, 2.00, 5, 412, '2020-10-14 00:51:53', '2020-10-23 09:50:56'),
(4130, 2.00, 5, 412, '2020-10-14 00:51:55', '2020-10-23 09:50:56'),
(4131, 2.00, 5, 412, '2020-10-14 00:51:58', '2020-10-23 09:50:57'),
(4132, 2.00, 5, 412, '2020-10-14 00:54:00', '2020-10-23 09:50:57'),
(4133, 2.00, 5, 412, '2020-10-14 00:54:02', '2020-10-23 09:51:09'),
(4134, 2.00, 5, 412, '2020-10-14 00:54:05', '2020-10-23 09:51:09'),
(4135, 2.00, 5, 412, '2020-10-14 00:54:07', '2020-10-23 09:51:08'),
(4136, 2.00, 5, 412, '2020-10-14 00:54:10', '2020-10-23 09:51:08'),
(4137, 2.00, 5, 412, '2020-10-14 00:54:13', '2020-10-23 09:51:07'),
(4138, 2.00, 5, 412, '2020-10-14 00:54:15', '2020-10-23 09:51:07'),
(4139, 2.00, 5, 412, '2020-10-14 00:55:54', '2020-10-23 09:51:06'),
(4140, 2.00, 5, 412, '2020-10-14 00:55:56', '2020-10-23 09:51:06'),
(4141, 2.00, 5, 412, '2020-10-14 00:55:58', '2020-10-23 09:51:05'),
(4142, 2.00, 5, 412, '2020-10-14 00:56:00', '2020-10-23 09:51:05'),
(4143, 2.00, 5, 412, '2020-10-14 00:56:03', '2020-10-23 09:51:04'),
(4144, 2.00, 5, 412, '2020-10-14 00:56:05', '2020-10-23 09:51:04'),
(4145, 2.00, 5, 412, '2020-10-14 00:56:10', '2020-10-23 09:51:04'),
(4146, 2.00, 5, 412, '2020-10-14 00:56:13', '2020-10-23 09:51:03'),
(4157, 0.00, 5, 413, '2020-10-14 01:13:42', '2020-10-14 01:13:42'),
(4158, 2.00, 5, 413, '2020-10-14 01:14:16', '2020-10-23 09:48:48'),
(4159, 2.00, 5, 413, '2020-10-14 01:15:56', '2020-10-23 09:48:48'),
(4160, 2.00, 5, 413, '2020-10-14 01:15:59', '2020-10-23 09:48:49'),
(4161, 2.00, 5, 413, '2020-10-14 01:16:01', '2020-10-23 09:48:49'),
(4162, 2.00, 5, 413, '2020-10-14 01:16:03', '2020-10-23 09:48:49'),
(4163, 2.00, 5, 413, '2020-10-14 01:16:05', '2020-10-23 09:48:50'),
(4164, 2.00, 5, 413, '2020-10-14 01:16:07', '2020-10-23 09:48:51'),
(4165, 2.00, 5, 413, '2020-10-14 01:16:09', '2020-10-23 09:48:51'),
(4167, 2.00, 5, 413, '2020-10-14 01:19:42', '2020-10-23 09:48:53'),
(4178, 2.00, 5, 413, '2020-10-14 01:19:45', '2020-10-23 09:49:06'),
(4179, 2.00, 5, 413, '2020-10-14 01:19:46', '2020-10-23 09:49:06'),
(4180, 2.00, 5, 413, '2020-10-14 01:19:48', '2020-10-23 09:49:06'),
(4181, 2.00, 5, 413, '2020-10-14 01:19:51', '2020-10-23 09:49:07'),
(4182, 2.00, 5, 413, '2020-10-14 01:19:52', '2020-10-23 09:49:17'),
(4183, 2.00, 5, 413, '2020-10-14 01:19:54', '2020-10-23 09:49:16'),
(4184, 2.00, 5, 413, '2020-10-14 01:19:56', '2020-10-23 09:49:16'),
(4185, 2.00, 5, 413, '2020-10-14 01:19:58', '2020-10-23 09:49:15'),
(4186, 2.00, 5, 413, '2020-10-14 01:20:00', '2020-10-23 09:49:15'),
(4187, 2.00, 5, 413, '2020-10-14 01:20:03', '2020-10-23 09:49:15'),
(4188, 2.00, 5, 413, '2020-10-14 01:20:08', '2020-10-23 09:49:14'),
(4189, 2.00, 5, 413, '2020-10-14 01:20:10', '2020-10-23 09:49:14'),
(4190, 2.00, 5, 413, '2020-10-14 01:20:12', '2020-10-23 09:49:13'),
(4191, 2.00, 5, 413, '2020-10-14 01:20:18', '2020-10-23 09:49:13'),
(4192, 0.00, 5, 414, '2020-10-14 01:35:52', '2020-10-14 01:36:07'),
(4193, 2.00, 5, 414, '2020-10-14 01:36:09', '2020-10-23 10:59:27'),
(4194, 2.00, 5, 414, '2020-10-14 01:37:20', '2020-10-23 10:59:27'),
(4195, 2.00, 5, 414, '2020-10-14 01:38:15', '2020-10-23 10:59:28'),
(4196, 2.00, 5, 414, '2020-10-14 01:38:16', '2020-10-23 10:59:29'),
(4197, 2.00, 5, 414, '2020-10-14 01:38:19', '2020-10-23 10:59:28'),
(4198, 2.00, 5, 414, '2020-10-14 01:38:21', '2020-10-23 10:59:29'),
(4199, 2.00, 5, 414, '2020-10-14 01:39:26', '2020-10-23 10:59:30'),
(4200, 2.00, 5, 414, '2020-10-14 01:39:28', '2020-10-23 10:59:37'),
(4201, 2.00, 5, 414, '2020-10-14 01:39:30', '2020-10-23 10:59:37'),
(4202, 2.00, 5, 414, '2020-10-14 01:39:32', '2020-10-23 10:59:37'),
(4203, 2.00, 5, 414, '2020-10-14 01:39:34', '2020-10-23 10:59:38'),
(4204, 2.00, 5, 414, '2020-10-14 01:44:52', '2020-10-23 10:59:38'),
(4205, 2.00, 5, 414, '2020-10-14 01:44:54', '2020-10-23 10:59:39'),
(4206, 2.00, 5, 414, '2020-10-14 01:44:57', '2020-10-23 10:59:39'),
(4207, 2.00, 5, 414, '2020-10-14 01:45:00', '2020-10-23 10:59:33'),
(4208, 2.00, 5, 414, '2020-10-14 01:45:02', '2020-10-23 10:59:40'),
(4209, 2.00, 5, 414, '2020-10-14 01:45:05', '2020-10-23 10:59:40'),
(4210, 2.00, 5, 414, '2020-10-14 01:45:07', '2020-10-23 10:59:41'),
(4211, 2.00, 5, 414, '2020-10-14 01:45:09', '2020-10-23 10:59:41'),
(4212, 2.00, 5, 414, '2020-10-14 01:45:11', '2020-10-23 10:59:42'),
(4213, 2.00, 5, 414, '2020-10-14 01:45:14', '2020-10-23 10:59:42'),
(4214, 2.00, 5, 414, '2020-10-14 01:45:17', '2020-10-23 10:59:43'),
(4215, 2.00, 5, 414, '2020-10-14 01:45:21', '2020-10-23 10:59:43'),
(4225, 0.00, 5, 415, '2020-10-14 02:04:56', '2020-10-14 02:04:56'),
(4226, 2.00, 5, 415, '2020-10-14 02:05:10', '2020-10-23 10:58:55'),
(4227, 2.00, 5, 415, '2020-10-14 02:07:00', '2020-10-23 10:58:55'),
(4228, 2.00, 5, 415, '2020-10-14 02:07:02', '2020-10-23 10:58:55'),
(4229, 2.00, 5, 415, '2020-10-14 02:07:04', '2020-10-23 10:58:54'),
(4230, 2.00, 5, 415, '2020-10-14 02:07:07', '2020-10-23 10:58:54'),
(4231, 2.00, 5, 415, '2020-10-14 02:07:09', '2020-10-23 10:58:53'),
(4232, 2.00, 5, 415, '2020-10-14 02:07:11', '2020-10-23 10:58:53'),
(4233, 2.00, 5, 415, '2020-10-14 02:07:14', '2020-10-23 10:58:52'),
(4234, 2.00, 5, 415, '2020-10-14 02:07:17', '2020-10-23 10:58:52'),
(4235, 2.00, 5, 415, '2020-10-14 02:07:19', '2020-10-23 10:58:51'),
(4236, 2.00, 5, 415, '2020-10-14 02:07:21', '2020-10-23 10:58:51'),
(4237, 2.00, 5, 415, '2020-10-14 02:12:37', '2020-10-23 10:58:50'),
(4238, 2.00, 5, 415, '2020-10-14 02:12:39', '2020-10-23 10:58:50'),
(4239, 2.00, 5, 415, '2020-10-14 02:12:41', '2020-10-23 10:58:49'),
(4240, 2.00, 5, 415, '2020-10-14 02:12:43', '2020-10-23 10:58:42'),
(4241, 2.00, 5, 415, '2020-10-14 02:12:46', '2020-10-23 10:58:41'),
(4242, 2.00, 5, 415, '2020-10-14 02:12:48', '2020-10-23 10:58:41'),
(4243, 2.00, 5, 415, '2020-10-14 02:12:50', '2020-10-23 10:58:40'),
(4244, 2.00, 5, 415, '2020-10-14 02:12:52', '2020-10-23 10:58:40'),
(4245, 2.00, 5, 415, '2020-10-14 02:12:55', '2020-10-23 10:58:39'),
(4246, 2.00, 5, 415, '2020-10-14 02:12:57', '2020-10-23 10:58:39'),
(4247, 2.00, 5, 415, '2020-10-14 02:13:01', '2020-10-23 10:58:38'),
(4248, 2.00, 5, 415, '2020-10-14 02:13:03', '2020-10-23 10:58:38'),
(4249, 0.00, 5, 416, '2020-10-14 02:16:00', '2020-10-14 02:16:00'),
(4250, 2.00, 5, 416, '2020-10-14 02:18:23', '2020-10-23 10:03:18'),
(4251, 2.00, 5, 416, '2020-10-14 02:18:26', '2020-10-23 10:03:17'),
(4252, 2.00, 5, 416, '2020-10-14 02:18:28', '2020-10-23 10:03:16'),
(4253, 2.00, 5, 416, '2020-10-14 02:18:30', '2020-10-23 10:03:16'),
(4254, 2.00, 5, 416, '2020-10-14 02:18:32', '2020-10-23 10:03:15'),
(4255, 2.00, 5, 416, '2020-10-14 02:18:34', '2020-10-23 10:03:15'),
(4256, 2.00, 5, 416, '2020-10-14 02:18:37', '2020-10-23 10:03:14'),
(4257, 2.00, 5, 416, '2020-10-14 02:18:39', '2020-10-23 10:03:14'),
(4258, 2.00, 5, 416, '2020-10-14 02:18:42', '2020-10-23 10:03:13'),
(4259, 2.00, 5, 416, '2020-10-14 02:18:44', '2020-10-23 10:03:13'),
(4260, 2.00, 5, 416, '2020-10-14 02:18:46', '2020-10-23 10:03:12'),
(4261, 2.00, 5, 416, '2020-10-14 02:21:40', '2020-10-23 10:03:12'),
(4262, 2.00, 5, 416, '2020-10-14 02:21:42', '2020-10-23 10:03:11'),
(4263, 2.00, 5, 416, '2020-10-14 02:21:45', '2020-10-23 10:03:11'),
(4264, 2.00, 5, 416, '2020-10-14 02:21:47', '2020-10-23 10:03:03'),
(4265, 2.00, 5, 416, '2020-10-14 02:21:50', '2020-10-23 10:03:02'),
(4266, 2.00, 5, 416, '2020-10-14 02:21:52', '2020-10-23 10:03:02'),
(4267, 2.00, 5, 416, '2020-10-14 02:21:54', '2020-10-23 10:03:01'),
(4268, 2.00, 5, 416, '2020-10-14 02:21:57', '2020-10-23 10:03:01'),
(4269, 2.00, 5, 416, '2020-10-14 02:21:59', '2020-10-23 10:03:00'),
(4270, 2.00, 5, 416, '2020-10-14 02:22:01', '2020-10-23 10:03:00'),
(4271, 2.00, 5, 416, '2020-10-14 02:22:04', '2020-10-23 10:03:00'),
(4272, 2.00, 5, 416, '2020-10-14 02:22:07', '2020-10-23 10:02:59'),
(4273, 0.00, 5, 417, '2020-10-14 02:25:03', '2020-10-14 02:25:03'),
(4274, 2.00, 5, 417, '2020-10-14 02:27:20', '2020-10-23 10:58:03'),
(4275, 2.00, 5, 417, '2020-10-14 02:27:22', '2020-10-23 10:58:03'),
(4276, 2.00, 5, 417, '2020-10-14 02:27:24', '2020-10-23 10:58:02'),
(4277, 2.00, 5, 417, '2020-10-14 02:27:27', '2020-10-23 10:58:02'),
(4278, 2.00, 5, 417, '2020-10-14 02:27:30', '2020-10-23 10:58:01'),
(4279, 2.00, 5, 417, '2020-10-14 02:27:32', '2020-10-23 10:58:01'),
(4280, 2.00, 5, 417, '2020-10-14 02:27:35', '2020-10-23 10:58:00'),
(4281, 2.00, 5, 417, '2020-10-14 02:27:38', '2020-10-23 10:58:00'),
(4282, 2.00, 5, 417, '2020-10-14 02:27:41', '2020-10-23 10:57:59'),
(4283, 2.00, 5, 417, '2020-10-14 02:27:44', '2020-10-23 10:57:59'),
(4284, 2.00, 5, 417, '2020-10-14 02:27:47', '2020-10-23 10:57:59'),
(4285, 2.00, 5, 417, '2020-10-14 02:29:25', '2020-10-23 10:57:58'),
(4286, 2.00, 5, 417, '2020-10-14 02:34:57', '2020-10-23 10:57:58'),
(4287, 2.00, 5, 417, '2020-10-14 02:34:57', '2020-10-23 10:57:57'),
(4288, 2.00, 5, 417, '2020-10-14 02:34:58', '2020-10-23 10:57:51'),
(4289, 2.00, 5, 417, '2020-10-14 02:34:58', '2020-10-23 10:57:50'),
(4290, 2.00, 5, 417, '2020-10-14 02:34:59', '2020-10-23 10:57:49'),
(4291, 2.00, 5, 417, '2020-10-14 02:35:00', '2020-10-23 10:57:49'),
(4292, 2.00, 5, 417, '2020-10-14 02:35:00', '2020-10-23 10:57:49'),
(4293, 2.00, 5, 417, '2020-10-14 02:35:01', '2020-10-23 10:57:48'),
(4294, 2.00, 5, 417, '2020-10-14 02:35:02', '2020-10-23 10:57:48'),
(4295, 2.00, 5, 417, '2020-10-14 02:35:03', '2020-10-23 10:57:47'),
(4296, 2.00, 5, 417, '2020-10-14 02:35:04', '2020-10-23 10:57:47'),
(4301, 0.00, 5, 418, '2020-10-14 02:41:27', '2020-10-14 02:41:27'),
(4302, 0.00, 5, 418, '2020-10-14 02:42:41', '2020-10-14 02:42:41'),
(4303, 0.00, 5, 418, '2020-10-14 02:42:41', '2020-10-14 02:42:41'),
(4304, 0.00, 5, 418, '2020-10-14 02:42:42', '2020-10-14 02:42:42'),
(4305, 0.00, 5, 418, '2020-10-14 02:42:43', '2020-10-14 02:42:43'),
(4306, 0.00, 5, 418, '2020-10-14 02:43:03', '2020-10-14 02:43:03'),
(4307, 0.00, 5, 418, '2020-10-14 02:43:03', '2020-10-14 02:43:03'),
(4308, 0.00, 5, 418, '2020-10-14 02:43:48', '2020-10-14 02:43:48'),
(4309, 0.00, 5, 418, '2020-10-14 02:43:48', '2020-10-14 02:43:48'),
(4310, 0.00, 5, 418, '2020-10-14 02:43:48', '2020-10-14 02:43:48'),
(4311, 0.00, 5, 418, '2020-10-14 02:43:49', '2020-10-14 02:43:49'),
(4320, 0.00, 5, 418, '2020-10-14 02:46:28', '2020-10-14 02:46:28'),
(4321, 0.00, 5, 418, '2020-10-14 02:46:29', '2020-10-14 02:46:29'),
(4322, 0.00, 5, 418, '2020-10-14 02:46:30', '2020-10-14 02:46:30'),
(4323, 0.00, 5, 418, '2020-10-14 02:46:31', '2020-10-14 02:46:31'),
(4324, 0.00, 5, 418, '2020-10-14 02:46:31', '2020-10-14 02:46:31'),
(4328, 0.00, 5, 419, '2020-10-14 02:51:27', '2020-10-14 02:51:27'),
(4329, 0.00, 5, 419, '2020-10-14 02:53:58', '2020-10-14 02:53:58'),
(4330, 0.00, 5, 419, '2020-10-14 02:53:58', '2020-10-14 02:53:58'),
(4331, 0.00, 5, 419, '2020-10-14 02:53:59', '2020-10-14 02:53:59'),
(4332, 0.00, 5, 419, '2020-10-14 02:53:59', '2020-10-14 02:53:59'),
(4333, 0.00, 5, 419, '2020-10-14 02:54:00', '2020-10-14 02:54:00'),
(4334, 0.00, 5, 419, '2020-10-14 02:54:01', '2020-10-14 02:54:01'),
(4335, 0.00, 5, 419, '2020-10-14 02:54:01', '2020-10-14 02:54:01'),
(4336, 0.00, 5, 419, '2020-10-14 02:54:02', '2020-10-14 02:54:02'),
(4337, 0.00, 5, 419, '2020-10-14 02:54:02', '2020-10-14 02:54:02'),
(4338, 0.00, 5, 419, '2020-10-14 02:54:03', '2020-10-14 02:54:03'),
(4339, 0.00, 5, 419, '2020-10-14 02:54:03', '2020-10-14 02:54:03'),
(4340, 0.00, 5, 419, '2020-10-14 02:54:59', '2020-10-14 02:54:59'),
(4341, 0.00, 5, 419, '2020-10-14 02:55:00', '2020-10-14 02:55:00'),
(4342, 0.00, 5, 419, '2020-10-14 02:55:01', '2020-10-14 02:55:01'),
(4343, 0.00, 5, 419, '2020-10-14 02:55:01', '2020-10-14 02:55:01'),
(4344, 0.00, 5, 419, '2020-10-14 02:55:02', '2020-10-14 02:55:02'),
(4345, 0.00, 5, 419, '2020-10-14 02:56:23', '2020-10-14 02:56:23'),
(4346, 0.00, 5, 419, '2020-10-14 02:56:23', '2020-10-14 02:56:23'),
(4347, 0.00, 5, 419, '2020-10-14 02:56:24', '2020-10-14 02:56:24'),
(4348, 0.00, 5, 419, '2020-10-14 02:56:24', '2020-10-14 02:56:24'),
(4349, 0.00, 5, 419, '2020-10-14 02:56:25', '2020-10-14 02:56:25'),
(4350, 0.00, 5, 419, '2020-10-14 02:56:25', '2020-10-14 02:56:25'),
(4351, 0.00, 5, 419, '2020-10-14 02:56:26', '2020-10-14 02:56:26'),
(4376, 0.00, 5, 420, '2020-10-14 03:23:55', '2020-10-14 03:23:55'),
(4377, 2.00, 5, 420, '2020-10-14 03:24:17', '2020-10-23 10:57:19'),
(4378, 2.00, 5, 420, '2020-10-14 03:24:54', '2020-10-23 10:57:18'),
(4379, 2.00, 5, 420, '2020-10-14 03:25:10', '2020-10-23 10:57:18'),
(4380, 2.00, 5, 420, '2020-10-14 03:25:26', '2020-10-23 10:57:18'),
(4381, 2.00, 5, 420, '2020-10-14 03:25:43', '2020-10-23 10:57:17'),
(4382, 2.00, 5, 420, '2020-10-14 03:26:19', '2020-10-23 10:57:17'),
(4383, 2.00, 5, 420, '2020-10-14 03:26:20', '2020-10-23 10:57:16'),
(4384, 2.00, 5, 420, '2020-10-14 03:26:21', '2020-10-23 10:57:16'),
(4385, 2.00, 5, 420, '2020-10-14 03:26:40', '2020-10-23 10:57:15'),
(4386, 2.00, 5, 420, '2020-10-14 03:27:02', '2020-10-23 10:57:15'),
(4387, 2.00, 5, 420, '2020-10-14 03:28:04', '2020-10-23 10:57:14'),
(4388, 2.00, 5, 420, '2020-10-14 03:28:09', '2020-10-23 10:57:14'),
(4389, 2.00, 5, 420, '2020-10-14 03:28:10', '2020-10-23 10:57:14'),
(4390, 2.00, 5, 420, '2020-10-14 03:28:11', '2020-10-23 10:57:13'),
(4391, 2.00, 5, 420, '2020-10-14 03:28:12', '2020-10-23 10:57:10'),
(4394, 2.00, 5, 420, '2020-10-14 03:29:57', '2020-10-23 10:57:09'),
(4395, 2.00, 5, 420, '2020-10-14 03:29:57', '2020-10-23 10:57:09'),
(4396, 2.00, 5, 420, '2020-10-14 03:29:59', '2020-10-23 10:57:08'),
(4397, 2.00, 5, 420, '2020-10-14 03:30:00', '2020-10-23 10:57:08'),
(4398, 2.00, 5, 420, '2020-10-14 03:30:01', '2020-10-23 10:57:07'),
(4399, 2.00, 5, 420, '2020-10-14 03:30:02', '2020-10-23 10:57:07'),
(4400, 2.00, 5, 420, '2020-10-14 03:30:02', '2020-10-23 10:57:07'),
(4401, 2.00, 5, 420, '2020-10-14 03:30:04', '2020-10-23 10:57:07'),
(4402, 0.00, 5, 418, '2020-10-14 03:32:35', '2020-10-14 03:32:35'),
(4403, 0.00, 5, 418, '2020-10-14 03:32:36', '2020-10-14 03:32:36'),
(4404, 0.00, 5, 418, '2020-10-14 03:32:37', '2020-10-14 03:32:37'),
(4405, 0.00, 5, 418, '2020-10-14 03:32:39', '2020-10-14 03:32:39'),
(4406, 0.00, 5, 418, '2020-10-14 03:32:41', '2020-10-14 03:32:41'),
(4407, 0.00, 5, 418, '2020-10-14 03:32:43', '2020-10-14 03:32:43'),
(4408, 0.00, 5, 418, '2020-10-14 03:32:44', '2020-10-14 03:32:44'),
(4409, 0.00, 5, 418, '2020-10-14 03:32:46', '2020-10-14 03:32:46'),
(4410, 0.00, 5, 421, '2020-10-14 03:45:34', '2020-10-14 03:45:34'),
(4411, 2.00, 5, 421, '2020-10-14 03:46:41', '2020-10-23 10:06:20'),
(4412, 2.00, 5, 421, '2020-10-14 03:46:41', '2020-10-23 10:06:21'),
(4413, 2.00, 5, 421, '2020-10-14 03:46:42', '2020-10-23 10:06:21'),
(4414, 2.00, 5, 421, '2020-10-14 03:47:04', '2020-10-23 10:06:21'),
(4415, 2.00, 5, 421, '2020-10-14 03:47:21', '2020-10-23 10:06:21'),
(4416, 2.00, 5, 421, '2020-10-14 03:47:37', '2020-10-23 10:06:22'),
(4417, 2.00, 5, 421, '2020-10-14 03:47:54', '2020-10-23 10:06:23'),
(4418, 2.00, 5, 421, '2020-10-14 04:22:56', '2020-10-23 10:06:23'),
(4419, 2.00, 5, 421, '2020-10-14 04:22:57', '2020-10-23 10:06:23'),
(4420, 2.00, 5, 421, '2020-10-14 04:25:15', '2020-10-23 10:06:24'),
(4421, 2.00, 5, 421, '2020-10-14 04:25:16', '2020-10-23 10:06:24'),
(4422, 2.00, 5, 421, '2020-10-14 04:25:17', '2020-10-23 10:06:25'),
(4423, 2.00, 5, 421, '2020-10-14 04:25:18', '2020-10-23 10:06:25'),
(4424, 2.00, 5, 421, '2020-10-14 04:25:19', '2020-10-23 10:06:26'),
(4425, 2.00, 5, 421, '2020-10-14 04:25:20', '2020-10-23 10:06:26'),
(4426, 2.00, 5, 421, '2020-10-14 04:25:21', '2020-10-23 10:06:34'),
(4427, 2.00, 5, 421, '2020-10-14 04:25:21', '2020-10-23 10:06:34'),
(4428, 2.00, 5, 421, '2020-10-14 04:25:22', '2020-10-23 10:06:33'),
(4429, 2.00, 5, 421, '2020-10-14 04:25:23', '2020-10-23 10:06:32'),
(4430, 2.00, 5, 421, '2020-10-14 04:26:34', '2020-10-23 10:06:32'),
(4431, 2.00, 5, 421, '2020-10-14 04:26:35', '2020-10-23 10:06:32'),
(4432, 2.00, 5, 421, '2020-10-14 04:26:36', '2020-10-23 10:06:31'),
(4433, 2.00, 5, 421, '2020-10-14 04:26:36', '2020-10-23 10:06:31'),
(4434, 0.00, 5, 422, '2020-10-14 04:33:14', '2020-10-14 04:33:14'),
(4435, 2.00, 5, 422, '2020-10-14 04:39:24', '2020-10-23 10:07:10'),
(4436, 2.00, 5, 422, '2020-10-14 04:39:25', '2020-10-23 10:07:12'),
(4437, 2.00, 5, 422, '2020-10-14 04:39:26', '2020-10-23 10:07:11'),
(4438, 2.00, 5, 422, '2020-10-14 04:39:27', '2020-10-23 10:07:12'),
(4439, 2.00, 5, 422, '2020-10-14 04:39:28', '2020-10-23 10:07:12'),
(4440, 2.00, 5, 422, '2020-10-14 04:39:32', '2020-10-23 10:07:13'),
(4441, 2.00, 5, 422, '2020-10-14 04:39:50', '2020-10-23 10:07:13'),
(4442, 2.00, 5, 422, '2020-10-14 04:39:51', '2020-10-23 10:07:13'),
(4443, 2.00, 5, 422, '2020-10-14 04:39:52', '2020-10-23 10:07:06'),
(4444, 2.00, 5, 422, '2020-10-14 04:39:53', '2020-10-23 10:07:14'),
(4445, 2.00, 5, 422, '2020-10-14 04:39:54', '2020-10-23 10:07:05'),
(4446, 2.00, 5, 422, '2020-10-14 04:39:55', '2020-10-23 10:07:04'),
(4447, 2.00, 5, 422, '2020-10-14 04:39:56', '2020-10-23 10:07:04'),
(4448, 2.00, 5, 422, '2020-10-14 04:39:57', '2020-10-23 10:07:03'),
(4449, 2.00, 5, 422, '2020-10-14 04:40:00', '2020-10-23 10:07:03'),
(4450, 2.00, 5, 422, '2020-10-14 04:40:01', '2020-10-23 10:07:02'),
(4451, 2.00, 5, 422, '2020-10-14 04:40:48', '2020-10-23 10:07:01'),
(4452, 2.00, 5, 422, '2020-10-14 04:40:49', '2020-10-23 10:07:01'),
(4453, 2.00, 5, 422, '2020-10-14 04:40:51', '2020-10-23 10:07:00'),
(4454, 2.00, 5, 422, '2020-10-14 04:40:52', '2020-10-23 10:07:00'),
(4455, 2.00, 5, 422, '2020-10-14 04:40:53', '2020-10-23 10:06:59'),
(4456, 2.00, 5, 422, '2020-10-14 04:40:54', '2020-10-23 10:06:59'),
(4457, 2.00, 5, 422, '2020-10-14 04:40:55', '2020-10-23 10:06:58'),
(4458, 0.00, 5, 423, '2020-10-14 04:48:01', '2020-10-14 04:48:01'),
(4459, 2.00, 5, 423, '2020-10-14 04:48:42', '2020-10-20 13:49:32'),
(4460, 2.00, 5, 423, '2020-10-14 04:48:43', '2020-10-20 13:49:33'),
(4461, 2.00, 5, 423, '2020-10-14 04:48:44', '2020-10-20 13:49:33'),
(4462, 2.00, 5, 423, '2020-10-14 04:49:30', '2020-10-20 13:49:34'),
(4463, 2.00, 5, 423, '2020-10-14 04:49:31', '2020-10-20 13:49:34'),
(4464, 2.00, 5, 423, '2020-10-14 04:49:32', '2020-10-20 13:49:35'),
(4465, 2.00, 5, 423, '2020-10-14 04:56:00', '2020-10-20 13:49:35'),
(4466, 2.00, 5, 423, '2020-10-14 04:56:01', '2020-10-20 13:49:36'),
(4467, 2.00, 5, 423, '2020-10-14 04:56:01', '2020-10-20 13:49:36'),
(4468, 2.00, 5, 423, '2020-10-14 04:56:11', '2020-10-20 13:49:37'),
(4469, 2.00, 5, 423, '2020-10-14 04:56:18', '2020-10-20 13:49:37'),
(4470, 2.00, 5, 423, '2020-10-14 04:56:19', '2020-10-20 13:49:38'),
(4471, 2.00, 5, 423, '2020-10-14 04:56:20', '2020-10-20 13:49:39'),
(4472, 2.00, 5, 423, '2020-10-14 04:56:21', '2020-10-20 13:49:40'),
(4473, 2.00, 5, 423, '2020-10-14 04:57:45', '2020-10-20 13:49:25'),
(4474, 2.00, 5, 423, '2020-10-14 04:57:46', '2020-10-20 13:49:24'),
(4475, 2.00, 5, 423, '2020-10-14 04:57:48', '2020-10-20 13:49:23'),
(4476, 2.00, 5, 423, '2020-10-14 04:59:07', '2020-10-20 13:49:22'),
(4477, 2.00, 5, 423, '2020-10-14 04:59:08', '2020-10-20 13:49:22'),
(4478, 2.00, 5, 423, '2020-10-14 04:59:09', '2020-10-20 13:49:21'),
(4479, 2.00, 5, 423, '2020-10-14 04:59:10', '2020-10-20 13:49:20'),
(4480, 2.00, 5, 423, '2020-10-14 04:59:11', '2020-10-20 13:49:20'),
(4481, 2.00, 5, 423, '2020-10-14 04:59:12', '2020-10-20 13:49:19'),
(4482, 0.00, 5, 424, '2020-10-14 05:06:04', '2020-10-14 05:06:04'),
(4483, 2.00, 5, 424, '2020-10-14 05:06:56', '2020-10-23 10:07:46'),
(4484, 2.00, 5, 424, '2020-10-14 05:06:57', '2020-10-23 10:07:47'),
(4485, 2.00, 5, 424, '2020-10-14 05:08:01', '2020-10-23 10:07:47'),
(4486, 2.00, 5, 424, '2020-10-14 05:08:02', '2020-10-23 10:07:48'),
(4487, 2.00, 5, 424, '2020-10-14 05:08:03', '2020-10-23 10:07:48'),
(4488, 2.00, 5, 424, '2020-10-14 05:08:04', '2020-10-23 10:07:48'),
(4489, 2.00, 5, 424, '2020-10-14 05:08:05', '2020-10-23 10:07:49'),
(4490, 2.00, 5, 424, '2020-10-14 05:08:06', '2020-10-23 10:07:49'),
(4491, 2.00, 5, 424, '2020-10-14 05:11:38', '2020-10-23 10:07:50'),
(4492, 2.00, 5, 424, '2020-10-14 05:11:38', '2020-10-23 10:07:50'),
(4493, 2.00, 5, 424, '2020-10-14 05:11:39', '2020-10-23 10:07:51'),
(4494, 2.00, 5, 424, '2020-10-14 05:11:40', '2020-10-23 10:07:51'),
(4495, 2.00, 5, 424, '2020-10-14 05:11:41', '2020-10-23 10:08:02'),
(4496, 2.00, 5, 424, '2020-10-14 05:11:44', '2020-10-23 10:08:01'),
(4497, 2.00, 5, 424, '2020-10-14 05:11:45', '2020-10-23 10:08:01'),
(4498, 2.00, 5, 424, '2020-10-14 05:11:46', '2020-10-23 10:08:01'),
(4499, 2.00, 5, 424, '2020-10-14 05:11:46', '2020-10-23 10:08:00'),
(4500, 2.00, 5, 424, '2020-10-14 05:11:47', '2020-10-23 10:07:59'),
(4501, 2.00, 5, 424, '2020-10-14 05:11:48', '2020-10-23 10:07:59'),
(4502, 2.00, 5, 424, '2020-10-14 05:11:49', '2020-10-23 10:07:59'),
(4503, 2.00, 5, 424, '2020-10-14 05:11:50', '2020-10-23 10:07:58'),
(4504, 2.00, 5, 424, '2020-10-14 05:11:50', '2020-10-23 10:07:58'),
(4505, 2.00, 5, 424, '2020-10-14 05:11:51', '2020-10-23 10:07:57'),
(4506, 0.00, 5, 425, '2020-10-14 05:25:16', '2020-10-14 05:25:16'),
(4507, 2.00, 5, 425, '2020-10-14 05:27:03', '2020-10-23 10:08:42'),
(4508, 2.00, 5, 425, '2020-10-14 05:27:04', '2020-10-23 10:08:42'),
(4509, 2.00, 5, 425, '2020-10-14 05:27:04', '2020-10-23 10:08:41'),
(4510, 2.00, 5, 425, '2020-10-14 05:27:05', '2020-10-23 10:08:41'),
(4511, 2.00, 5, 425, '2020-10-14 05:27:06', '2020-10-23 10:08:40'),
(4512, 2.00, 5, 425, '2020-10-14 05:27:07', '2020-10-23 10:08:40'),
(4513, 2.00, 5, 425, '2020-10-14 05:27:07', '2020-10-23 10:08:39'),
(4514, 2.00, 5, 425, '2020-10-14 05:27:08', '2020-10-23 10:08:39'),
(4515, 2.00, 5, 425, '2020-10-14 05:27:09', '2020-10-23 10:08:51'),
(4516, 2.00, 5, 425, '2020-10-14 05:27:10', '2020-10-23 10:08:50'),
(4517, 2.00, 5, 425, '2020-10-14 05:29:40', '2020-10-23 10:08:50'),
(4518, 2.00, 5, 425, '2020-10-14 05:29:41', '2020-10-23 10:08:49'),
(4519, 2.00, 5, 425, '2020-10-14 05:29:42', '2020-10-23 10:08:49'),
(4520, 2.00, 5, 425, '2020-10-14 05:29:43', '2020-10-23 10:08:48'),
(4521, 2.00, 5, 425, '2020-10-14 05:29:44', '2020-10-23 10:08:48'),
(4522, 2.00, 5, 425, '2020-10-14 05:29:44', '2020-10-23 10:08:47'),
(4523, 2.00, 5, 425, '2020-10-14 05:29:46', '2020-10-23 10:08:47'),
(4524, 2.00, 5, 425, '2020-10-14 05:29:47', '2020-10-23 10:08:46'),
(4525, 2.00, 5, 425, '2020-10-14 05:29:47', '2020-10-23 10:08:46'),
(4526, 2.00, 5, 425, '2020-10-14 05:29:48', '2020-10-23 10:08:45'),
(4527, 2.00, 5, 425, '2020-10-14 05:29:49', '2020-10-23 10:08:45'),
(4528, 2.00, 5, 425, '2020-10-14 05:29:50', '2020-10-23 10:08:45'),
(4529, 2.00, 5, 425, '2020-10-14 05:29:51', '2020-10-23 10:08:44'),
(4530, 0.00, 5, 426, '2020-10-15 02:15:50', '2020-10-15 02:15:50'),
(4531, 2.00, 5, 426, '2020-10-15 02:16:50', '2020-10-23 10:09:47'),
(4532, 2.00, 5, 426, '2020-10-15 02:16:51', '2020-10-23 10:09:46'),
(4533, 2.00, 5, 426, '2020-10-15 02:16:52', '2020-10-23 10:09:40'),
(4534, 2.00, 5, 426, '2020-10-15 02:16:53', '2020-10-23 10:09:39'),
(4535, 2.00, 5, 426, '2020-10-15 02:17:41', '2020-10-23 10:09:38'),
(4536, 2.00, 5, 426, '2020-10-15 02:17:42', '2020-10-23 10:09:38'),
(4537, 2.00, 5, 426, '2020-10-15 02:17:43', '2020-10-23 10:09:37'),
(4538, 2.00, 5, 426, '2020-10-15 02:17:50', '2020-10-23 10:09:37');
